{"id":4649,"date":"2023-04-05T20:01:50","date_gmt":"2023-04-05T18:01:50","guid":{"rendered":"https:\/\/legrenierdelatour.be\/brocante\/?post_type=product&#038;p=4649"},"modified":"2025-05-13T11:50:39","modified_gmt":"2025-05-13T09:50:39","slug":"assiette-groupement-folklorique-de-la-ville-darlon-villeroy-boch","status":"publish","type":"product","link":"https:\/\/legrenierdelatour.be\/brocante\/produit\/assiette-groupement-folklorique-de-la-ville-darlon-villeroy-boch\/","title":{"rendered":"Assiette Groupement Folklorique de la Ville d&rsquo;Arlon, Villeroy &#038; Boch"},"content":{"rendered":"<p>Belle assiette (20,5 cm de c\u00f4t\u00e9) \u00e9dit\u00e9e par le Groupement Folklorique de la ville d\u2019Arlon, en \u00e9dition limit\u00e9e. Elle est num\u00e9rot\u00e9e 89. L\u2019assiette en parfait \u00e9tat a \u00e9t\u00e9 produite par Villeroy et Boch Luxembourg, et \u00e9dit\u00e9e l&rsquo;occasion des f\u00eates du Maitrank le 5 mai 1958.<\/p>\n<p>Un deuxi\u00e8me exemplaire est disponible, portant le num\u00e9ro 75.<\/p>\n<div>R\u00e9f 19.7<\/div>\n","protected":false},"excerpt":{"rendered":"<p>Belle assiette (20,5 cm de c\u00f4t\u00e9) \u00e9dit\u00e9e par le Groupement Folklorique de la ville d\u2019Arlon, en \u00e9dition limit\u00e9e. Elle est num\u00e9rot\u00e9e 89. L\u2019assiette en parfait \u00e9tat a \u00e9t\u00e9 produite par Villeroy et Boch Luxembourg, et \u00e9dit\u00e9e l&rsquo;occasion des f\u00eates du Maitrank le 5 mai 1958. Un deuxi\u00e8me exemplaire est disponible, portant le num\u00e9ro 75. R\u00e9f&hellip;&nbsp;<a href=\"https:\/\/legrenierdelatour.be\/brocante\/produit\/assiette-groupement-folklorique-de-la-ville-darlon-villeroy-boch\/\" class=\"\" rel=\"bookmark\">Lire la suite &raquo;<span class=\"screen-reader-text\">Assiette Groupement Folklorique de la Ville d&rsquo;Arlon, Villeroy &#038; Boch<\/span><\/a><\/p>\n","protected":false},"featured_media":4650,"comment_status":"open","ping_status":"closed","template":"","meta":{"neve_meta_sidebar":"","neve_meta_container":"","neve_meta_enable_content_width":"off","neve_meta_content_width":100,"neve_meta_title_alignment":"","neve_meta_author_avatar":"","neve_post_elements_order":"","neve_meta_disable_header":"","neve_meta_disable_footer":"","neve_meta_disable_title":""},"product_brand":[],"product_cat":[16,165,30,31,29],"product_tag":[40,112,32,28],"class_list":{"0":"post-4649","1":"product","2":"type-product","3":"status-publish","4":"has-post-thumbnail","6":"product_cat-ceramique","7":"product_cat-luxembourg","8":"product_cat-luxemburgensia","9":"product_cat-pays-darlon","10":"product_cat-villeroy-boch","11":"product_tag-belgique","12":"product_tag-pays-darlon","13":"product_tag-villeroy-et-boch","14":"product_tag-vintage","16":"first","17":"instock","18":"shipping-taxable","19":"purchasable","20":"product-type-simple"},"_links":{"self":[{"href":"https:\/\/legrenierdelatour.be\/brocante\/wp-json\/wp\/v2\/product\/4649","targetHints":{"allow":["GET"]}}],"collection":[{"href":"https:\/\/legrenierdelatour.be\/brocante\/wp-json\/wp\/v2\/product"}],"about":[{"href":"https:\/\/legrenierdelatour.be\/brocante\/wp-json\/wp\/v2\/types\/product"}],"replies":[{"embeddable":true,"href":"https:\/\/legrenierdelatour.be\/brocante\/wp-json\/wp\/v2\/comments?post=4649"}],"wp:featuredmedia":[{"embeddable":true,"href":"https:\/\/legrenierdelatour.be\/brocante\/wp-json\/wp\/v2\/media\/4650"}],"wp:attachment":[{"href":"https:\/\/legrenierdelatour.be\/brocante\/wp-json\/wp\/v2\/media?parent=4649"}],"wp:term":[{"taxonomy":"product_brand","embeddable":true,"href":"https:\/\/legrenierdelatour.be\/brocante\/wp-json\/wp\/v2\/product_brand?post=4649"},{"taxonomy":"product_cat","embeddable":true,"href":"https:\/\/legrenierdelatour.be\/brocante\/wp-json\/wp\/v2\/product_cat?post=4649"},{"taxonomy":"product_tag","embeddable":true,"href":"https:\/\/legrenierdelatour.be\/brocante\/wp-json\/wp\/v2\/product_tag?post=4649"}],"curies":[{"name":"wp","href":"https:\/\/api.w.org\/{rel}","templated":true}]}}