{"id":4645,"date":"2023-04-05T19:53:29","date_gmt":"2023-04-05T17:53:29","guid":{"rendered":"https:\/\/legrenierdelatour.be\/brocante\/?post_type=product&#038;p=4645"},"modified":"2023-04-05T19:53:30","modified_gmt":"2023-04-05T17:53:30","slug":"pichet-sylvain-sttublet-art-deco","status":"publish","type":"product","link":"https:\/\/legrenierdelatour.be\/brocante\/produit\/pichet-sylvain-sttublet-art-deco\/","title":{"rendered":"Pichet Sylvain Sttublet Art d\u00e9co"},"content":{"rendered":"<p>Beau pichet (14 cm de haut hors anse) de l\u2019artiste Sylvain Sttublet (1890-1985) num\u00e9rot\u00e9e 15\/?. Elle est dans un \u00e9tat impeccable. Ce c\u00e9ramiste belge Art d\u00e9co travailla \u00e9troitement avec Ernest Patris (1909-1981). Ce pichet date sans doute des ann\u00e9es 1930.<\/p>\n<div>R\u00e9f 19.6<\/div>\n","protected":false},"excerpt":{"rendered":"<p>Beau pichet (14 cm de haut hors anse) de l\u2019artiste Sylvain Sttublet (1890-1985) num\u00e9rot\u00e9e 15\/?. Elle est dans un \u00e9tat impeccable. Ce c\u00e9ramiste belge Art d\u00e9co travailla \u00e9troitement avec Ernest Patris (1909-1981). Ce pichet date sans doute des ann\u00e9es 1930. R\u00e9f 19.6<\/p>\n","protected":false},"featured_media":4646,"comment_status":"open","ping_status":"closed","template":"","meta":{"neve_meta_sidebar":"","neve_meta_container":"","neve_meta_enable_content_width":"off","neve_meta_content_width":100,"neve_meta_title_alignment":"","neve_meta_author_avatar":"","neve_post_elements_order":"","neve_meta_disable_header":"","neve_meta_disable_footer":"","neve_meta_disable_title":""},"product_brand":[],"product_cat":[37,16],"product_tag":[21,40,113],"class_list":{"0":"post-4645","1":"product","2":"type-product","3":"status-publish","4":"has-post-thumbnail","6":"product_cat-belgique","7":"product_cat-ceramique","8":"product_tag-art-deco","9":"product_tag-belgique","10":"product_tag-gres","12":"first","13":"instock","14":"shipping-taxable","15":"purchasable","16":"product-type-simple"},"_links":{"self":[{"href":"https:\/\/legrenierdelatour.be\/brocante\/wp-json\/wp\/v2\/product\/4645","targetHints":{"allow":["GET"]}}],"collection":[{"href":"https:\/\/legrenierdelatour.be\/brocante\/wp-json\/wp\/v2\/product"}],"about":[{"href":"https:\/\/legrenierdelatour.be\/brocante\/wp-json\/wp\/v2\/types\/product"}],"replies":[{"embeddable":true,"href":"https:\/\/legrenierdelatour.be\/brocante\/wp-json\/wp\/v2\/comments?post=4645"}],"wp:featuredmedia":[{"embeddable":true,"href":"https:\/\/legrenierdelatour.be\/brocante\/wp-json\/wp\/v2\/media\/4646"}],"wp:attachment":[{"href":"https:\/\/legrenierdelatour.be\/brocante\/wp-json\/wp\/v2\/media?parent=4645"}],"wp:term":[{"taxonomy":"product_brand","embeddable":true,"href":"https:\/\/legrenierdelatour.be\/brocante\/wp-json\/wp\/v2\/product_brand?post=4645"},{"taxonomy":"product_cat","embeddable":true,"href":"https:\/\/legrenierdelatour.be\/brocante\/wp-json\/wp\/v2\/product_cat?post=4645"},{"taxonomy":"product_tag","embeddable":true,"href":"https:\/\/legrenierdelatour.be\/brocante\/wp-json\/wp\/v2\/product_tag?post=4645"}],"curies":[{"name":"wp","href":"https:\/\/api.w.org\/{rel}","templated":true}]}}