{"id":4560,"date":"2023-03-12T16:58:52","date_gmt":"2023-03-12T15:58:52","guid":{"rendered":"https:\/\/legrenierdelatour.be\/brocante\/?post_type=product&#038;p=4560"},"modified":"2025-08-04T10:46:47","modified_gmt":"2025-08-04T08:46:47","slug":"tasses-oxo","status":"publish","type":"product","link":"https:\/\/legrenierdelatour.be\/brocante\/produit\/tasses-oxo\/","title":{"rendered":"Tasse OXO, vintage"},"content":{"rendered":"<p>Tasses \u00e0 soupe (9,5 cm de haut), tasses publicitaires de la marque OXO. Elles sont en parfait \u00e9tat et datent sans doute des ann\u00e9es 1970.<\/p>\n<div>8 exemplaires jaune p\u00e2le sont disponibles.<\/div>\n<div>Elles sont vendues \u00e0 l\u2019unit\u00e9 pour 6\u20ac pi\u00e8ce.<\/div>\n<div>R\u00e9f 18.69<\/div>\n","protected":false},"excerpt":{"rendered":"<p>Tasses \u00e0 soupe (9,5 cm de haut), tasses publicitaires de la marque OXO. Elles sont en parfait \u00e9tat et datent sans doute des ann\u00e9es 1970. 8 exemplaires jaune p\u00e2le sont disponibles. Elles sont vendues \u00e0 l\u2019unit\u00e9 pour 6\u20ac pi\u00e8ce. R\u00e9f 18.69<\/p>\n","protected":false},"featured_media":6983,"comment_status":"open","ping_status":"closed","template":"","meta":{"neve_meta_sidebar":"","neve_meta_container":"","neve_meta_enable_content_width":"off","neve_meta_content_width":100,"neve_meta_title_alignment":"","neve_meta_author_avatar":"","neve_post_elements_order":"","neve_meta_disable_header":"","neve_meta_disable_footer":"","neve_meta_disable_title":""},"product_brand":[],"product_cat":[172,16],"product_tag":[19,28],"class_list":{"0":"post-4560","1":"product","2":"type-product","3":"status-publish","4":"has-post-thumbnail","6":"product_cat-en-cuisine","7":"product_cat-ceramique","8":"product_tag-faience","9":"product_tag-vintage","11":"first","12":"instock","13":"shipping-taxable","14":"purchasable","15":"product-type-simple"},"_links":{"self":[{"href":"https:\/\/legrenierdelatour.be\/brocante\/wp-json\/wp\/v2\/product\/4560","targetHints":{"allow":["GET"]}}],"collection":[{"href":"https:\/\/legrenierdelatour.be\/brocante\/wp-json\/wp\/v2\/product"}],"about":[{"href":"https:\/\/legrenierdelatour.be\/brocante\/wp-json\/wp\/v2\/types\/product"}],"replies":[{"embeddable":true,"href":"https:\/\/legrenierdelatour.be\/brocante\/wp-json\/wp\/v2\/comments?post=4560"}],"wp:featuredmedia":[{"embeddable":true,"href":"https:\/\/legrenierdelatour.be\/brocante\/wp-json\/wp\/v2\/media\/6983"}],"wp:attachment":[{"href":"https:\/\/legrenierdelatour.be\/brocante\/wp-json\/wp\/v2\/media?parent=4560"}],"wp:term":[{"taxonomy":"product_brand","embeddable":true,"href":"https:\/\/legrenierdelatour.be\/brocante\/wp-json\/wp\/v2\/product_brand?post=4560"},{"taxonomy":"product_cat","embeddable":true,"href":"https:\/\/legrenierdelatour.be\/brocante\/wp-json\/wp\/v2\/product_cat?post=4560"},{"taxonomy":"product_tag","embeddable":true,"href":"https:\/\/legrenierdelatour.be\/brocante\/wp-json\/wp\/v2\/product_tag?post=4560"}],"curies":[{"name":"wp","href":"https:\/\/api.w.org\/{rel}","templated":true}]}}