{"id":4508,"date":"2023-03-09T19:11:17","date_gmt":"2023-03-09T18:11:17","guid":{"rendered":"https:\/\/legrenierdelatour.be\/brocante\/?post_type=product&#038;p=4508"},"modified":"2025-09-14T14:05:49","modified_gmt":"2025-09-14T12:05:49","slug":"assiette-de-wasmuel-en-barbotine-oiseau-de-paradis","status":"publish","type":"product","link":"https:\/\/legrenierdelatour.be\/brocante\/produit\/assiette-de-wasmuel-en-barbotine-oiseau-de-paradis\/","title":{"rendered":"Assiette de Wasmu\u00ebl en barbotine, Oiseau de Paradis"},"content":{"rendered":"<p>Assiette \u00e0 l\u2019Oiseau de Paradis (21 cm de diam\u00e8tre) en barbotine. Elle a \u00e9t\u00e9 produite par la manufacture de Wasmuel (1834-1951) et date de 1920 plus ou moins, d\u2019apr\u00e8s le cachet dessous. Elle est en assez bon \u00e9tat, un petit d\u00e9faut dans l\u2019\u00e9mail est cependant pr\u00e9sent.<\/p>\n<div>R\u00e9f 18.55<\/div>\n","protected":false},"excerpt":{"rendered":"<p>Assiette \u00e0 l\u2019Oiseau de Paradis (21 cm de diam\u00e8tre) en barbotine. Elle a \u00e9t\u00e9 produite par la manufacture de Wasmuel (1834-1951) et date de 1920 plus ou moins, d\u2019apr\u00e8s le cachet dessous. Elle est en assez bon \u00e9tat, un petit d\u00e9faut dans l\u2019\u00e9mail est cependant pr\u00e9sent. R\u00e9f 18.55<\/p>\n","protected":false},"featured_media":4509,"comment_status":"open","ping_status":"closed","template":"","meta":{"neve_meta_sidebar":"","neve_meta_container":"","neve_meta_enable_content_width":"off","neve_meta_content_width":100,"neve_meta_title_alignment":"","neve_meta_author_avatar":"","neve_post_elements_order":"","neve_meta_disable_header":"","neve_meta_disable_footer":"","neve_meta_disable_title":""},"product_brand":[],"product_cat":[37,16,178],"product_tag":[40,19,41],"class_list":{"0":"post-4508","1":"product","2":"type-product","3":"status-publish","4":"has-post-thumbnail","6":"product_cat-belgique","7":"product_cat-ceramique","8":"product_cat-waesmuel","9":"product_tag-belgique","10":"product_tag-faience","11":"product_tag-wasmuel","13":"first","14":"instock","15":"shipping-taxable","16":"purchasable","17":"product-type-simple"},"_links":{"self":[{"href":"https:\/\/legrenierdelatour.be\/brocante\/wp-json\/wp\/v2\/product\/4508","targetHints":{"allow":["GET"]}}],"collection":[{"href":"https:\/\/legrenierdelatour.be\/brocante\/wp-json\/wp\/v2\/product"}],"about":[{"href":"https:\/\/legrenierdelatour.be\/brocante\/wp-json\/wp\/v2\/types\/product"}],"replies":[{"embeddable":true,"href":"https:\/\/legrenierdelatour.be\/brocante\/wp-json\/wp\/v2\/comments?post=4508"}],"wp:featuredmedia":[{"embeddable":true,"href":"https:\/\/legrenierdelatour.be\/brocante\/wp-json\/wp\/v2\/media\/4509"}],"wp:attachment":[{"href":"https:\/\/legrenierdelatour.be\/brocante\/wp-json\/wp\/v2\/media?parent=4508"}],"wp:term":[{"taxonomy":"product_brand","embeddable":true,"href":"https:\/\/legrenierdelatour.be\/brocante\/wp-json\/wp\/v2\/product_brand?post=4508"},{"taxonomy":"product_cat","embeddable":true,"href":"https:\/\/legrenierdelatour.be\/brocante\/wp-json\/wp\/v2\/product_cat?post=4508"},{"taxonomy":"product_tag","embeddable":true,"href":"https:\/\/legrenierdelatour.be\/brocante\/wp-json\/wp\/v2\/product_tag?post=4508"}],"curies":[{"name":"wp","href":"https:\/\/api.w.org\/{rel}","templated":true}]}}