{"id":4302,"date":"2023-02-15T10:58:20","date_gmt":"2023-02-15T09:58:20","guid":{"rendered":"https:\/\/legrenierdelatour.be\/brocante\/?post_type=product&#038;p=4302"},"modified":"2023-02-15T10:58:21","modified_gmt":"2023-02-15T09:58:21","slug":"vase-thulin-double-anse-art-deco","status":"publish","type":"product","link":"https:\/\/legrenierdelatour.be\/brocante\/produit\/vase-thulin-double-anse-art-deco\/","title":{"rendered":"Vase Thulin double anse Art D\u00e9co"},"content":{"rendered":"<p>Vase en fa\u00efence (16 cm de haut) issu de la manufacture de Thulin, et datant sans doute des ann\u00e9es 1930-40. Il est en parfait \u00e9tat et porte dessous, l\u2019\u00e9tiquette du vendeur \u00ab\u00a0Moreau Fr\u00e8res Li\u00e8ge\u00a0\u00bb.<\/p>\n<div>R\u00e9f 17.60<\/div>\n","protected":false},"excerpt":{"rendered":"<p>Vase en fa\u00efence (16 cm de haut) issu de la manufacture de Thulin, et datant sans doute des ann\u00e9es 1930-40. Il est en parfait \u00e9tat et porte dessous, l\u2019\u00e9tiquette du vendeur \u00ab\u00a0Moreau Fr\u00e8res Li\u00e8ge\u00a0\u00bb. R\u00e9f 17.60<\/p>\n","protected":false},"featured_media":4303,"comment_status":"open","ping_status":"closed","template":"","meta":{"neve_meta_sidebar":"","neve_meta_container":"","neve_meta_enable_content_width":"off","neve_meta_content_width":100,"neve_meta_title_alignment":"","neve_meta_author_avatar":"","neve_post_elements_order":"","neve_meta_disable_header":"","neve_meta_disable_footer":"","neve_meta_disable_title":""},"product_brand":[],"product_cat":[37,16,177],"product_tag":[21,40,46],"class_list":{"0":"post-4302","1":"product","2":"type-product","3":"status-publish","4":"has-post-thumbnail","6":"product_cat-belgique","7":"product_cat-ceramique","8":"product_cat-thulin","9":"product_tag-art-deco","10":"product_tag-belgique","11":"product_tag-thulin","13":"first","14":"instock","15":"shipping-taxable","16":"purchasable","17":"product-type-simple"},"_links":{"self":[{"href":"https:\/\/legrenierdelatour.be\/brocante\/wp-json\/wp\/v2\/product\/4302","targetHints":{"allow":["GET"]}}],"collection":[{"href":"https:\/\/legrenierdelatour.be\/brocante\/wp-json\/wp\/v2\/product"}],"about":[{"href":"https:\/\/legrenierdelatour.be\/brocante\/wp-json\/wp\/v2\/types\/product"}],"replies":[{"embeddable":true,"href":"https:\/\/legrenierdelatour.be\/brocante\/wp-json\/wp\/v2\/comments?post=4302"}],"wp:featuredmedia":[{"embeddable":true,"href":"https:\/\/legrenierdelatour.be\/brocante\/wp-json\/wp\/v2\/media\/4303"}],"wp:attachment":[{"href":"https:\/\/legrenierdelatour.be\/brocante\/wp-json\/wp\/v2\/media?parent=4302"}],"wp:term":[{"taxonomy":"product_brand","embeddable":true,"href":"https:\/\/legrenierdelatour.be\/brocante\/wp-json\/wp\/v2\/product_brand?post=4302"},{"taxonomy":"product_cat","embeddable":true,"href":"https:\/\/legrenierdelatour.be\/brocante\/wp-json\/wp\/v2\/product_cat?post=4302"},{"taxonomy":"product_tag","embeddable":true,"href":"https:\/\/legrenierdelatour.be\/brocante\/wp-json\/wp\/v2\/product_tag?post=4302"}],"curies":[{"name":"wp","href":"https:\/\/api.w.org\/{rel}","templated":true}]}}