{"id":43,"date":"2022-02-08T15:32:32","date_gmt":"2022-02-08T14:32:32","guid":{"rendered":"https:\/\/legrenierdelatour.be\/brocante\/?post_type=product&#038;p=43"},"modified":"2022-05-19T17:48:48","modified_gmt":"2022-05-19T15:48:48","slug":"assiettes-decor-floral-au-pochoir-boch-la-louviere","status":"publish","type":"product","link":"https:\/\/legrenierdelatour.be\/brocante\/produit\/assiettes-decor-floral-au-pochoir-boch-la-louviere\/","title":{"rendered":"Assiettes, d\u00e9cor floral au pochoir, Boch La Louvi\u00e8re"},"content":{"rendered":"<p>3 assiettes profondes, de 24 cm de diam\u00e8tre, au d\u00e9cor floral r\u00e9alis\u00e9 au pochoir et a\u00e9rographe (Spritzdekor). 1 assiette \u00e0 d\u00e9cor vert et 2 assiettes \u00e0 d\u00e9cor bleu. Tr\u00e8s bon \u00e9tat g\u00e9n\u00e9ral.\u00a01950<\/p>\n<p>Elles sont vendues individuellement \u00e0 10\u20ac pi\u00e8ce.<\/p>\n<p>R\u00e9f 1.8<\/p>\n","protected":false},"excerpt":{"rendered":"<p>3 assiettes profondes, de 24 cm de diam\u00e8tre, au d\u00e9cor floral r\u00e9alis\u00e9 au pochoir et a\u00e9rographe (Spritzdekor). 1 assiette \u00e0 d\u00e9cor vert et 2 assiettes \u00e0 d\u00e9cor bleu. Tr\u00e8s bon \u00e9tat g\u00e9n\u00e9ral.\u00a01950 Elles sont vendues individuellement \u00e0 10\u20ac pi\u00e8ce. R\u00e9f 1.8<\/p>\n","protected":false},"featured_media":56,"comment_status":"open","ping_status":"closed","template":"","meta":{"neve_meta_sidebar":"","neve_meta_container":"","neve_meta_enable_content_width":"off","neve_meta_content_width":100,"neve_meta_title_alignment":"","neve_meta_author_avatar":"","neve_post_elements_order":"","neve_meta_disable_header":"","neve_meta_disable_footer":"","neve_meta_disable_title":""},"product_brand":[],"product_cat":[15,37,175,172,16],"product_tag":[20,19],"class_list":{"0":"post-43","1":"product","2":"type-product","3":"status-publish","4":"has-post-thumbnail","6":"product_cat-non-classe","7":"product_cat-belgique","8":"product_cat-boch","9":"product_cat-en-cuisine","10":"product_cat-ceramique","11":"product_tag-boch","12":"product_tag-faience","14":"first","15":"instock","16":"shipping-taxable","17":"purchasable","18":"product-type-simple"},"_links":{"self":[{"href":"https:\/\/legrenierdelatour.be\/brocante\/wp-json\/wp\/v2\/product\/43","targetHints":{"allow":["GET"]}}],"collection":[{"href":"https:\/\/legrenierdelatour.be\/brocante\/wp-json\/wp\/v2\/product"}],"about":[{"href":"https:\/\/legrenierdelatour.be\/brocante\/wp-json\/wp\/v2\/types\/product"}],"replies":[{"embeddable":true,"href":"https:\/\/legrenierdelatour.be\/brocante\/wp-json\/wp\/v2\/comments?post=43"}],"wp:featuredmedia":[{"embeddable":true,"href":"https:\/\/legrenierdelatour.be\/brocante\/wp-json\/wp\/v2\/media\/56"}],"wp:attachment":[{"href":"https:\/\/legrenierdelatour.be\/brocante\/wp-json\/wp\/v2\/media?parent=43"}],"wp:term":[{"taxonomy":"product_brand","embeddable":true,"href":"https:\/\/legrenierdelatour.be\/brocante\/wp-json\/wp\/v2\/product_brand?post=43"},{"taxonomy":"product_cat","embeddable":true,"href":"https:\/\/legrenierdelatour.be\/brocante\/wp-json\/wp\/v2\/product_cat?post=43"},{"taxonomy":"product_tag","embeddable":true,"href":"https:\/\/legrenierdelatour.be\/brocante\/wp-json\/wp\/v2\/product_tag?post=43"}],"curies":[{"name":"wp","href":"https:\/\/api.w.org\/{rel}","templated":true}]}}