{"id":4299,"date":"2023-02-15T10:28:57","date_gmt":"2023-02-15T09:28:57","guid":{"rendered":"https:\/\/legrenierdelatour.be\/brocante\/?post_type=product&#038;p=4299"},"modified":"2023-02-15T10:28:57","modified_gmt":"2023-02-15T09:28:57","slug":"assiette-de-presentation-genes-digoin","status":"publish","type":"product","link":"https:\/\/legrenierdelatour.be\/brocante\/produit\/assiette-de-presentation-genes-digoin\/","title":{"rendered":"Assiette de pr\u00e9sentation Genes Digoin"},"content":{"rendered":"<p>Grande assiette de pr\u00e9sentation ovale (38x27cm) de la manufacture Digoin de Sarreguemine. Il est en bon \u00e9tat si ce n\u2018est des craquelures d\u2019\u00e2ge. Elle date sans doute des ann\u00e9es 1960 et a le d\u00e9cor \u00ab\u00a0Genes\u00a0\u00bb.<\/p>\n<div>R\u00e9f 17.59<\/div>\n","protected":false},"excerpt":{"rendered":"<p>Grande assiette de pr\u00e9sentation ovale (38x27cm) de la manufacture Digoin de Sarreguemine. Il est en bon \u00e9tat si ce n\u2018est des craquelures d\u2019\u00e2ge. Elle date sans doute des ann\u00e9es 1960 et a le d\u00e9cor \u00ab\u00a0Genes\u00a0\u00bb. R\u00e9f 17.59<\/p>\n","protected":false},"featured_media":4300,"comment_status":"open","ping_status":"closed","template":"","meta":{"neve_meta_sidebar":"","neve_meta_container":"","neve_meta_enable_content_width":"off","neve_meta_content_width":100,"neve_meta_title_alignment":"","neve_meta_author_avatar":"","neve_post_elements_order":"","neve_meta_disable_header":"","neve_meta_disable_footer":"","neve_meta_disable_title":""},"product_brand":[],"product_cat":[172,16,59,198],"product_tag":[19,28],"class_list":{"0":"post-4299","1":"product","2":"type-product","3":"status-publish","4":"has-post-thumbnail","6":"product_cat-en-cuisine","7":"product_cat-ceramique","8":"product_cat-france","9":"product_cat-sarreguemines","10":"product_tag-faience","11":"product_tag-vintage","13":"first","14":"instock","15":"shipping-taxable","16":"purchasable","17":"product-type-simple"},"_links":{"self":[{"href":"https:\/\/legrenierdelatour.be\/brocante\/wp-json\/wp\/v2\/product\/4299","targetHints":{"allow":["GET"]}}],"collection":[{"href":"https:\/\/legrenierdelatour.be\/brocante\/wp-json\/wp\/v2\/product"}],"about":[{"href":"https:\/\/legrenierdelatour.be\/brocante\/wp-json\/wp\/v2\/types\/product"}],"replies":[{"embeddable":true,"href":"https:\/\/legrenierdelatour.be\/brocante\/wp-json\/wp\/v2\/comments?post=4299"}],"wp:featuredmedia":[{"embeddable":true,"href":"https:\/\/legrenierdelatour.be\/brocante\/wp-json\/wp\/v2\/media\/4300"}],"wp:attachment":[{"href":"https:\/\/legrenierdelatour.be\/brocante\/wp-json\/wp\/v2\/media?parent=4299"}],"wp:term":[{"taxonomy":"product_brand","embeddable":true,"href":"https:\/\/legrenierdelatour.be\/brocante\/wp-json\/wp\/v2\/product_brand?post=4299"},{"taxonomy":"product_cat","embeddable":true,"href":"https:\/\/legrenierdelatour.be\/brocante\/wp-json\/wp\/v2\/product_cat?post=4299"},{"taxonomy":"product_tag","embeddable":true,"href":"https:\/\/legrenierdelatour.be\/brocante\/wp-json\/wp\/v2\/product_tag?post=4299"}],"curies":[{"name":"wp","href":"https:\/\/api.w.org\/{rel}","templated":true}]}}