{"id":4170,"date":"2023-02-10T16:29:21","date_gmt":"2023-02-10T15:29:21","guid":{"rendered":"https:\/\/legrenierdelatour.be\/brocante\/?post_type=product&#038;p=4170"},"modified":"2023-02-10T16:29:21","modified_gmt":"2023-02-10T15:29:21","slug":"vase-657-14-bay-vintage","status":"publish","type":"product","link":"https:\/\/legrenierdelatour.be\/brocante\/produit\/vase-657-14-bay-vintage\/","title":{"rendered":"Vase 657-14 Bay Vintage"},"content":{"rendered":"<p>Beau petit vase (14 cm de haut) avec un joli d\u00e9cor mat fleuri vintage. Il est une production de la manufacture Bay (1933-1980) \u00e0 Ransbach Baumbach. Il date des ann\u00e9es 1957-1961 d\u2019apr\u00e8s l\u2019\u00e9tiquette appliqu\u00e9e sur la fa\u00efence.<\/p>\n<div>R\u00e9f 17.08<\/div>\n","protected":false},"excerpt":{"rendered":"<p>Beau petit vase (14 cm de haut) avec un joli d\u00e9cor mat fleuri vintage. Il est une production de la manufacture Bay (1933-1980) \u00e0 Ransbach Baumbach. Il date des ann\u00e9es 1957-1961 d\u2019apr\u00e8s l\u2019\u00e9tiquette appliqu\u00e9e sur la fa\u00efence. R\u00e9f 17.08<\/p>\n","protected":false},"featured_media":4154,"comment_status":"open","ping_status":"closed","template":"","meta":{"neve_meta_sidebar":"","neve_meta_container":"","neve_meta_enable_content_width":"off","neve_meta_content_width":100,"neve_meta_title_alignment":"","neve_meta_author_avatar":"","neve_post_elements_order":"","neve_meta_disable_header":"","neve_meta_disable_footer":"","neve_meta_disable_title":""},"product_brand":[],"product_cat":[48,53,16,47],"product_tag":[51,19,28,49],"class_list":{"0":"post-4170","1":"product","2":"type-product","3":"status-publish","4":"has-post-thumbnail","6":"product_cat-allemagne","7":"product_cat-bay","8":"product_cat-ceramique","9":"product_cat-west-germany","10":"product_tag-bay","11":"product_tag-faience","12":"product_tag-vintage","13":"product_tag-west-germany","15":"first","16":"instock","17":"shipping-taxable","18":"purchasable","19":"product-type-simple"},"_links":{"self":[{"href":"https:\/\/legrenierdelatour.be\/brocante\/wp-json\/wp\/v2\/product\/4170","targetHints":{"allow":["GET"]}}],"collection":[{"href":"https:\/\/legrenierdelatour.be\/brocante\/wp-json\/wp\/v2\/product"}],"about":[{"href":"https:\/\/legrenierdelatour.be\/brocante\/wp-json\/wp\/v2\/types\/product"}],"replies":[{"embeddable":true,"href":"https:\/\/legrenierdelatour.be\/brocante\/wp-json\/wp\/v2\/comments?post=4170"}],"wp:featuredmedia":[{"embeddable":true,"href":"https:\/\/legrenierdelatour.be\/brocante\/wp-json\/wp\/v2\/media\/4154"}],"wp:attachment":[{"href":"https:\/\/legrenierdelatour.be\/brocante\/wp-json\/wp\/v2\/media?parent=4170"}],"wp:term":[{"taxonomy":"product_brand","embeddable":true,"href":"https:\/\/legrenierdelatour.be\/brocante\/wp-json\/wp\/v2\/product_brand?post=4170"},{"taxonomy":"product_cat","embeddable":true,"href":"https:\/\/legrenierdelatour.be\/brocante\/wp-json\/wp\/v2\/product_cat?post=4170"},{"taxonomy":"product_tag","embeddable":true,"href":"https:\/\/legrenierdelatour.be\/brocante\/wp-json\/wp\/v2\/product_tag?post=4170"}],"curies":[{"name":"wp","href":"https:\/\/api.w.org\/{rel}","templated":true}]}}