{"id":4053,"date":"2023-01-24T21:36:42","date_gmt":"2023-01-24T20:36:42","guid":{"rendered":"https:\/\/legrenierdelatour.be\/brocante\/?post_type=product&#038;p=4053"},"modified":"2023-01-24T21:36:42","modified_gmt":"2023-01-24T20:36:42","slug":"eau-fore-la-grande-allee-roger-hebbelinck","status":"publish","type":"product","link":"https:\/\/legrenierdelatour.be\/brocante\/produit\/eau-fore-la-grande-allee-roger-hebbelinck\/","title":{"rendered":"Eau-fore \u00ab\u00a0La Grande All\u00e9e\u00a0\u00bb Roger Hebbelinck"},"content":{"rendered":"<p>Belle eau-forte (41&#215;31 cm cadre compris) intitul\u00e9e \u00ab\u00a0la Grande all\u00e9e\u00a0\u00bb r\u00e9alis\u00e9e par Roger Hebbelinck (1912-1987) un artiste bruxellois (pseudo Belin lorsqu\u2019il r\u00e9alise des eau-fortes de ses coll\u00e8gues V. de Saedeleer et A. Saverys. C\u2019est une tr\u00e8s belle gravure en couleur, sign\u00e9e et num\u00e9rot\u00e9e 67\/350.<\/p>\n<div>R\u00e9f 16.64<\/div>\n","protected":false},"excerpt":{"rendered":"<p>Belle eau-forte (41&#215;31 cm cadre compris) intitul\u00e9e \u00ab\u00a0la Grande all\u00e9e\u00a0\u00bb r\u00e9alis\u00e9e par Roger Hebbelinck (1912-1987) un artiste bruxellois (pseudo Belin lorsqu\u2019il r\u00e9alise des eau-fortes de ses coll\u00e8gues V. de Saedeleer et A. Saverys. C\u2019est une tr\u00e8s belle gravure en couleur, sign\u00e9e et num\u00e9rot\u00e9e 67\/350. R\u00e9f 16.64<\/p>\n","protected":false},"featured_media":4054,"comment_status":"open","ping_status":"closed","template":"","meta":{"neve_meta_sidebar":"","neve_meta_container":"","neve_meta_enable_content_width":"off","neve_meta_content_width":100,"neve_meta_title_alignment":"","neve_meta_author_avatar":"","neve_post_elements_order":"","neve_meta_disable_header":"","neve_meta_disable_footer":"","neve_meta_disable_title":""},"product_brand":[],"product_cat":[167],"product_tag":[79,40],"class_list":{"0":"post-4053","1":"product","2":"type-product","3":"status-publish","4":"has-post-thumbnail","6":"product_cat-peintures-et-sculptures","7":"product_tag-art","8":"product_tag-belgique","10":"first","11":"instock","12":"shipping-taxable","13":"purchasable","14":"product-type-simple"},"_links":{"self":[{"href":"https:\/\/legrenierdelatour.be\/brocante\/wp-json\/wp\/v2\/product\/4053","targetHints":{"allow":["GET"]}}],"collection":[{"href":"https:\/\/legrenierdelatour.be\/brocante\/wp-json\/wp\/v2\/product"}],"about":[{"href":"https:\/\/legrenierdelatour.be\/brocante\/wp-json\/wp\/v2\/types\/product"}],"replies":[{"embeddable":true,"href":"https:\/\/legrenierdelatour.be\/brocante\/wp-json\/wp\/v2\/comments?post=4053"}],"wp:featuredmedia":[{"embeddable":true,"href":"https:\/\/legrenierdelatour.be\/brocante\/wp-json\/wp\/v2\/media\/4054"}],"wp:attachment":[{"href":"https:\/\/legrenierdelatour.be\/brocante\/wp-json\/wp\/v2\/media?parent=4053"}],"wp:term":[{"taxonomy":"product_brand","embeddable":true,"href":"https:\/\/legrenierdelatour.be\/brocante\/wp-json\/wp\/v2\/product_brand?post=4053"},{"taxonomy":"product_cat","embeddable":true,"href":"https:\/\/legrenierdelatour.be\/brocante\/wp-json\/wp\/v2\/product_cat?post=4053"},{"taxonomy":"product_tag","embeddable":true,"href":"https:\/\/legrenierdelatour.be\/brocante\/wp-json\/wp\/v2\/product_tag?post=4053"}],"curies":[{"name":"wp","href":"https:\/\/api.w.org\/{rel}","templated":true}]}}