{"id":3987,"date":"2023-01-17T17:59:55","date_gmt":"2023-01-17T16:59:55","guid":{"rendered":"https:\/\/legrenierdelatour.be\/brocante\/?post_type=product&#038;p=3987"},"modified":"2023-01-17T17:59:56","modified_gmt":"2023-01-17T16:59:56","slug":"vase-en-verre-opale-brf-2","status":"publish","type":"product","link":"https:\/\/legrenierdelatour.be\/brocante\/produit\/vase-en-verre-opale-brf-2\/","title":{"rendered":"Vase en verre opale BRF"},"content":{"rendered":"<p>Vase (24 cm de haut) produit par la firme Bormioli Rocco Figlio (BRF), une manufacture fond\u00e9e en 1825 en Italie. Ce vase porte un d\u00e9cor de roses, n\u00b011, et est en parfait \u00e9tat. Il a \u00e9t\u00e9 produit dans les ann\u00e9es 1950.<\/p>\n<div>R\u00e9f 16.38<\/div>\n","protected":false},"excerpt":{"rendered":"<p>Vase (24 cm de haut) produit par la firme Bormioli Rocco Figlio (BRF), une manufacture fond\u00e9e en 1825 en Italie. Ce vase porte un d\u00e9cor de roses, n\u00b011, et est en parfait \u00e9tat. Il a \u00e9t\u00e9 produit dans les ann\u00e9es 1950. R\u00e9f 16.38<\/p>\n","protected":false},"featured_media":3988,"comment_status":"open","ping_status":"closed","template":"","meta":{"neve_meta_sidebar":"","neve_meta_container":"","neve_meta_enable_content_width":"off","neve_meta_content_width":100,"neve_meta_title_alignment":"","neve_meta_author_avatar":"","neve_post_elements_order":"","neve_meta_disable_header":"","neve_meta_disable_footer":"","neve_meta_disable_title":""},"product_brand":[],"product_cat":[180,22],"product_tag":[28],"class_list":{"0":"post-3987","1":"product","2":"type-product","3":"status-publish","4":"has-post-thumbnail","6":"product_cat-brf-italie","7":"product_cat-verrerie","8":"product_tag-vintage","10":"first","11":"instock","12":"shipping-taxable","13":"purchasable","14":"product-type-simple"},"_links":{"self":[{"href":"https:\/\/legrenierdelatour.be\/brocante\/wp-json\/wp\/v2\/product\/3987","targetHints":{"allow":["GET"]}}],"collection":[{"href":"https:\/\/legrenierdelatour.be\/brocante\/wp-json\/wp\/v2\/product"}],"about":[{"href":"https:\/\/legrenierdelatour.be\/brocante\/wp-json\/wp\/v2\/types\/product"}],"replies":[{"embeddable":true,"href":"https:\/\/legrenierdelatour.be\/brocante\/wp-json\/wp\/v2\/comments?post=3987"}],"wp:featuredmedia":[{"embeddable":true,"href":"https:\/\/legrenierdelatour.be\/brocante\/wp-json\/wp\/v2\/media\/3988"}],"wp:attachment":[{"href":"https:\/\/legrenierdelatour.be\/brocante\/wp-json\/wp\/v2\/media?parent=3987"}],"wp:term":[{"taxonomy":"product_brand","embeddable":true,"href":"https:\/\/legrenierdelatour.be\/brocante\/wp-json\/wp\/v2\/product_brand?post=3987"},{"taxonomy":"product_cat","embeddable":true,"href":"https:\/\/legrenierdelatour.be\/brocante\/wp-json\/wp\/v2\/product_cat?post=3987"},{"taxonomy":"product_tag","embeddable":true,"href":"https:\/\/legrenierdelatour.be\/brocante\/wp-json\/wp\/v2\/product_tag?post=3987"}],"curies":[{"name":"wp","href":"https:\/\/api.w.org\/{rel}","templated":true}]}}