{"id":3982,"date":"2023-01-17T11:40:34","date_gmt":"2023-01-17T10:40:34","guid":{"rendered":"https:\/\/legrenierdelatour.be\/brocante\/?post_type=product&#038;p=3982"},"modified":"2023-01-17T11:40:34","modified_gmt":"2023-01-17T10:40:34","slug":"cafetiere-tulipes-winterling-bavaria","status":"publish","type":"product","link":"https:\/\/legrenierdelatour.be\/brocante\/produit\/cafetiere-tulipes-winterling-bavaria\/","title":{"rendered":"Cafeti\u00e8re \u00ab\u00a0Tulipes\u00a0\u00bb Winterling Bavaria"},"content":{"rendered":"<p>Jolie cafeti\u00e8re vitage (23 cm de haut avec couvercle) en porcelaine produite par la manufacture Winterling (1906-?) \u00e0 Kirchenlamitz en Allemagne. En bon \u00e9tat (un petit coup sur le couvercle), elle date sans doute des ann\u00e9es 1970.<\/p>\n<div>R\u00e9f 16.35<\/div>\n","protected":false},"excerpt":{"rendered":"<p>Jolie cafeti\u00e8re vitage (23 cm de haut avec couvercle) en porcelaine produite par la manufacture Winterling (1906-?) \u00e0 Kirchenlamitz en Allemagne. En bon \u00e9tat (un petit coup sur le couvercle), elle date sans doute des ann\u00e9es 1970. R\u00e9f 16.35<\/p>\n","protected":false},"featured_media":3980,"comment_status":"open","ping_status":"closed","template":"","meta":{"neve_meta_sidebar":"","neve_meta_container":"","neve_meta_enable_content_width":"off","neve_meta_content_width":100,"neve_meta_title_alignment":"","neve_meta_author_avatar":"","neve_post_elements_order":"","neve_meta_disable_header":"","neve_meta_disable_footer":"","neve_meta_disable_title":""},"product_brand":[],"product_cat":[48,168,172,16],"product_tag":[154,74,28],"class_list":{"0":"post-3982","1":"product","2":"type-product","3":"status-publish","4":"has-post-thumbnail","6":"product_cat-allemagne","7":"product_cat-bavaria","8":"product_cat-en-cuisine","9":"product_cat-ceramique","10":"product_tag-bavaria","11":"product_tag-porcelaine","12":"product_tag-vintage","14":"first","15":"instock","16":"shipping-taxable","17":"purchasable","18":"product-type-simple"},"_links":{"self":[{"href":"https:\/\/legrenierdelatour.be\/brocante\/wp-json\/wp\/v2\/product\/3982","targetHints":{"allow":["GET"]}}],"collection":[{"href":"https:\/\/legrenierdelatour.be\/brocante\/wp-json\/wp\/v2\/product"}],"about":[{"href":"https:\/\/legrenierdelatour.be\/brocante\/wp-json\/wp\/v2\/types\/product"}],"replies":[{"embeddable":true,"href":"https:\/\/legrenierdelatour.be\/brocante\/wp-json\/wp\/v2\/comments?post=3982"}],"wp:featuredmedia":[{"embeddable":true,"href":"https:\/\/legrenierdelatour.be\/brocante\/wp-json\/wp\/v2\/media\/3980"}],"wp:attachment":[{"href":"https:\/\/legrenierdelatour.be\/brocante\/wp-json\/wp\/v2\/media?parent=3982"}],"wp:term":[{"taxonomy":"product_brand","embeddable":true,"href":"https:\/\/legrenierdelatour.be\/brocante\/wp-json\/wp\/v2\/product_brand?post=3982"},{"taxonomy":"product_cat","embeddable":true,"href":"https:\/\/legrenierdelatour.be\/brocante\/wp-json\/wp\/v2\/product_cat?post=3982"},{"taxonomy":"product_tag","embeddable":true,"href":"https:\/\/legrenierdelatour.be\/brocante\/wp-json\/wp\/v2\/product_tag?post=3982"}],"curies":[{"name":"wp","href":"https:\/\/api.w.org\/{rel}","templated":true}]}}