{"id":3895,"date":"2023-01-11T12:53:03","date_gmt":"2023-01-11T11:53:03","guid":{"rendered":"https:\/\/legrenierdelatour.be\/brocante\/?post_type=product&#038;p=3895"},"modified":"2023-01-11T12:54:04","modified_gmt":"2023-01-11T11:54:04","slug":"vase-west-germany-a-anses","status":"publish","type":"product","link":"https:\/\/legrenierdelatour.be\/brocante\/produit\/vase-west-germany-a-anses\/","title":{"rendered":"Vase West Germany \u00e0 anses"},"content":{"rendered":"<p>Petit vase (12 cm de haut) \u00e9maill\u00e9 de couleur jaune avec deux anses. Diff\u00e9rents num\u00e9ro sont en creux dessous mais non lisibles (p \u00ea Foreign 030 12). Il s\u2019agit sans doute d\u2019une production allemande des ann\u00e9es 1960. Il est en parfait \u00e9tat.<\/p>\n<div>R\u00e9f 16.03<\/div>\n","protected":false},"excerpt":{"rendered":"<p>Petit vase (12 cm de haut) \u00e9maill\u00e9 de couleur jaune avec deux anses. Diff\u00e9rents num\u00e9ro sont en creux dessous mais non lisibles (p \u00ea Foreign 030 12). Il s\u2019agit sans doute d\u2019une production allemande des ann\u00e9es 1960. Il est en parfait \u00e9tat. R\u00e9f 16.03<\/p>\n","protected":false},"featured_media":3896,"comment_status":"open","ping_status":"closed","template":"","meta":{"neve_meta_sidebar":"","neve_meta_container":"","neve_meta_enable_content_width":"off","neve_meta_content_width":100,"neve_meta_title_alignment":"","neve_meta_author_avatar":"","neve_post_elements_order":"","neve_meta_disable_header":"","neve_meta_disable_footer":"","neve_meta_disable_title":""},"product_brand":[],"product_cat":[48,16,47],"product_tag":[19,28,49],"class_list":{"0":"post-3895","1":"product","2":"type-product","3":"status-publish","4":"has-post-thumbnail","6":"product_cat-allemagne","7":"product_cat-ceramique","8":"product_cat-west-germany","9":"product_tag-faience","10":"product_tag-vintage","11":"product_tag-west-germany","13":"first","14":"instock","15":"shipping-taxable","16":"purchasable","17":"product-type-simple"},"_links":{"self":[{"href":"https:\/\/legrenierdelatour.be\/brocante\/wp-json\/wp\/v2\/product\/3895","targetHints":{"allow":["GET"]}}],"collection":[{"href":"https:\/\/legrenierdelatour.be\/brocante\/wp-json\/wp\/v2\/product"}],"about":[{"href":"https:\/\/legrenierdelatour.be\/brocante\/wp-json\/wp\/v2\/types\/product"}],"replies":[{"embeddable":true,"href":"https:\/\/legrenierdelatour.be\/brocante\/wp-json\/wp\/v2\/comments?post=3895"}],"wp:featuredmedia":[{"embeddable":true,"href":"https:\/\/legrenierdelatour.be\/brocante\/wp-json\/wp\/v2\/media\/3896"}],"wp:attachment":[{"href":"https:\/\/legrenierdelatour.be\/brocante\/wp-json\/wp\/v2\/media?parent=3895"}],"wp:term":[{"taxonomy":"product_brand","embeddable":true,"href":"https:\/\/legrenierdelatour.be\/brocante\/wp-json\/wp\/v2\/product_brand?post=3895"},{"taxonomy":"product_cat","embeddable":true,"href":"https:\/\/legrenierdelatour.be\/brocante\/wp-json\/wp\/v2\/product_cat?post=3895"},{"taxonomy":"product_tag","embeddable":true,"href":"https:\/\/legrenierdelatour.be\/brocante\/wp-json\/wp\/v2\/product_tag?post=3895"}],"curies":[{"name":"wp","href":"https:\/\/api.w.org\/{rel}","templated":true}]}}