{"id":3881,"date":"2023-01-10T21:40:40","date_gmt":"2023-01-10T20:40:40","guid":{"rendered":"https:\/\/legrenierdelatour.be\/brocante\/?post_type=product&#038;p=3881"},"modified":"2023-01-10T21:40:40","modified_gmt":"2023-01-10T20:40:40","slug":"vide-poche-feuille-sylvain-sttublet","status":"publish","type":"product","link":"https:\/\/legrenierdelatour.be\/brocante\/produit\/vide-poche-feuille-sylvain-sttublet\/","title":{"rendered":"Vide-poche \u00ab\u00a0Feuille\u00a0\u00bb Sylvain Sttublet"},"content":{"rendered":"<p>Beau vide-poche (6 cm de haut) en c\u00e9ramique repr\u00e9sentant une feuille. Il s\u2019agit d\u2019un tr\u00e8s beau et atypique travail du c\u00e9ramiste Sylvain Sttublet (1890-1985), c\u00e9ramiste belge Art d\u00e9co qui travailla \u00e9troitement avec Ernest Patris (1909-1981). Il a sans doute \u00e9t\u00e9 produit dans les ann\u00e9es 1930-50 et est en parfait \u00e9tat.<\/p>\n<div>R\u00e9f 15.104<\/div>\n","protected":false},"excerpt":{"rendered":"<p>Beau vide-poche (6 cm de haut) en c\u00e9ramique repr\u00e9sentant une feuille. Il s\u2019agit d\u2019un tr\u00e8s beau et atypique travail du c\u00e9ramiste Sylvain Sttublet (1890-1985), c\u00e9ramiste belge Art d\u00e9co qui travailla \u00e9troitement avec Ernest Patris (1909-1981). Il a sans doute \u00e9t\u00e9 produit dans les ann\u00e9es 1930-50 et est en parfait \u00e9tat. R\u00e9f 15.104<\/p>\n","protected":false},"featured_media":3882,"comment_status":"open","ping_status":"closed","template":"","meta":{"neve_meta_sidebar":"","neve_meta_container":"","neve_meta_enable_content_width":"off","neve_meta_content_width":100,"neve_meta_title_alignment":"","neve_meta_author_avatar":"","neve_post_elements_order":"","neve_meta_disable_header":"","neve_meta_disable_footer":"","neve_meta_disable_title":""},"product_brand":[],"product_cat":[37,16],"product_tag":[21,40,19],"class_list":{"0":"post-3881","1":"product","2":"type-product","3":"status-publish","4":"has-post-thumbnail","6":"product_cat-belgique","7":"product_cat-ceramique","8":"product_tag-art-deco","9":"product_tag-belgique","10":"product_tag-faience","12":"first","13":"instock","14":"shipping-taxable","15":"purchasable","16":"product-type-simple"},"_links":{"self":[{"href":"https:\/\/legrenierdelatour.be\/brocante\/wp-json\/wp\/v2\/product\/3881","targetHints":{"allow":["GET"]}}],"collection":[{"href":"https:\/\/legrenierdelatour.be\/brocante\/wp-json\/wp\/v2\/product"}],"about":[{"href":"https:\/\/legrenierdelatour.be\/brocante\/wp-json\/wp\/v2\/types\/product"}],"replies":[{"embeddable":true,"href":"https:\/\/legrenierdelatour.be\/brocante\/wp-json\/wp\/v2\/comments?post=3881"}],"wp:featuredmedia":[{"embeddable":true,"href":"https:\/\/legrenierdelatour.be\/brocante\/wp-json\/wp\/v2\/media\/3882"}],"wp:attachment":[{"href":"https:\/\/legrenierdelatour.be\/brocante\/wp-json\/wp\/v2\/media?parent=3881"}],"wp:term":[{"taxonomy":"product_brand","embeddable":true,"href":"https:\/\/legrenierdelatour.be\/brocante\/wp-json\/wp\/v2\/product_brand?post=3881"},{"taxonomy":"product_cat","embeddable":true,"href":"https:\/\/legrenierdelatour.be\/brocante\/wp-json\/wp\/v2\/product_cat?post=3881"},{"taxonomy":"product_tag","embeddable":true,"href":"https:\/\/legrenierdelatour.be\/brocante\/wp-json\/wp\/v2\/product_tag?post=3881"}],"curies":[{"name":"wp","href":"https:\/\/api.w.org\/{rel}","templated":true}]}}