{"id":3845,"date":"2023-01-10T13:48:51","date_gmt":"2023-01-10T12:48:51","guid":{"rendered":"https:\/\/legrenierdelatour.be\/brocante\/?post_type=product&#038;p=3845"},"modified":"2023-01-10T13:48:51","modified_gmt":"2023-01-10T12:48:51","slug":"fauteuil-en-bois-courbe","status":"publish","type":"product","link":"https:\/\/legrenierdelatour.be\/brocante\/produit\/fauteuil-en-bois-courbe\/","title":{"rendered":"Fauteuil en bois courb\u00e9"},"content":{"rendered":"<p>Belle chaise en bois courb\u00e9 (91 cm de hauteur totale) avec assise et dossier en bois gaufr\u00e9 (motif de grotesque et angelots), dans le go\u00fbt de Thonet. Elle n\u2019est pas en tr\u00e8s bon \u00e9tat, n\u00e9cessite une restauration, et date sans doute du d\u00e9but du 20\u00e8 si\u00e8cle.<\/p>\n<div>R\u00e9f 15.90<\/div>\n","protected":false},"excerpt":{"rendered":"<p>Belle chaise en bois courb\u00e9 (91 cm de hauteur totale) avec assise et dossier en bois gaufr\u00e9 (motif de grotesque et angelots), dans le go\u00fbt de Thonet. Elle n\u2019est pas en tr\u00e8s bon \u00e9tat, n\u00e9cessite une restauration, et date sans doute du d\u00e9but du 20\u00e8 si\u00e8cle. R\u00e9f 15.90<\/p>\n","protected":false},"featured_media":3846,"comment_status":"open","ping_status":"closed","template":"","meta":{"neve_meta_sidebar":"","neve_meta_container":"","neve_meta_enable_content_width":"off","neve_meta_content_width":100,"neve_meta_title_alignment":"","neve_meta_author_avatar":"","neve_post_elements_order":"","neve_meta_disable_header":"","neve_meta_disable_footer":"","neve_meta_disable_title":""},"product_brand":[],"product_cat":[23],"product_tag":[84,130],"class_list":{"0":"post-3845","1":"product","2":"type-product","3":"status-publish","4":"has-post-thumbnail","6":"product_cat-mobilier","7":"product_tag-mobilier","8":"product_tag-thonet","10":"first","11":"instock","12":"shipping-taxable","13":"purchasable","14":"product-type-simple"},"_links":{"self":[{"href":"https:\/\/legrenierdelatour.be\/brocante\/wp-json\/wp\/v2\/product\/3845","targetHints":{"allow":["GET"]}}],"collection":[{"href":"https:\/\/legrenierdelatour.be\/brocante\/wp-json\/wp\/v2\/product"}],"about":[{"href":"https:\/\/legrenierdelatour.be\/brocante\/wp-json\/wp\/v2\/types\/product"}],"replies":[{"embeddable":true,"href":"https:\/\/legrenierdelatour.be\/brocante\/wp-json\/wp\/v2\/comments?post=3845"}],"wp:featuredmedia":[{"embeddable":true,"href":"https:\/\/legrenierdelatour.be\/brocante\/wp-json\/wp\/v2\/media\/3846"}],"wp:attachment":[{"href":"https:\/\/legrenierdelatour.be\/brocante\/wp-json\/wp\/v2\/media?parent=3845"}],"wp:term":[{"taxonomy":"product_brand","embeddable":true,"href":"https:\/\/legrenierdelatour.be\/brocante\/wp-json\/wp\/v2\/product_brand?post=3845"},{"taxonomy":"product_cat","embeddable":true,"href":"https:\/\/legrenierdelatour.be\/brocante\/wp-json\/wp\/v2\/product_cat?post=3845"},{"taxonomy":"product_tag","embeddable":true,"href":"https:\/\/legrenierdelatour.be\/brocante\/wp-json\/wp\/v2\/product_tag?post=3845"}],"curies":[{"name":"wp","href":"https:\/\/api.w.org\/{rel}","templated":true}]}}