{"id":3822,"date":"2023-01-07T20:03:22","date_gmt":"2023-01-07T19:03:22","guid":{"rendered":"https:\/\/legrenierdelatour.be\/brocante\/?post_type=product&#038;p=3822"},"modified":"2023-01-07T20:03:22","modified_gmt":"2023-01-07T19:03:22","slug":"cafetiere-bonaparte-boch-la-louviere","status":"publish","type":"product","link":"https:\/\/legrenierdelatour.be\/brocante\/produit\/cafetiere-bonaparte-boch-la-louviere\/","title":{"rendered":"Cafeti\u00e8re \u00ab\u00a0Bonaparte\u00a0\u00bb Boch La Louvi\u00e8re"},"content":{"rendered":"<p>Belle cafeti\u00e8re (27 cm de haut avec couvercle) de la collection Bonaparte par Boch Fr\u00e8res Keramis \u00e0 La Louvi\u00e8re en Belgique. Cette cafeti\u00e8re en tr\u00e8s bon \u00e9tat (un petit coup sous le couvercle) date de la premi\u00e8re moiti\u00e9 du 20\u00e8 si\u00e8cle. Elle porte le num\u00e9ro 4 en creux dessous, qui correspond \u00e0 sa taille.<\/p>\n<div>R\u00e9f 15.81<\/div>\n","protected":false},"excerpt":{"rendered":"<p>Belle cafeti\u00e8re (27 cm de haut avec couvercle) de la collection Bonaparte par Boch Fr\u00e8res Keramis \u00e0 La Louvi\u00e8re en Belgique. Cette cafeti\u00e8re en tr\u00e8s bon \u00e9tat (un petit coup sous le couvercle) date de la premi\u00e8re moiti\u00e9 du 20\u00e8 si\u00e8cle. Elle porte le num\u00e9ro 4 en creux dessous, qui correspond \u00e0 sa taille. R\u00e9f&hellip;&nbsp;<a href=\"https:\/\/legrenierdelatour.be\/brocante\/produit\/cafetiere-bonaparte-boch-la-louviere\/\" class=\"\" rel=\"bookmark\">Lire la suite &raquo;<span class=\"screen-reader-text\">Cafeti\u00e8re \u00ab\u00a0Bonaparte\u00a0\u00bb Boch La Louvi\u00e8re<\/span><\/a><\/p>\n","protected":false},"featured_media":3823,"comment_status":"open","ping_status":"closed","template":"","meta":{"neve_meta_sidebar":"","neve_meta_container":"","neve_meta_enable_content_width":"off","neve_meta_content_width":100,"neve_meta_title_alignment":"","neve_meta_author_avatar":"","neve_post_elements_order":"","neve_meta_disable_header":"","neve_meta_disable_footer":"","neve_meta_disable_title":""},"product_brand":[],"product_cat":[37,175,16],"product_tag":[40,20,19],"class_list":{"0":"post-3822","1":"product","2":"type-product","3":"status-publish","4":"has-post-thumbnail","6":"product_cat-belgique","7":"product_cat-boch","8":"product_cat-ceramique","9":"product_tag-belgique","10":"product_tag-boch","11":"product_tag-faience","13":"first","14":"instock","15":"shipping-taxable","16":"purchasable","17":"product-type-simple"},"_links":{"self":[{"href":"https:\/\/legrenierdelatour.be\/brocante\/wp-json\/wp\/v2\/product\/3822","targetHints":{"allow":["GET"]}}],"collection":[{"href":"https:\/\/legrenierdelatour.be\/brocante\/wp-json\/wp\/v2\/product"}],"about":[{"href":"https:\/\/legrenierdelatour.be\/brocante\/wp-json\/wp\/v2\/types\/product"}],"replies":[{"embeddable":true,"href":"https:\/\/legrenierdelatour.be\/brocante\/wp-json\/wp\/v2\/comments?post=3822"}],"wp:featuredmedia":[{"embeddable":true,"href":"https:\/\/legrenierdelatour.be\/brocante\/wp-json\/wp\/v2\/media\/3823"}],"wp:attachment":[{"href":"https:\/\/legrenierdelatour.be\/brocante\/wp-json\/wp\/v2\/media?parent=3822"}],"wp:term":[{"taxonomy":"product_brand","embeddable":true,"href":"https:\/\/legrenierdelatour.be\/brocante\/wp-json\/wp\/v2\/product_brand?post=3822"},{"taxonomy":"product_cat","embeddable":true,"href":"https:\/\/legrenierdelatour.be\/brocante\/wp-json\/wp\/v2\/product_cat?post=3822"},{"taxonomy":"product_tag","embeddable":true,"href":"https:\/\/legrenierdelatour.be\/brocante\/wp-json\/wp\/v2\/product_tag?post=3822"}],"curies":[{"name":"wp","href":"https:\/\/api.w.org\/{rel}","templated":true}]}}