{"id":3650,"date":"2022-11-28T15:46:23","date_gmt":"2022-11-28T14:46:23","guid":{"rendered":"https:\/\/legrenierdelatour.be\/brocante\/?post_type=product&#038;p=3650"},"modified":"2022-11-28T15:49:04","modified_gmt":"2022-11-28T14:49:04","slug":"brassard-de-communion-debut-xxe-siecle","status":"publish","type":"product","link":"https:\/\/legrenierdelatour.be\/brocante\/produit\/brassard-de-communion-debut-xxe-siecle\/","title":{"rendered":"Brassard de communion, d\u00e9but XX\u00e8 si\u00e8cle"},"content":{"rendered":"<div>Brassard de communion (39 cm de haut) en soie brod\u00e9e, de la marque Stoffes (Suisse, St Gall), datant de la premi\u00e8re moiti\u00e9 du 20\u00e8 si\u00e8cle. Il est en excellent \u00e9tat et se trouve dans sa bo\u00eete d&rsquo;origine. Le brassard de communion se pr\u00e9sente sous la forme d\u2019un large noeud de tissus blanc avec 2 pans s\u00e9par\u00e9s qui tombent au-dessous du coude et qui sont brod\u00e9s. \u00a0Jusque dans les ann\u00e9es 1950, le brassard de communion \u00e9tait port\u00e9 \u00e0 l\u2019avant-bras gauche par les gar\u00e7ons au seuil de l\u2019adolescence, passant leur communion. Ce symbole apparait \u00e0 la fin du 18\u00e8 si\u00e8cle.<\/div>\n<div>R\u00e9f 15.32<\/div>\n","protected":false},"excerpt":{"rendered":"<p>Brassard de communion (39 cm de haut) en soie brod\u00e9e, de la marque Stoffes (Suisse, St Gall), datant de la premi\u00e8re moiti\u00e9 du 20\u00e8 si\u00e8cle. Il est en excellent \u00e9tat et se trouve dans sa bo\u00eete d&rsquo;origine. Le brassard de communion se pr\u00e9sente sous la forme d\u2019un large noeud de tissus blanc avec 2 pans&hellip;&nbsp;<a href=\"https:\/\/legrenierdelatour.be\/brocante\/produit\/brassard-de-communion-debut-xxe-siecle\/\" class=\"\" rel=\"bookmark\">Lire la suite &raquo;<span class=\"screen-reader-text\">Brassard de communion, d\u00e9but XX\u00e8 si\u00e8cle<\/span><\/a><\/p>\n","protected":false},"featured_media":3644,"comment_status":"open","ping_status":"closed","template":"","meta":{"neve_meta_sidebar":"","neve_meta_container":"","neve_meta_enable_content_width":"off","neve_meta_content_width":100,"neve_meta_title_alignment":"","neve_meta_author_avatar":"","neve_post_elements_order":"","neve_meta_disable_header":"","neve_meta_disable_footer":"","neve_meta_disable_title":""},"product_brand":[],"product_cat":[34],"product_tag":[35],"class_list":{"0":"post-3650","1":"product","2":"type-product","3":"status-publish","4":"has-post-thumbnail","6":"product_cat-religiosa","7":"product_tag-religion","9":"first","10":"instock","11":"shipping-taxable","12":"purchasable","13":"product-type-simple"},"_links":{"self":[{"href":"https:\/\/legrenierdelatour.be\/brocante\/wp-json\/wp\/v2\/product\/3650","targetHints":{"allow":["GET"]}}],"collection":[{"href":"https:\/\/legrenierdelatour.be\/brocante\/wp-json\/wp\/v2\/product"}],"about":[{"href":"https:\/\/legrenierdelatour.be\/brocante\/wp-json\/wp\/v2\/types\/product"}],"replies":[{"embeddable":true,"href":"https:\/\/legrenierdelatour.be\/brocante\/wp-json\/wp\/v2\/comments?post=3650"}],"wp:featuredmedia":[{"embeddable":true,"href":"https:\/\/legrenierdelatour.be\/brocante\/wp-json\/wp\/v2\/media\/3644"}],"wp:attachment":[{"href":"https:\/\/legrenierdelatour.be\/brocante\/wp-json\/wp\/v2\/media?parent=3650"}],"wp:term":[{"taxonomy":"product_brand","embeddable":true,"href":"https:\/\/legrenierdelatour.be\/brocante\/wp-json\/wp\/v2\/product_brand?post=3650"},{"taxonomy":"product_cat","embeddable":true,"href":"https:\/\/legrenierdelatour.be\/brocante\/wp-json\/wp\/v2\/product_cat?post=3650"},{"taxonomy":"product_tag","embeddable":true,"href":"https:\/\/legrenierdelatour.be\/brocante\/wp-json\/wp\/v2\/product_tag?post=3650"}],"curies":[{"name":"wp","href":"https:\/\/api.w.org\/{rel}","templated":true}]}}