{"id":3596,"date":"2022-11-22T14:57:24","date_gmt":"2022-11-22T13:57:24","guid":{"rendered":"https:\/\/legrenierdelatour.be\/brocante\/?post_type=product&#038;p=3596"},"modified":"2022-11-22T14:57:24","modified_gmt":"2022-11-22T13:57:24","slug":"assiette-vierge-de-luxembourg-villeroy-et-boch","status":"publish","type":"product","link":"https:\/\/legrenierdelatour.be\/brocante\/produit\/assiette-vierge-de-luxembourg-villeroy-et-boch\/","title":{"rendered":"Assiette Vierge de Luxembourg Villeroy et Boch"},"content":{"rendered":"<p>Grande assiette en fa\u00efence (32 cm de diam\u00e8tre) produite par Villeroy et Boch et pr\u00e9vue pour \u00eatre suspendue. L\u2019illustration d\u2019apr\u00e8s une gravure de Klauber de 1779, repr\u00e9sente la Vierge \u00e0 l\u2019Enfant de Luxembourg.<\/p>\n<div>R\u00e9f 15.15<\/div>\n","protected":false},"excerpt":{"rendered":"<p>Grande assiette en fa\u00efence (32 cm de diam\u00e8tre) produite par Villeroy et Boch et pr\u00e9vue pour \u00eatre suspendue. L\u2019illustration d\u2019apr\u00e8s une gravure de Klauber de 1779, repr\u00e9sente la Vierge \u00e0 l\u2019Enfant de Luxembourg. R\u00e9f 15.15<\/p>\n","protected":false},"featured_media":3574,"comment_status":"open","ping_status":"closed","template":"","meta":{"neve_meta_sidebar":"","neve_meta_container":"","neve_meta_enable_content_width":"off","neve_meta_content_width":100,"neve_meta_title_alignment":"","neve_meta_author_avatar":"","neve_post_elements_order":"","neve_meta_disable_header":"","neve_meta_disable_footer":"","neve_meta_disable_title":""},"product_brand":[],"product_cat":[16,165,30,166,34,29],"product_tag":[79,19,83,35,32],"class_list":{"0":"post-3596","1":"product","2":"type-product","3":"status-publish","4":"has-post-thumbnail","6":"product_cat-ceramique","7":"product_cat-luxembourg","8":"product_cat-luxemburgensia","9":"product_cat-luxemburgensia-luxemburgensia","10":"product_cat-religiosa","11":"product_cat-villeroy-boch","12":"product_tag-art","13":"product_tag-faience","14":"product_tag-luxemburgensia","15":"product_tag-religion","16":"product_tag-villeroy-et-boch","18":"first","19":"instock","20":"shipping-taxable","21":"purchasable","22":"product-type-simple"},"_links":{"self":[{"href":"https:\/\/legrenierdelatour.be\/brocante\/wp-json\/wp\/v2\/product\/3596","targetHints":{"allow":["GET"]}}],"collection":[{"href":"https:\/\/legrenierdelatour.be\/brocante\/wp-json\/wp\/v2\/product"}],"about":[{"href":"https:\/\/legrenierdelatour.be\/brocante\/wp-json\/wp\/v2\/types\/product"}],"replies":[{"embeddable":true,"href":"https:\/\/legrenierdelatour.be\/brocante\/wp-json\/wp\/v2\/comments?post=3596"}],"wp:featuredmedia":[{"embeddable":true,"href":"https:\/\/legrenierdelatour.be\/brocante\/wp-json\/wp\/v2\/media\/3574"}],"wp:attachment":[{"href":"https:\/\/legrenierdelatour.be\/brocante\/wp-json\/wp\/v2\/media?parent=3596"}],"wp:term":[{"taxonomy":"product_brand","embeddable":true,"href":"https:\/\/legrenierdelatour.be\/brocante\/wp-json\/wp\/v2\/product_brand?post=3596"},{"taxonomy":"product_cat","embeddable":true,"href":"https:\/\/legrenierdelatour.be\/brocante\/wp-json\/wp\/v2\/product_cat?post=3596"},{"taxonomy":"product_tag","embeddable":true,"href":"https:\/\/legrenierdelatour.be\/brocante\/wp-json\/wp\/v2\/product_tag?post=3596"}],"curies":[{"name":"wp","href":"https:\/\/api.w.org\/{rel}","templated":true}]}}