{"id":3595,"date":"2022-11-22T14:45:52","date_gmt":"2022-11-22T13:45:52","guid":{"rendered":"https:\/\/legrenierdelatour.be\/brocante\/?post_type=product&#038;p=3595"},"modified":"2022-11-22T14:46:05","modified_gmt":"2022-11-22T13:46:05","slug":"pichet-carstens-tonnishof-461","status":"publish","type":"product","link":"https:\/\/legrenierdelatour.be\/brocante\/produit\/pichet-carstens-tonnishof-461\/","title":{"rendered":"Pichet Carstens T\u00f6nnieshof 461"},"content":{"rendered":"<div>Joli pichet (12 cm de haut) en fa\u00efence \u00e9maill\u00e9e rehauss\u00e9e de peinture dor\u00e9e (signature du peintre J). En parfait \u00e9tat, il a la forme 461, et a \u00e9t\u00e9 produit par La manufacture Carstens T\u00f6nnishofen(1945-1987) \u00e0 Freden an der Leine en Allemagne de l\u2019Ouest (Ex). Ce vase date sans doute des ann\u00e9es 1950.<\/div>\n<div>R\u00e9f 15.14<\/div>\n","protected":false},"excerpt":{"rendered":"<p>Joli pichet (12 cm de haut) en fa\u00efence \u00e9maill\u00e9e rehauss\u00e9e de peinture dor\u00e9e (signature du peintre J). En parfait \u00e9tat, il a la forme 461, et a \u00e9t\u00e9 produit par La manufacture Carstens T\u00f6nnishofen(1945-1987) \u00e0 Freden an der Leine en Allemagne de l\u2019Ouest (Ex). Ce vase date sans doute des ann\u00e9es 1950. R\u00e9f 15.14<\/p>\n","protected":false},"featured_media":3586,"comment_status":"open","ping_status":"closed","template":"","meta":{"neve_meta_sidebar":"","neve_meta_container":"","neve_meta_enable_content_width":"off","neve_meta_content_width":100,"neve_meta_title_alignment":"","neve_meta_author_avatar":"","neve_post_elements_order":"","neve_meta_disable_header":"","neve_meta_disable_footer":"","neve_meta_disable_title":""},"product_brand":[],"product_cat":[48,172,16,47],"product_tag":[19,50,28,49],"class_list":{"0":"post-3595","1":"product","2":"type-product","3":"status-publish","4":"has-post-thumbnail","6":"product_cat-allemagne","7":"product_cat-en-cuisine","8":"product_cat-ceramique","9":"product_cat-west-germany","10":"product_tag-faience","11":"product_tag-fat-lava","12":"product_tag-vintage","13":"product_tag-west-germany","15":"first","16":"instock","17":"shipping-taxable","18":"purchasable","19":"product-type-simple"},"_links":{"self":[{"href":"https:\/\/legrenierdelatour.be\/brocante\/wp-json\/wp\/v2\/product\/3595","targetHints":{"allow":["GET"]}}],"collection":[{"href":"https:\/\/legrenierdelatour.be\/brocante\/wp-json\/wp\/v2\/product"}],"about":[{"href":"https:\/\/legrenierdelatour.be\/brocante\/wp-json\/wp\/v2\/types\/product"}],"replies":[{"embeddable":true,"href":"https:\/\/legrenierdelatour.be\/brocante\/wp-json\/wp\/v2\/comments?post=3595"}],"wp:featuredmedia":[{"embeddable":true,"href":"https:\/\/legrenierdelatour.be\/brocante\/wp-json\/wp\/v2\/media\/3586"}],"wp:attachment":[{"href":"https:\/\/legrenierdelatour.be\/brocante\/wp-json\/wp\/v2\/media?parent=3595"}],"wp:term":[{"taxonomy":"product_brand","embeddable":true,"href":"https:\/\/legrenierdelatour.be\/brocante\/wp-json\/wp\/v2\/product_brand?post=3595"},{"taxonomy":"product_cat","embeddable":true,"href":"https:\/\/legrenierdelatour.be\/brocante\/wp-json\/wp\/v2\/product_cat?post=3595"},{"taxonomy":"product_tag","embeddable":true,"href":"https:\/\/legrenierdelatour.be\/brocante\/wp-json\/wp\/v2\/product_tag?post=3595"}],"curies":[{"name":"wp","href":"https:\/\/api.w.org\/{rel}","templated":true}]}}