{"id":3594,"date":"2022-11-22T12:21:31","date_gmt":"2022-11-22T11:21:31","guid":{"rendered":"https:\/\/legrenierdelatour.be\/brocante\/?post_type=product&#038;p=3594"},"modified":"2022-11-22T12:21:31","modified_gmt":"2022-11-22T11:21:31","slug":"vue-du-cafe-wintersdorf-a-luxembourg-1935","status":"publish","type":"product","link":"https:\/\/legrenierdelatour.be\/brocante\/produit\/vue-du-cafe-wintersdorf-a-luxembourg-1935\/","title":{"rendered":"Vue du Caf\u00e9 Wintersdorf \u00e0 Luxembourg 1935"},"content":{"rendered":"<p>Vue imprim\u00e9e sur bois (21&#215;15 cm) du caf\u00e9-restaurant Wintersdorf \u00e0 la Place de l\u2019Etoile \u00e0 Luxembourg-ville. L\u2019oeuvre a \u00e9t\u00e9 r\u00e9alis\u00e9e par J.P. Kehr en 1935, dans une technique non document\u00e9e.<\/p>\n<div>R\u00e9f 15.13<\/div>\n","protected":false},"excerpt":{"rendered":"<p>Vue imprim\u00e9e sur bois (21&#215;15 cm) du caf\u00e9-restaurant Wintersdorf \u00e0 la Place de l\u2019Etoile \u00e0 Luxembourg-ville. L\u2019oeuvre a \u00e9t\u00e9 r\u00e9alis\u00e9e par J.P. Kehr en 1935, dans une technique non document\u00e9e. R\u00e9f 15.13<\/p>\n","protected":false},"featured_media":3589,"comment_status":"open","ping_status":"closed","template":"","meta":{"neve_meta_sidebar":"","neve_meta_container":"","neve_meta_enable_content_width":"off","neve_meta_content_width":100,"neve_meta_title_alignment":"","neve_meta_author_avatar":"","neve_post_elements_order":"","neve_meta_disable_header":"","neve_meta_disable_footer":"","neve_meta_disable_title":""},"product_brand":[],"product_cat":[30,166,167],"product_tag":[79,83],"class_list":{"0":"post-3594","1":"product","2":"type-product","3":"status-publish","4":"has-post-thumbnail","6":"product_cat-luxemburgensia","7":"product_cat-luxemburgensia-luxemburgensia","8":"product_cat-peintures-et-sculptures","9":"product_tag-art","10":"product_tag-luxemburgensia","12":"first","13":"instock","14":"shipping-taxable","15":"purchasable","16":"product-type-simple"},"_links":{"self":[{"href":"https:\/\/legrenierdelatour.be\/brocante\/wp-json\/wp\/v2\/product\/3594","targetHints":{"allow":["GET"]}}],"collection":[{"href":"https:\/\/legrenierdelatour.be\/brocante\/wp-json\/wp\/v2\/product"}],"about":[{"href":"https:\/\/legrenierdelatour.be\/brocante\/wp-json\/wp\/v2\/types\/product"}],"replies":[{"embeddable":true,"href":"https:\/\/legrenierdelatour.be\/brocante\/wp-json\/wp\/v2\/comments?post=3594"}],"wp:featuredmedia":[{"embeddable":true,"href":"https:\/\/legrenierdelatour.be\/brocante\/wp-json\/wp\/v2\/media\/3589"}],"wp:attachment":[{"href":"https:\/\/legrenierdelatour.be\/brocante\/wp-json\/wp\/v2\/media?parent=3594"}],"wp:term":[{"taxonomy":"product_brand","embeddable":true,"href":"https:\/\/legrenierdelatour.be\/brocante\/wp-json\/wp\/v2\/product_brand?post=3594"},{"taxonomy":"product_cat","embeddable":true,"href":"https:\/\/legrenierdelatour.be\/brocante\/wp-json\/wp\/v2\/product_cat?post=3594"},{"taxonomy":"product_tag","embeddable":true,"href":"https:\/\/legrenierdelatour.be\/brocante\/wp-json\/wp\/v2\/product_tag?post=3594"}],"curies":[{"name":"wp","href":"https:\/\/api.w.org\/{rel}","templated":true}]}}