{"id":3592,"date":"2022-11-22T11:52:34","date_gmt":"2022-11-22T10:52:34","guid":{"rendered":"https:\/\/legrenierdelatour.be\/brocante\/?post_type=product&#038;p=3592"},"modified":"2022-11-22T11:52:34","modified_gmt":"2022-11-22T10:52:34","slug":"penture-africaine-style-mike","status":"publish","type":"product","link":"https:\/\/legrenierdelatour.be\/brocante\/produit\/penture-africaine-style-mike\/","title":{"rendered":"Penture africaine style Mik\u00e9"},"content":{"rendered":"<p>Peinture africaine de style Mik\u00e9 (29&#215;36,5 cm avec cadre) avec encadrement de ch\u00eane verni. Typique de la r\u00e9gion du Congo, de l&rsquo;\u00e9poque colonialiste et post-colonialiste : une peinture de style traditionnel r\u00e9alis\u00e9e avec des mat\u00e9riaux d&rsquo;importation coloniale (peinture acrylique et carton Canson). La signature sous le cadre est difficile \u00e0 lire. Le cadre en parfait \u00e9tat date sans doute des ann\u00e9es 1960.<\/p>\n<div>R\u00e9f 15.11<\/div>\n","protected":false},"excerpt":{"rendered":"<p>Peinture africaine de style Mik\u00e9 (29&#215;36,5 cm avec cadre) avec encadrement de ch\u00eane verni. Typique de la r\u00e9gion du Congo, de l&rsquo;\u00e9poque colonialiste et post-colonialiste : une peinture de style traditionnel r\u00e9alis\u00e9e avec des mat\u00e9riaux d&rsquo;importation coloniale (peinture acrylique et carton Canson). La signature sous le cadre est difficile \u00e0 lire. Le cadre en parfait&hellip;&nbsp;<a href=\"https:\/\/legrenierdelatour.be\/brocante\/produit\/penture-africaine-style-mike\/\" class=\"\" rel=\"bookmark\">Lire la suite &raquo;<span class=\"screen-reader-text\">Penture africaine style Mik\u00e9<\/span><\/a><\/p>\n","protected":false},"featured_media":3551,"comment_status":"open","ping_status":"closed","template":"","meta":{"neve_meta_sidebar":"","neve_meta_container":"","neve_meta_enable_content_width":"off","neve_meta_content_width":100,"neve_meta_title_alignment":"","neve_meta_author_avatar":"","neve_post_elements_order":"","neve_meta_disable_header":"","neve_meta_disable_footer":"","neve_meta_disable_title":""},"product_brand":[],"product_cat":[167],"product_tag":[79,40],"class_list":{"0":"post-3592","1":"product","2":"type-product","3":"status-publish","4":"has-post-thumbnail","6":"product_cat-peintures-et-sculptures","7":"product_tag-art","8":"product_tag-belgique","10":"first","11":"instock","12":"shipping-taxable","13":"purchasable","14":"product-type-simple"},"_links":{"self":[{"href":"https:\/\/legrenierdelatour.be\/brocante\/wp-json\/wp\/v2\/product\/3592","targetHints":{"allow":["GET"]}}],"collection":[{"href":"https:\/\/legrenierdelatour.be\/brocante\/wp-json\/wp\/v2\/product"}],"about":[{"href":"https:\/\/legrenierdelatour.be\/brocante\/wp-json\/wp\/v2\/types\/product"}],"replies":[{"embeddable":true,"href":"https:\/\/legrenierdelatour.be\/brocante\/wp-json\/wp\/v2\/comments?post=3592"}],"wp:featuredmedia":[{"embeddable":true,"href":"https:\/\/legrenierdelatour.be\/brocante\/wp-json\/wp\/v2\/media\/3551"}],"wp:attachment":[{"href":"https:\/\/legrenierdelatour.be\/brocante\/wp-json\/wp\/v2\/media?parent=3592"}],"wp:term":[{"taxonomy":"product_brand","embeddable":true,"href":"https:\/\/legrenierdelatour.be\/brocante\/wp-json\/wp\/v2\/product_brand?post=3592"},{"taxonomy":"product_cat","embeddable":true,"href":"https:\/\/legrenierdelatour.be\/brocante\/wp-json\/wp\/v2\/product_cat?post=3592"},{"taxonomy":"product_tag","embeddable":true,"href":"https:\/\/legrenierdelatour.be\/brocante\/wp-json\/wp\/v2\/product_tag?post=3592"}],"curies":[{"name":"wp","href":"https:\/\/api.w.org\/{rel}","templated":true}]}}