{"id":3200,"date":"2022-08-30T15:13:00","date_gmt":"2022-08-30T13:13:00","guid":{"rendered":"https:\/\/legrenierdelatour.be\/brocante\/?post_type=product&#038;p=3200"},"modified":"2022-08-30T15:13:00","modified_gmt":"2022-08-30T13:13:00","slug":"pichet-en-gres-dubois","status":"publish","type":"product","link":"https:\/\/legrenierdelatour.be\/brocante\/produit\/pichet-en-gres-dubois\/","title":{"rendered":"Pichet en gr\u00e8s Dubois"},"content":{"rendered":"<p>Petit pichet en gr\u00e8s (15 cm de haut) verniss\u00e9, tr\u00e8s simple, sign\u00e9 Dubois dessous. En tr\u00e8s bon \u00e9tat, elle est issue d\u2019une manufacture belge, de la r\u00e9gion du Borinage.<\/p>\n<div>R\u00e9f 14.19<\/div>\n","protected":false},"excerpt":{"rendered":"<p>Petit pichet en gr\u00e8s (15 cm de haut) verniss\u00e9, tr\u00e8s simple, sign\u00e9 Dubois dessous. En tr\u00e8s bon \u00e9tat, elle est issue d\u2019une manufacture belge, de la r\u00e9gion du Borinage. R\u00e9f 14.19<\/p>\n","protected":false},"featured_media":3185,"comment_status":"open","ping_status":"closed","template":"","meta":{"neve_meta_sidebar":"","neve_meta_container":"","neve_meta_enable_content_width":"off","neve_meta_content_width":100,"neve_meta_title_alignment":"","neve_meta_author_avatar":"","neve_post_elements_order":"","neve_meta_disable_header":"","neve_meta_disable_footer":"","neve_meta_disable_title":""},"product_brand":[],"product_cat":[37,187,172,16],"product_tag":[40,42,113],"class_list":{"0":"post-3200","1":"product","2":"type-product","3":"status-publish","4":"has-post-thumbnail","6":"product_cat-belgique","7":"product_cat-ceramique-montoise","8":"product_cat-en-cuisine","9":"product_cat-ceramique","10":"product_tag-belgique","11":"product_tag-ceramique-montoise","12":"product_tag-gres","14":"first","15":"instock","16":"shipping-taxable","17":"purchasable","18":"product-type-simple"},"_links":{"self":[{"href":"https:\/\/legrenierdelatour.be\/brocante\/wp-json\/wp\/v2\/product\/3200","targetHints":{"allow":["GET"]}}],"collection":[{"href":"https:\/\/legrenierdelatour.be\/brocante\/wp-json\/wp\/v2\/product"}],"about":[{"href":"https:\/\/legrenierdelatour.be\/brocante\/wp-json\/wp\/v2\/types\/product"}],"replies":[{"embeddable":true,"href":"https:\/\/legrenierdelatour.be\/brocante\/wp-json\/wp\/v2\/comments?post=3200"}],"wp:featuredmedia":[{"embeddable":true,"href":"https:\/\/legrenierdelatour.be\/brocante\/wp-json\/wp\/v2\/media\/3185"}],"wp:attachment":[{"href":"https:\/\/legrenierdelatour.be\/brocante\/wp-json\/wp\/v2\/media?parent=3200"}],"wp:term":[{"taxonomy":"product_brand","embeddable":true,"href":"https:\/\/legrenierdelatour.be\/brocante\/wp-json\/wp\/v2\/product_brand?post=3200"},{"taxonomy":"product_cat","embeddable":true,"href":"https:\/\/legrenierdelatour.be\/brocante\/wp-json\/wp\/v2\/product_cat?post=3200"},{"taxonomy":"product_tag","embeddable":true,"href":"https:\/\/legrenierdelatour.be\/brocante\/wp-json\/wp\/v2\/product_tag?post=3200"}],"curies":[{"name":"wp","href":"https:\/\/api.w.org\/{rel}","templated":true}]}}