{"id":3199,"date":"2022-08-30T15:00:09","date_gmt":"2022-08-30T13:00:09","guid":{"rendered":"https:\/\/legrenierdelatour.be\/brocante\/?post_type=product&#038;p=3199"},"modified":"2022-08-30T15:02:11","modified_gmt":"2022-08-30T13:02:11","slug":"cruche-thulin-591","status":"publish","type":"product","link":"https:\/\/legrenierdelatour.be\/brocante\/produit\/cruche-thulin-591\/","title":{"rendered":"Cruche Thulin 591"},"content":{"rendered":"<p>Jolie c\u00e9ramique de style Art D\u00e9co (12 cm de haut) portant sous sa base \u00ab\u00a0591\u00a0\u00bb, sans doute le num\u00e9ro de forme, ainsi qu\u2019une s\u00e9rie de chiffres difficilement d\u00e9chiffrables (S10 5?). Il est en tr\u00e8s bon \u00e9tat, issu de la manufacture belge Thulin (1887-1973), sans doute dans les ann\u00e9es 1930. Il s\u2019agit du d\u00e9cor Antica.<\/p>\n<div>R\u00e9f 14.18<\/div>\n","protected":false},"excerpt":{"rendered":"<p>Jolie c\u00e9ramique de style Art D\u00e9co (12 cm de haut) portant sous sa base \u00ab\u00a0591\u00a0\u00bb, sans doute le num\u00e9ro de forme, ainsi qu\u2019une s\u00e9rie de chiffres difficilement d\u00e9chiffrables (S10 5?). Il est en tr\u00e8s bon \u00e9tat, issu de la manufacture belge Thulin (1887-1973), sans doute dans les ann\u00e9es 1930. Il s\u2019agit du d\u00e9cor Antica. R\u00e9f&hellip;&nbsp;<a href=\"https:\/\/legrenierdelatour.be\/brocante\/produit\/cruche-thulin-591\/\" class=\"\" rel=\"bookmark\">Lire la suite &raquo;<span class=\"screen-reader-text\">Cruche Thulin 591<\/span><\/a><\/p>\n","protected":false},"featured_media":3176,"comment_status":"open","ping_status":"closed","template":"","meta":{"neve_meta_sidebar":"","neve_meta_container":"","neve_meta_enable_content_width":"off","neve_meta_content_width":100,"neve_meta_title_alignment":"","neve_meta_author_avatar":"","neve_post_elements_order":"","neve_meta_disable_header":"","neve_meta_disable_footer":"","neve_meta_disable_title":""},"product_brand":[],"product_cat":[37,16,177],"product_tag":[21,40,46],"class_list":{"0":"post-3199","1":"product","2":"type-product","3":"status-publish","4":"has-post-thumbnail","6":"product_cat-belgique","7":"product_cat-ceramique","8":"product_cat-thulin","9":"product_tag-art-deco","10":"product_tag-belgique","11":"product_tag-thulin","13":"first","14":"instock","15":"shipping-taxable","16":"purchasable","17":"product-type-simple"},"_links":{"self":[{"href":"https:\/\/legrenierdelatour.be\/brocante\/wp-json\/wp\/v2\/product\/3199","targetHints":{"allow":["GET"]}}],"collection":[{"href":"https:\/\/legrenierdelatour.be\/brocante\/wp-json\/wp\/v2\/product"}],"about":[{"href":"https:\/\/legrenierdelatour.be\/brocante\/wp-json\/wp\/v2\/types\/product"}],"replies":[{"embeddable":true,"href":"https:\/\/legrenierdelatour.be\/brocante\/wp-json\/wp\/v2\/comments?post=3199"}],"wp:featuredmedia":[{"embeddable":true,"href":"https:\/\/legrenierdelatour.be\/brocante\/wp-json\/wp\/v2\/media\/3176"}],"wp:attachment":[{"href":"https:\/\/legrenierdelatour.be\/brocante\/wp-json\/wp\/v2\/media?parent=3199"}],"wp:term":[{"taxonomy":"product_brand","embeddable":true,"href":"https:\/\/legrenierdelatour.be\/brocante\/wp-json\/wp\/v2\/product_brand?post=3199"},{"taxonomy":"product_cat","embeddable":true,"href":"https:\/\/legrenierdelatour.be\/brocante\/wp-json\/wp\/v2\/product_cat?post=3199"},{"taxonomy":"product_tag","embeddable":true,"href":"https:\/\/legrenierdelatour.be\/brocante\/wp-json\/wp\/v2\/product_tag?post=3199"}],"curies":[{"name":"wp","href":"https:\/\/api.w.org\/{rel}","templated":true}]}}