{"id":3118,"date":"2022-08-24T15:21:16","date_gmt":"2022-08-24T13:21:16","guid":{"rendered":"https:\/\/legrenierdelatour.be\/brocante\/?post_type=product&#038;p=3118"},"modified":"2026-04-07T10:58:59","modified_gmt":"2026-04-07T08:58:59","slug":"assiette-leon-nosbusch-simmer","status":"publish","type":"product","link":"https:\/\/legrenierdelatour.be\/brocante\/produit\/assiette-leon-nosbusch-simmer\/","title":{"rendered":"Assiette L\u00e9on Nosbusch Simmer"},"content":{"rendered":"<p>Assiette d\u00e9corative (19 cm de diam\u00e8tre) en c\u00e9ramique. Elle repr\u00e9sente l\u2019\u00e9glise de Simmer (Septfontaines), et a \u00e9t\u00e9 produite pour l\u2019anniversaire de la naissance de la ville en 1977. Elle a \u00e9t\u00e9 produite l\u2019artiste luxembourgeois L\u00e9on Nosbusch (1897-1979) sculpteur et peintre luxembourgeois qui a obtenu le Prix Grand-Duc Adolphe en 1929.<\/p>\n<div>R\u00e9f 13.101<\/div>\n","protected":false},"excerpt":{"rendered":"<p>Assiette d\u00e9corative (19 cm de diam\u00e8tre) en c\u00e9ramique. Elle repr\u00e9sente l\u2019\u00e9glise de Simmer (Septfontaines), et a \u00e9t\u00e9 produite pour l\u2019anniversaire de la naissance de la ville en 1977. Elle a \u00e9t\u00e9 produite l\u2019artiste luxembourgeois L\u00e9on Nosbusch (1897-1979) sculpteur et peintre luxembourgeois qui a obtenu le Prix Grand-Duc Adolphe en 1929. R\u00e9f 13.101<\/p>\n","protected":false},"featured_media":3115,"comment_status":"open","ping_status":"closed","template":"","meta":{"neve_meta_sidebar":"","neve_meta_container":"","neve_meta_enable_content_width":"off","neve_meta_content_width":100,"neve_meta_title_alignment":"","neve_meta_author_avatar":"","neve_post_elements_order":"","neve_meta_disable_header":"","neve_meta_disable_footer":"","neve_meta_disable_title":""},"product_brand":[],"product_cat":[16,165,30,166,55],"product_tag":[19,83],"class_list":{"0":"post-3118","1":"product","2":"type-product","3":"status-publish","4":"has-post-thumbnail","6":"product_cat-ceramique","7":"product_cat-luxembourg","8":"product_cat-luxemburgensia","9":"product_cat-luxemburgensia-luxemburgensia","10":"product_cat-vendu","11":"product_tag-faience","12":"product_tag-luxemburgensia","14":"first","15":"instock","16":"shipping-taxable","17":"purchasable","18":"product-type-simple"},"_links":{"self":[{"href":"https:\/\/legrenierdelatour.be\/brocante\/wp-json\/wp\/v2\/product\/3118","targetHints":{"allow":["GET"]}}],"collection":[{"href":"https:\/\/legrenierdelatour.be\/brocante\/wp-json\/wp\/v2\/product"}],"about":[{"href":"https:\/\/legrenierdelatour.be\/brocante\/wp-json\/wp\/v2\/types\/product"}],"replies":[{"embeddable":true,"href":"https:\/\/legrenierdelatour.be\/brocante\/wp-json\/wp\/v2\/comments?post=3118"}],"wp:featuredmedia":[{"embeddable":true,"href":"https:\/\/legrenierdelatour.be\/brocante\/wp-json\/wp\/v2\/media\/3115"}],"wp:attachment":[{"href":"https:\/\/legrenierdelatour.be\/brocante\/wp-json\/wp\/v2\/media?parent=3118"}],"wp:term":[{"taxonomy":"product_brand","embeddable":true,"href":"https:\/\/legrenierdelatour.be\/brocante\/wp-json\/wp\/v2\/product_brand?post=3118"},{"taxonomy":"product_cat","embeddable":true,"href":"https:\/\/legrenierdelatour.be\/brocante\/wp-json\/wp\/v2\/product_cat?post=3118"},{"taxonomy":"product_tag","embeddable":true,"href":"https:\/\/legrenierdelatour.be\/brocante\/wp-json\/wp\/v2\/product_tag?post=3118"}],"curies":[{"name":"wp","href":"https:\/\/api.w.org\/{rel}","templated":true}]}}