{"id":3091,"date":"2022-08-22T17:08:04","date_gmt":"2022-08-22T15:08:04","guid":{"rendered":"https:\/\/legrenierdelatour.be\/brocante\/?post_type=product&#038;p=3091"},"modified":"2022-08-22T17:08:04","modified_gmt":"2022-08-22T15:08:04","slug":"vide-poche-en-laiton-libellules-art-nouveau","status":"publish","type":"product","link":"https:\/\/legrenierdelatour.be\/brocante\/produit\/vide-poche-en-laiton-libellules-art-nouveau\/","title":{"rendered":"Vide-poche en laiton Libellules Art Nouveau"},"content":{"rendered":"<p>Joli vide-poche en laiton (10 cm de diam\u00e8tre) agr\u00e9ment\u00e9 de deux libellules. Une libellule doit \u00eatre remix\u00e9e et il y a quelques traces d&rsquo;oxydation. dans le style Art Nouveau, ce vide-poche date sans doute du d\u00e9but du 20\u00e8me si\u00e8cle.<\/p>\n<p>R\u00e9f 1.34<\/p>\n","protected":false},"excerpt":{"rendered":"<p>Joli vide-poche en laiton (10 cm de diam\u00e8tre) agr\u00e9ment\u00e9 de deux libellules. Une libellule doit \u00eatre remix\u00e9e et il y a quelques traces d&rsquo;oxydation. dans le style Art Nouveau, ce vide-poche date sans doute du d\u00e9but du 20\u00e8me si\u00e8cle. R\u00e9f 1.34<\/p>\n","protected":false},"featured_media":3092,"comment_status":"open","ping_status":"closed","template":"","meta":{"neve_meta_sidebar":"","neve_meta_container":"","neve_meta_enable_content_width":"off","neve_meta_content_width":100,"neve_meta_title_alignment":"","neve_meta_author_avatar":"","neve_post_elements_order":"","neve_meta_disable_header":"","neve_meta_disable_footer":"","neve_meta_disable_title":""},"product_brand":[],"product_cat":[109,186],"product_tag":[123],"class_list":{"0":"post-3091","1":"product","2":"type-product","3":"status-publish","4":"has-post-thumbnail","6":"product_cat-metal","7":"product_cat-laiton","8":"product_tag-art-nouveau","10":"first","11":"instock","12":"shipping-taxable","13":"purchasable","14":"product-type-simple"},"_links":{"self":[{"href":"https:\/\/legrenierdelatour.be\/brocante\/wp-json\/wp\/v2\/product\/3091","targetHints":{"allow":["GET"]}}],"collection":[{"href":"https:\/\/legrenierdelatour.be\/brocante\/wp-json\/wp\/v2\/product"}],"about":[{"href":"https:\/\/legrenierdelatour.be\/brocante\/wp-json\/wp\/v2\/types\/product"}],"replies":[{"embeddable":true,"href":"https:\/\/legrenierdelatour.be\/brocante\/wp-json\/wp\/v2\/comments?post=3091"}],"wp:featuredmedia":[{"embeddable":true,"href":"https:\/\/legrenierdelatour.be\/brocante\/wp-json\/wp\/v2\/media\/3092"}],"wp:attachment":[{"href":"https:\/\/legrenierdelatour.be\/brocante\/wp-json\/wp\/v2\/media?parent=3091"}],"wp:term":[{"taxonomy":"product_brand","embeddable":true,"href":"https:\/\/legrenierdelatour.be\/brocante\/wp-json\/wp\/v2\/product_brand?post=3091"},{"taxonomy":"product_cat","embeddable":true,"href":"https:\/\/legrenierdelatour.be\/brocante\/wp-json\/wp\/v2\/product_cat?post=3091"},{"taxonomy":"product_tag","embeddable":true,"href":"https:\/\/legrenierdelatour.be\/brocante\/wp-json\/wp\/v2\/product_tag?post=3091"}],"curies":[{"name":"wp","href":"https:\/\/api.w.org\/{rel}","templated":true}]}}