{"id":3073,"date":"2022-08-22T14:24:41","date_gmt":"2022-08-22T12:24:41","guid":{"rendered":"https:\/\/legrenierdelatour.be\/brocante\/?post_type=product&#038;p=3073"},"modified":"2022-08-22T14:24:41","modified_gmt":"2022-08-22T12:24:41","slug":"sauciere-faisans-royal-doulton","status":"publish","type":"product","link":"https:\/\/legrenierdelatour.be\/brocante\/produit\/sauciere-faisans-royal-doulton\/","title":{"rendered":"Sauci\u00e8re Faisans Royal Doulton"},"content":{"rendered":"<p>Beau saucier (16 cm de diam\u00e8tre) avec d\u00e9cor de faisans sans doute peint \u00e0 la main. En tr\u00e8s bon \u00e9tat si ce n\u2019est quelques craquelures d\u2019\u00e2ge, il a \u00e9t\u00e9 produit en Angleterre par la manufacture Royal Doulton (1815-2015 Fiskars) dans les ann\u00e9es 1930.<\/p>\n<div>R\u00e9f 13.90<\/div>\n","protected":false},"excerpt":{"rendered":"<p>Beau saucier (16 cm de diam\u00e8tre) avec d\u00e9cor de faisans sans doute peint \u00e0 la main. En tr\u00e8s bon \u00e9tat si ce n\u2019est quelques craquelures d\u2019\u00e2ge, il a \u00e9t\u00e9 produit en Angleterre par la manufacture Royal Doulton (1815-2015 Fiskars) dans les ann\u00e9es 1930. R\u00e9f 13.90<\/p>\n","protected":false},"featured_media":3063,"comment_status":"open","ping_status":"closed","template":"","meta":{"neve_meta_sidebar":"","neve_meta_container":"","neve_meta_enable_content_width":"off","neve_meta_content_width":100,"neve_meta_title_alignment":"","neve_meta_author_avatar":"","neve_post_elements_order":"","neve_meta_disable_header":"","neve_meta_disable_footer":"","neve_meta_disable_title":""},"product_brand":[],"product_cat":[159,172,16],"product_tag":[21,19],"class_list":{"0":"post-3073","1":"product","2":"type-product","3":"status-publish","4":"has-post-thumbnail","6":"product_cat-autres-pays","7":"product_cat-en-cuisine","8":"product_cat-ceramique","9":"product_tag-art-deco","10":"product_tag-faience","12":"first","13":"instock","14":"shipping-taxable","15":"purchasable","16":"product-type-simple"},"_links":{"self":[{"href":"https:\/\/legrenierdelatour.be\/brocante\/wp-json\/wp\/v2\/product\/3073","targetHints":{"allow":["GET"]}}],"collection":[{"href":"https:\/\/legrenierdelatour.be\/brocante\/wp-json\/wp\/v2\/product"}],"about":[{"href":"https:\/\/legrenierdelatour.be\/brocante\/wp-json\/wp\/v2\/types\/product"}],"replies":[{"embeddable":true,"href":"https:\/\/legrenierdelatour.be\/brocante\/wp-json\/wp\/v2\/comments?post=3073"}],"wp:featuredmedia":[{"embeddable":true,"href":"https:\/\/legrenierdelatour.be\/brocante\/wp-json\/wp\/v2\/media\/3063"}],"wp:attachment":[{"href":"https:\/\/legrenierdelatour.be\/brocante\/wp-json\/wp\/v2\/media?parent=3073"}],"wp:term":[{"taxonomy":"product_brand","embeddable":true,"href":"https:\/\/legrenierdelatour.be\/brocante\/wp-json\/wp\/v2\/product_brand?post=3073"},{"taxonomy":"product_cat","embeddable":true,"href":"https:\/\/legrenierdelatour.be\/brocante\/wp-json\/wp\/v2\/product_cat?post=3073"},{"taxonomy":"product_tag","embeddable":true,"href":"https:\/\/legrenierdelatour.be\/brocante\/wp-json\/wp\/v2\/product_tag?post=3073"}],"curies":[{"name":"wp","href":"https:\/\/api.w.org\/{rel}","templated":true}]}}