{"id":3052,"date":"2022-08-17T17:57:45","date_gmt":"2022-08-17T15:57:45","guid":{"rendered":"https:\/\/legrenierdelatour.be\/brocante\/?post_type=product&#038;p=3052"},"modified":"2022-08-30T15:36:36","modified_gmt":"2022-08-30T13:36:36","slug":"flacon-a-liqueur-et-verres-cristalor","status":"publish","type":"product","link":"https:\/\/legrenierdelatour.be\/brocante\/produit\/flacon-a-liqueur-et-verres-cristalor\/","title":{"rendered":"Flacon \u00e0 liqueur et verres Cristalor"},"content":{"rendered":"<p>Beau flacon \u00e0 liqueur (19 cm de haut avec bouchon) et 5 verres (5,5 cm de haut), avec petite \u00e9tiquette Cristalor. Un petit \u00ab\u00a0F\u00a0\u00bb est peint en dor\u00e9 sous la base du flacon. L\u2019ensemble est en parfait \u00e9tat et date sans doute des ann\u00e9es 1930-50.<\/p>\n<div>R\u00e9f 13.85<\/div>\n","protected":false},"excerpt":{"rendered":"<p>Beau flacon \u00e0 liqueur (19 cm de haut avec bouchon) et 5 verres (5,5 cm de haut), avec petite \u00e9tiquette Cristalor. Un petit \u00ab\u00a0F\u00a0\u00bb est peint en dor\u00e9 sous la base du flacon. L\u2019ensemble est en parfait \u00e9tat et date sans doute des ann\u00e9es 1930-50. R\u00e9f 13.85<\/p>\n","protected":false},"featured_media":3053,"comment_status":"open","ping_status":"closed","template":"","meta":{"neve_meta_sidebar":"","neve_meta_container":"","neve_meta_enable_content_width":"off","neve_meta_content_width":100,"neve_meta_title_alignment":"","neve_meta_author_avatar":"","neve_post_elements_order":"","neve_meta_disable_header":"","neve_meta_disable_footer":"","neve_meta_disable_title":""},"product_brand":[],"product_cat":[163,22],"product_tag":[21],"class_list":{"0":"post-3052","1":"product","2":"type-product","3":"status-publish","4":"has-post-thumbnail","6":"product_cat-productions-francaises","7":"product_cat-verrerie","8":"product_tag-art-deco","10":"first","11":"instock","12":"shipping-taxable","13":"purchasable","14":"product-type-simple"},"_links":{"self":[{"href":"https:\/\/legrenierdelatour.be\/brocante\/wp-json\/wp\/v2\/product\/3052","targetHints":{"allow":["GET"]}}],"collection":[{"href":"https:\/\/legrenierdelatour.be\/brocante\/wp-json\/wp\/v2\/product"}],"about":[{"href":"https:\/\/legrenierdelatour.be\/brocante\/wp-json\/wp\/v2\/types\/product"}],"replies":[{"embeddable":true,"href":"https:\/\/legrenierdelatour.be\/brocante\/wp-json\/wp\/v2\/comments?post=3052"}],"wp:featuredmedia":[{"embeddable":true,"href":"https:\/\/legrenierdelatour.be\/brocante\/wp-json\/wp\/v2\/media\/3053"}],"wp:attachment":[{"href":"https:\/\/legrenierdelatour.be\/brocante\/wp-json\/wp\/v2\/media?parent=3052"}],"wp:term":[{"taxonomy":"product_brand","embeddable":true,"href":"https:\/\/legrenierdelatour.be\/brocante\/wp-json\/wp\/v2\/product_brand?post=3052"},{"taxonomy":"product_cat","embeddable":true,"href":"https:\/\/legrenierdelatour.be\/brocante\/wp-json\/wp\/v2\/product_cat?post=3052"},{"taxonomy":"product_tag","embeddable":true,"href":"https:\/\/legrenierdelatour.be\/brocante\/wp-json\/wp\/v2\/product_tag?post=3052"}],"curies":[{"name":"wp","href":"https:\/\/api.w.org\/{rel}","templated":true}]}}