{"id":284,"date":"2022-02-14T20:52:46","date_gmt":"2022-02-14T19:52:46","guid":{"rendered":"https:\/\/legrenierdelatour.be\/brocante\/?post_type=product&#038;p=284"},"modified":"2022-05-19T17:34:53","modified_gmt":"2022-05-19T15:34:53","slug":"assiette-mariage-princier-recktenwald","status":"publish","type":"product","link":"https:\/\/legrenierdelatour.be\/brocante\/produit\/assiette-mariage-princier-recktenwald\/","title":{"rendered":"Assiette \u00ab\u00a0Mariage princier\u00a0\u00bb Recktenwald"},"content":{"rendered":"<p>Assiette (19 cm) avec dessin du \u00ab\u00a0Mariage princier\u00a0\u00bb \u00e9dit\u00e9e par\u00a0\u00bbWenger Trapper\u00a0\u00bb \u00e0 l&rsquo;occasion de leur 9\u00e8me marche internationale de 20 kms, produite par Kronester Bavaria en ce qui concerne l&rsquo;assiette en fa\u00efence et par Recktenwald pour l&rsquo;impression.<\/p>\n<p>R\u00e9f 8.43<\/p>\n","protected":false},"excerpt":{"rendered":"<p>Assiette (19 cm) avec dessin du \u00ab\u00a0Mariage princier\u00a0\u00bb \u00e9dit\u00e9e par\u00a0\u00bbWenger Trapper\u00a0\u00bb \u00e0 l&rsquo;occasion de leur 9\u00e8me marche internationale de 20 kms, produite par Kronester Bavaria en ce qui concerne l&rsquo;assiette en fa\u00efence et par Recktenwald pour l&rsquo;impression. R\u00e9f 8.43<\/p>\n","protected":false},"featured_media":286,"comment_status":"open","ping_status":"closed","template":"","meta":{"neve_meta_sidebar":"","neve_meta_container":"","neve_meta_enable_content_width":"off","neve_meta_content_width":100,"neve_meta_title_alignment":"","neve_meta_author_avatar":"","neve_post_elements_order":"","neve_meta_disable_header":"","neve_meta_disable_footer":"","neve_meta_disable_title":""},"product_brand":[],"product_cat":[15,16,165,30,166],"product_tag":[19],"class_list":{"0":"post-284","1":"product","2":"type-product","3":"status-publish","4":"has-post-thumbnail","6":"product_cat-non-classe","7":"product_cat-ceramique","8":"product_cat-luxembourg","9":"product_cat-luxemburgensia","10":"product_cat-luxemburgensia-luxemburgensia","11":"product_tag-faience","13":"first","14":"instock","15":"shipping-taxable","16":"purchasable","17":"product-type-simple"},"_links":{"self":[{"href":"https:\/\/legrenierdelatour.be\/brocante\/wp-json\/wp\/v2\/product\/284","targetHints":{"allow":["GET"]}}],"collection":[{"href":"https:\/\/legrenierdelatour.be\/brocante\/wp-json\/wp\/v2\/product"}],"about":[{"href":"https:\/\/legrenierdelatour.be\/brocante\/wp-json\/wp\/v2\/types\/product"}],"replies":[{"embeddable":true,"href":"https:\/\/legrenierdelatour.be\/brocante\/wp-json\/wp\/v2\/comments?post=284"}],"wp:featuredmedia":[{"embeddable":true,"href":"https:\/\/legrenierdelatour.be\/brocante\/wp-json\/wp\/v2\/media\/286"}],"wp:attachment":[{"href":"https:\/\/legrenierdelatour.be\/brocante\/wp-json\/wp\/v2\/media?parent=284"}],"wp:term":[{"taxonomy":"product_brand","embeddable":true,"href":"https:\/\/legrenierdelatour.be\/brocante\/wp-json\/wp\/v2\/product_brand?post=284"},{"taxonomy":"product_cat","embeddable":true,"href":"https:\/\/legrenierdelatour.be\/brocante\/wp-json\/wp\/v2\/product_cat?post=284"},{"taxonomy":"product_tag","embeddable":true,"href":"https:\/\/legrenierdelatour.be\/brocante\/wp-json\/wp\/v2\/product_tag?post=284"}],"curies":[{"name":"wp","href":"https:\/\/api.w.org\/{rel}","templated":true}]}}