{"id":260,"date":"2022-02-14T18:45:48","date_gmt":"2022-02-14T17:45:48","guid":{"rendered":"https:\/\/legrenierdelatour.be\/brocante\/?post_type=product&#038;p=260"},"modified":"2022-05-19T17:36:53","modified_gmt":"2022-05-19T15:36:53","slug":"assiette-remerschen-villeroy-boch","status":"publish","type":"product","link":"https:\/\/legrenierdelatour.be\/brocante\/produit\/assiette-remerschen-villeroy-boch\/","title":{"rendered":"Assiette \u00ab\u00a0Remerschen\u00a0\u00bb Villeroy &#038; Boch"},"content":{"rendered":"<p>Assiette (26 cm) repr\u00e9sentant l&rsquo;\u00e9glise de Remerschen, peinte \u00e0 la main, produite par Villeroy &amp; Boch en 1979. Tr\u00e8s bon \u00e9tat. A l&rsquo;arri\u00e8re \u00ab\u00a0C.J Remerschen \/ 1969-1979 \/ N\u00b06\u00a0\u00bb ; sign\u00e9e (non lisible) et num\u00e9rot\u00e9e.<\/p>\n<p>R\u00e9f 3.42<\/p>\n","protected":false},"excerpt":{"rendered":"<p>Assiette (26 cm) repr\u00e9sentant l&rsquo;\u00e9glise de Remerschen, peinte \u00e0 la main, produite par Villeroy &amp; Boch en 1979. Tr\u00e8s bon \u00e9tat. A l&rsquo;arri\u00e8re \u00ab\u00a0C.J Remerschen \/ 1969-1979 \/ N\u00b06\u00a0\u00bb ; sign\u00e9e (non lisible) et num\u00e9rot\u00e9e. R\u00e9f 3.42<\/p>\n","protected":false},"featured_media":261,"comment_status":"open","ping_status":"closed","template":"","meta":{"neve_meta_sidebar":"","neve_meta_container":"","neve_meta_enable_content_width":"off","neve_meta_content_width":100,"neve_meta_title_alignment":"","neve_meta_author_avatar":"","neve_post_elements_order":"","neve_meta_disable_header":"","neve_meta_disable_footer":"","neve_meta_disable_title":""},"product_brand":[],"product_cat":[15,16,165,30,166,29],"product_tag":[],"class_list":{"0":"post-260","1":"product","2":"type-product","3":"status-publish","4":"has-post-thumbnail","6":"product_cat-non-classe","7":"product_cat-ceramique","8":"product_cat-luxembourg","9":"product_cat-luxemburgensia","10":"product_cat-luxemburgensia-luxemburgensia","11":"product_cat-villeroy-boch","13":"first","14":"instock","15":"shipping-taxable","16":"purchasable","17":"product-type-simple"},"_links":{"self":[{"href":"https:\/\/legrenierdelatour.be\/brocante\/wp-json\/wp\/v2\/product\/260","targetHints":{"allow":["GET"]}}],"collection":[{"href":"https:\/\/legrenierdelatour.be\/brocante\/wp-json\/wp\/v2\/product"}],"about":[{"href":"https:\/\/legrenierdelatour.be\/brocante\/wp-json\/wp\/v2\/types\/product"}],"replies":[{"embeddable":true,"href":"https:\/\/legrenierdelatour.be\/brocante\/wp-json\/wp\/v2\/comments?post=260"}],"wp:featuredmedia":[{"embeddable":true,"href":"https:\/\/legrenierdelatour.be\/brocante\/wp-json\/wp\/v2\/media\/261"}],"wp:attachment":[{"href":"https:\/\/legrenierdelatour.be\/brocante\/wp-json\/wp\/v2\/media?parent=260"}],"wp:term":[{"taxonomy":"product_brand","embeddable":true,"href":"https:\/\/legrenierdelatour.be\/brocante\/wp-json\/wp\/v2\/product_brand?post=260"},{"taxonomy":"product_cat","embeddable":true,"href":"https:\/\/legrenierdelatour.be\/brocante\/wp-json\/wp\/v2\/product_cat?post=260"},{"taxonomy":"product_tag","embeddable":true,"href":"https:\/\/legrenierdelatour.be\/brocante\/wp-json\/wp\/v2\/product_tag?post=260"}],"curies":[{"name":"wp","href":"https:\/\/api.w.org\/{rel}","templated":true}]}}