{"id":256,"date":"2022-02-14T18:20:30","date_gmt":"2022-02-14T17:20:30","guid":{"rendered":"https:\/\/legrenierdelatour.be\/brocante\/?post_type=product&#038;p=256"},"modified":"2022-05-19T17:37:14","modified_gmt":"2022-05-19T15:37:14","slug":"assiette-eglise-de-village-par-carlo-schneider-villeroy-boch","status":"publish","type":"product","link":"https:\/\/legrenierdelatour.be\/brocante\/produit\/assiette-eglise-de-village-par-carlo-schneider-villeroy-boch\/","title":{"rendered":"Assiette, \u00e9glise de village par Carlo Schneider, Villeroy &#038; Boch"},"content":{"rendered":"<p>Assiette (23 cm) avec repr\u00e9sentation d&rsquo;une \u00e9glise de village non identifi\u00e9, d&rsquo;apr\u00e8s un dessin de Carlo Schneider (n\u00e9 en 1956 \u00e0 Luxembourg), produite par Villeroy &amp; Boch Luxembourg en 1986. Signature sur le dessin \u00ab\u00a0Schneider 86\u00a0\u00bb. Tr\u00e8s bon \u00e9tat.<\/p>\n<p>R\u00e9f 3.41<\/p>\n","protected":false},"excerpt":{"rendered":"<p>Assiette (23 cm) avec repr\u00e9sentation d&rsquo;une \u00e9glise de village non identifi\u00e9, d&rsquo;apr\u00e8s un dessin de Carlo Schneider (n\u00e9 en 1956 \u00e0 Luxembourg), produite par Villeroy &amp; Boch Luxembourg en 1986. Signature sur le dessin \u00ab\u00a0Schneider 86\u00a0\u00bb. Tr\u00e8s bon \u00e9tat. R\u00e9f 3.41<\/p>\n","protected":false},"featured_media":257,"comment_status":"open","ping_status":"closed","template":"","meta":{"neve_meta_sidebar":"","neve_meta_container":"","neve_meta_enable_content_width":"off","neve_meta_content_width":100,"neve_meta_title_alignment":"","neve_meta_author_avatar":"","neve_post_elements_order":"","neve_meta_disable_header":"","neve_meta_disable_footer":"","neve_meta_disable_title":""},"product_brand":[],"product_cat":[15,16,165,30,166,29],"product_tag":[],"class_list":{"0":"post-256","1":"product","2":"type-product","3":"status-publish","4":"has-post-thumbnail","6":"product_cat-non-classe","7":"product_cat-ceramique","8":"product_cat-luxembourg","9":"product_cat-luxemburgensia","10":"product_cat-luxemburgensia-luxemburgensia","11":"product_cat-villeroy-boch","13":"first","14":"instock","15":"shipping-taxable","16":"purchasable","17":"product-type-simple"},"_links":{"self":[{"href":"https:\/\/legrenierdelatour.be\/brocante\/wp-json\/wp\/v2\/product\/256","targetHints":{"allow":["GET"]}}],"collection":[{"href":"https:\/\/legrenierdelatour.be\/brocante\/wp-json\/wp\/v2\/product"}],"about":[{"href":"https:\/\/legrenierdelatour.be\/brocante\/wp-json\/wp\/v2\/types\/product"}],"replies":[{"embeddable":true,"href":"https:\/\/legrenierdelatour.be\/brocante\/wp-json\/wp\/v2\/comments?post=256"}],"wp:featuredmedia":[{"embeddable":true,"href":"https:\/\/legrenierdelatour.be\/brocante\/wp-json\/wp\/v2\/media\/257"}],"wp:attachment":[{"href":"https:\/\/legrenierdelatour.be\/brocante\/wp-json\/wp\/v2\/media?parent=256"}],"wp:term":[{"taxonomy":"product_brand","embeddable":true,"href":"https:\/\/legrenierdelatour.be\/brocante\/wp-json\/wp\/v2\/product_brand?post=256"},{"taxonomy":"product_cat","embeddable":true,"href":"https:\/\/legrenierdelatour.be\/brocante\/wp-json\/wp\/v2\/product_cat?post=256"},{"taxonomy":"product_tag","embeddable":true,"href":"https:\/\/legrenierdelatour.be\/brocante\/wp-json\/wp\/v2\/product_tag?post=256"}],"curies":[{"name":"wp","href":"https:\/\/api.w.org\/{rel}","templated":true}]}}