{"id":242,"date":"2022-02-10T15:45:32","date_gmt":"2022-02-10T14:45:32","guid":{"rendered":"https:\/\/legrenierdelatour.be\/brocante\/?post_type=product&#038;p=242"},"modified":"2022-08-25T16:27:16","modified_gmt":"2022-08-25T14:27:16","slug":"assiettes-avec-souverains-luxembourgeois-villeroy-boch-luxembourg","status":"publish","type":"product","link":"https:\/\/legrenierdelatour.be\/brocante\/produit\/assiettes-avec-souverains-luxembourgeois-villeroy-boch-luxembourg\/","title":{"rendered":"Assiettes avec souverains luxembourgeois Villeroy &#038; Boch Luxembourg"},"content":{"rendered":"<p>Ensemble de 8 assiettes (24 cm) \u00e9dit\u00e9e par l\u00a0\u00bbAmicale Anciens A.S. L\u00ebtzebuerg-F\u00ebschmaart\u00a0\u00bb \u00e0 l&rsquo;occasion de l&rsquo;Emaischen 1983 \u00e0 1990 en fonction des assiettes\u00a0\u00bb, d&rsquo;apr\u00e8s un dessin de Sang Henzig et produite par Villeroy &amp; Boch Luxembourg. Les assiettes sont num\u00e9rot\u00e9es 299, en \u00e9tat impeccable, encore dans leur carton.<\/p>\n<p>Les assiettes repr\u00e9sentant Cun\u00e9gonde et celle repr\u00e9sentant Hary 2 restent disponibles.<\/p>\n<p>R\u00e9f 8.80 \u00e0 8.87<\/p>\n","protected":false},"excerpt":{"rendered":"<p>Ensemble de 8 assiettes (24 cm) \u00e9dit\u00e9e par l\u00a0\u00bbAmicale Anciens A.S. L\u00ebtzebuerg-F\u00ebschmaart\u00a0\u00bb \u00e0 l&rsquo;occasion de l&rsquo;Emaischen 1983 \u00e0 1990 en fonction des assiettes\u00a0\u00bb, d&rsquo;apr\u00e8s un dessin de Sang Henzig et produite par Villeroy &amp; Boch Luxembourg. Les assiettes sont num\u00e9rot\u00e9es 299, en \u00e9tat impeccable, encore dans leur carton. Les assiettes repr\u00e9sentant Cun\u00e9gonde et celle repr\u00e9sentant&hellip;&nbsp;<a href=\"https:\/\/legrenierdelatour.be\/brocante\/produit\/assiettes-avec-souverains-luxembourgeois-villeroy-boch-luxembourg\/\" class=\"\" rel=\"bookmark\">Lire la suite &raquo;<span class=\"screen-reader-text\">Assiettes avec souverains luxembourgeois Villeroy &#038; Boch Luxembourg<\/span><\/a><\/p>\n","protected":false},"featured_media":234,"comment_status":"open","ping_status":"closed","template":"","meta":{"neve_meta_sidebar":"","neve_meta_container":"","neve_meta_enable_content_width":"off","neve_meta_content_width":100,"neve_meta_title_alignment":"","neve_meta_author_avatar":"","neve_post_elements_order":"","neve_meta_disable_header":"","neve_meta_disable_footer":"","neve_meta_disable_title":""},"product_brand":[],"product_cat":[15,16,165,30,166,29],"product_tag":[19,32],"class_list":{"0":"post-242","1":"product","2":"type-product","3":"status-publish","4":"has-post-thumbnail","6":"product_cat-non-classe","7":"product_cat-ceramique","8":"product_cat-luxembourg","9":"product_cat-luxemburgensia","10":"product_cat-luxemburgensia-luxemburgensia","11":"product_cat-villeroy-boch","12":"product_tag-faience","13":"product_tag-villeroy-et-boch","15":"first","16":"instock","17":"shipping-taxable","18":"purchasable","19":"product-type-simple"},"_links":{"self":[{"href":"https:\/\/legrenierdelatour.be\/brocante\/wp-json\/wp\/v2\/product\/242","targetHints":{"allow":["GET"]}}],"collection":[{"href":"https:\/\/legrenierdelatour.be\/brocante\/wp-json\/wp\/v2\/product"}],"about":[{"href":"https:\/\/legrenierdelatour.be\/brocante\/wp-json\/wp\/v2\/types\/product"}],"replies":[{"embeddable":true,"href":"https:\/\/legrenierdelatour.be\/brocante\/wp-json\/wp\/v2\/comments?post=242"}],"wp:featuredmedia":[{"embeddable":true,"href":"https:\/\/legrenierdelatour.be\/brocante\/wp-json\/wp\/v2\/media\/234"}],"wp:attachment":[{"href":"https:\/\/legrenierdelatour.be\/brocante\/wp-json\/wp\/v2\/media?parent=242"}],"wp:term":[{"taxonomy":"product_brand","embeddable":true,"href":"https:\/\/legrenierdelatour.be\/brocante\/wp-json\/wp\/v2\/product_brand?post=242"},{"taxonomy":"product_cat","embeddable":true,"href":"https:\/\/legrenierdelatour.be\/brocante\/wp-json\/wp\/v2\/product_cat?post=242"},{"taxonomy":"product_tag","embeddable":true,"href":"https:\/\/legrenierdelatour.be\/brocante\/wp-json\/wp\/v2\/product_tag?post=242"}],"curies":[{"name":"wp","href":"https:\/\/api.w.org\/{rel}","templated":true}]}}