{"id":2336,"date":"2022-06-04T15:01:23","date_gmt":"2022-06-04T13:01:23","guid":{"rendered":"https:\/\/legrenierdelatour.be\/brocante\/?post_type=product&#038;p=2336"},"modified":"2022-06-04T15:01:23","modified_gmt":"2022-06-04T13:01:23","slug":"assiette-izel-1982","status":"publish","type":"product","link":"https:\/\/legrenierdelatour.be\/brocante\/produit\/assiette-izel-1982\/","title":{"rendered":"Assiette Izel 1982"},"content":{"rendered":"<p>Assiette en gr\u00e8s verniss\u00e9e (19 cm de diam\u00e8tre), produite dans l\u2019atelier Le Tournemain \u00e0 Pin en 1982. L\u2019assiette est en tr\u00e8s bon \u00e9tat.<\/p>\n<div>R\u00e9f 12.14<\/div>\n","protected":false},"excerpt":{"rendered":"<p>Assiette en gr\u00e8s verniss\u00e9e (19 cm de diam\u00e8tre), produite dans l\u2019atelier Le Tournemain \u00e0 Pin en 1982. L\u2019assiette est en tr\u00e8s bon \u00e9tat. R\u00e9f 12.14<\/p>\n","protected":false},"featured_media":2312,"comment_status":"open","ping_status":"closed","template":"","meta":{"neve_meta_sidebar":"","neve_meta_container":"","neve_meta_enable_content_width":"off","neve_meta_content_width":100,"neve_meta_title_alignment":"","neve_meta_author_avatar":"","neve_post_elements_order":"","neve_meta_disable_header":"","neve_meta_disable_footer":"","neve_meta_disable_title":""},"product_brand":[],"product_cat":[37,16,30,31],"product_tag":[40,113,112],"class_list":{"0":"post-2336","1":"product","2":"type-product","3":"status-publish","4":"has-post-thumbnail","6":"product_cat-belgique","7":"product_cat-ceramique","8":"product_cat-luxemburgensia","9":"product_cat-pays-darlon","10":"product_tag-belgique","11":"product_tag-gres","12":"product_tag-pays-darlon","14":"first","15":"instock","16":"shipping-taxable","17":"purchasable","18":"product-type-simple"},"_links":{"self":[{"href":"https:\/\/legrenierdelatour.be\/brocante\/wp-json\/wp\/v2\/product\/2336","targetHints":{"allow":["GET"]}}],"collection":[{"href":"https:\/\/legrenierdelatour.be\/brocante\/wp-json\/wp\/v2\/product"}],"about":[{"href":"https:\/\/legrenierdelatour.be\/brocante\/wp-json\/wp\/v2\/types\/product"}],"replies":[{"embeddable":true,"href":"https:\/\/legrenierdelatour.be\/brocante\/wp-json\/wp\/v2\/comments?post=2336"}],"wp:featuredmedia":[{"embeddable":true,"href":"https:\/\/legrenierdelatour.be\/brocante\/wp-json\/wp\/v2\/media\/2312"}],"wp:attachment":[{"href":"https:\/\/legrenierdelatour.be\/brocante\/wp-json\/wp\/v2\/media?parent=2336"}],"wp:term":[{"taxonomy":"product_brand","embeddable":true,"href":"https:\/\/legrenierdelatour.be\/brocante\/wp-json\/wp\/v2\/product_brand?post=2336"},{"taxonomy":"product_cat","embeddable":true,"href":"https:\/\/legrenierdelatour.be\/brocante\/wp-json\/wp\/v2\/product_cat?post=2336"},{"taxonomy":"product_tag","embeddable":true,"href":"https:\/\/legrenierdelatour.be\/brocante\/wp-json\/wp\/v2\/product_tag?post=2336"}],"curies":[{"name":"wp","href":"https:\/\/api.w.org\/{rel}","templated":true}]}}