{"id":2271,"date":"2022-06-03T12:04:16","date_gmt":"2022-06-03T10:04:16","guid":{"rendered":"https:\/\/legrenierdelatour.be\/brocante\/?post_type=product&#038;p=2271"},"modified":"2024-11-07T15:34:58","modified_gmt":"2024-11-07T14:34:58","slug":"coupelles-canards-ornis-waechtersbach","status":"publish","type":"product","link":"https:\/\/legrenierdelatour.be\/brocante\/produit\/coupelles-canards-ornis-waechtersbach\/","title":{"rendered":"Coupelle \u00ab\u00a0Canards\u00a0\u00bb Ornis Waechtersbach"},"content":{"rendered":"<p>Coupelle (11 cm de c\u00f4t\u00e9) repr\u00e9sentant des canards, en parfait \u00e9tat. Elle est issue de la manufacture Waechtersbach en Bavi\u00e8re, de la collection Ornis et portent le num\u00e9ro de moule 10252\/1 et \/2. Elles datent sans doute des ann\u00e9es 1950.<\/p>\n<div>R\u00e9f 11.93<\/div>\n","protected":false},"excerpt":{"rendered":"<p>Coupelle (11 cm de c\u00f4t\u00e9) repr\u00e9sentant des canards, en parfait \u00e9tat. Elle est issue de la manufacture Waechtersbach en Bavi\u00e8re, de la collection Ornis et portent le num\u00e9ro de moule 10252\/1 et \/2. Elles datent sans doute des ann\u00e9es 1950. R\u00e9f 11.93<\/p>\n","protected":false},"featured_media":2251,"comment_status":"open","ping_status":"closed","template":"","meta":{"neve_meta_sidebar":"","neve_meta_container":"","neve_meta_enable_content_width":"off","neve_meta_content_width":100,"neve_meta_title_alignment":"","neve_meta_author_avatar":"","neve_post_elements_order":"","neve_meta_disable_header":"","neve_meta_disable_footer":"","neve_meta_disable_title":""},"product_brand":[],"product_cat":[48,168,16],"product_tag":[154,74,49],"class_list":{"0":"post-2271","1":"product","2":"type-product","3":"status-publish","4":"has-post-thumbnail","6":"product_cat-allemagne","7":"product_cat-bavaria","8":"product_cat-ceramique","9":"product_tag-bavaria","10":"product_tag-porcelaine","11":"product_tag-west-germany","13":"first","14":"instock","15":"shipping-taxable","16":"purchasable","17":"product-type-simple"},"_links":{"self":[{"href":"https:\/\/legrenierdelatour.be\/brocante\/wp-json\/wp\/v2\/product\/2271","targetHints":{"allow":["GET"]}}],"collection":[{"href":"https:\/\/legrenierdelatour.be\/brocante\/wp-json\/wp\/v2\/product"}],"about":[{"href":"https:\/\/legrenierdelatour.be\/brocante\/wp-json\/wp\/v2\/types\/product"}],"replies":[{"embeddable":true,"href":"https:\/\/legrenierdelatour.be\/brocante\/wp-json\/wp\/v2\/comments?post=2271"}],"wp:featuredmedia":[{"embeddable":true,"href":"https:\/\/legrenierdelatour.be\/brocante\/wp-json\/wp\/v2\/media\/2251"}],"wp:attachment":[{"href":"https:\/\/legrenierdelatour.be\/brocante\/wp-json\/wp\/v2\/media?parent=2271"}],"wp:term":[{"taxonomy":"product_brand","embeddable":true,"href":"https:\/\/legrenierdelatour.be\/brocante\/wp-json\/wp\/v2\/product_brand?post=2271"},{"taxonomy":"product_cat","embeddable":true,"href":"https:\/\/legrenierdelatour.be\/brocante\/wp-json\/wp\/v2\/product_cat?post=2271"},{"taxonomy":"product_tag","embeddable":true,"href":"https:\/\/legrenierdelatour.be\/brocante\/wp-json\/wp\/v2\/product_tag?post=2271"}],"curies":[{"name":"wp","href":"https:\/\/api.w.org\/{rel}","templated":true}]}}