{"id":2134,"date":"2022-05-20T13:10:57","date_gmt":"2022-05-20T11:10:57","guid":{"rendered":"https:\/\/legrenierdelatour.be\/brocante\/?post_type=product&#038;p=2134"},"modified":"2022-05-20T13:10:58","modified_gmt":"2022-05-20T11:10:58","slug":"carafe-a-liqueur-en-verre","status":"publish","type":"product","link":"https:\/\/legrenierdelatour.be\/brocante\/produit\/carafe-a-liqueur-en-verre\/","title":{"rendered":"Carafe \u00e0 liqueur en verre"},"content":{"rendered":"<p>Carafe \u00e0 liqueur en verre souffl\u00e9 (21 cm de haut) vert sabl\u00e9 et or peint \u00e0 la main. Il est en tr\u00e8s bon \u00e9tat si ce n\u2019est un l\u00e9ger coup sur le goulot. sans marque de fabricant visible, il est cependant dans le style de la manufacture Boom, et est sign\u00e9 d\u2019un A dor\u00e9 sous la base. Il date probablement des ann\u00e9es 1950.<\/p>\n<div>R\u00e9f 11.58<\/div>\n","protected":false},"excerpt":{"rendered":"<p>Carafe \u00e0 liqueur en verre souffl\u00e9 (21 cm de haut) vert sabl\u00e9 et or peint \u00e0 la main. Il est en tr\u00e8s bon \u00e9tat si ce n\u2019est un l\u00e9ger coup sur le goulot. sans marque de fabricant visible, il est cependant dans le style de la manufacture Boom, et est sign\u00e9 d\u2019un A dor\u00e9 sous&hellip;&nbsp;<a href=\"https:\/\/legrenierdelatour.be\/brocante\/produit\/carafe-a-liqueur-en-verre\/\" class=\"\" rel=\"bookmark\">Lire la suite &raquo;<span class=\"screen-reader-text\">Carafe \u00e0 liqueur en verre<\/span><\/a><\/p>\n","protected":false},"featured_media":2121,"comment_status":"open","ping_status":"closed","template":"","meta":{"neve_meta_sidebar":"","neve_meta_container":"","neve_meta_enable_content_width":"off","neve_meta_content_width":100,"neve_meta_title_alignment":"","neve_meta_author_avatar":"","neve_post_elements_order":"","neve_meta_disable_header":"","neve_meta_disable_footer":"","neve_meta_disable_title":""},"product_brand":[],"product_cat":[106,172,162,22],"product_tag":[21,40,100,28],"class_list":{"0":"post-2134","1":"product","2":"type-product","3":"status-publish","4":"has-post-thumbnail","6":"product_cat-boom","7":"product_cat-en-cuisine","8":"product_cat-productions-belges","9":"product_cat-verrerie","10":"product_tag-art-deco","11":"product_tag-belgique","12":"product_tag-boom","13":"product_tag-vintage","15":"first","16":"instock","17":"shipping-taxable","18":"purchasable","19":"product-type-simple"},"_links":{"self":[{"href":"https:\/\/legrenierdelatour.be\/brocante\/wp-json\/wp\/v2\/product\/2134","targetHints":{"allow":["GET"]}}],"collection":[{"href":"https:\/\/legrenierdelatour.be\/brocante\/wp-json\/wp\/v2\/product"}],"about":[{"href":"https:\/\/legrenierdelatour.be\/brocante\/wp-json\/wp\/v2\/types\/product"}],"replies":[{"embeddable":true,"href":"https:\/\/legrenierdelatour.be\/brocante\/wp-json\/wp\/v2\/comments?post=2134"}],"wp:featuredmedia":[{"embeddable":true,"href":"https:\/\/legrenierdelatour.be\/brocante\/wp-json\/wp\/v2\/media\/2121"}],"wp:attachment":[{"href":"https:\/\/legrenierdelatour.be\/brocante\/wp-json\/wp\/v2\/media?parent=2134"}],"wp:term":[{"taxonomy":"product_brand","embeddable":true,"href":"https:\/\/legrenierdelatour.be\/brocante\/wp-json\/wp\/v2\/product_brand?post=2134"},{"taxonomy":"product_cat","embeddable":true,"href":"https:\/\/legrenierdelatour.be\/brocante\/wp-json\/wp\/v2\/product_cat?post=2134"},{"taxonomy":"product_tag","embeddable":true,"href":"https:\/\/legrenierdelatour.be\/brocante\/wp-json\/wp\/v2\/product_tag?post=2134"}],"curies":[{"name":"wp","href":"https:\/\/api.w.org\/{rel}","templated":true}]}}