{"id":1995,"date":"2022-04-27T16:53:26","date_gmt":"2022-04-27T14:53:26","guid":{"rendered":"https:\/\/legrenierdelatour.be\/brocante\/?post_type=product&#038;p=1995"},"modified":"2022-08-30T15:54:53","modified_gmt":"2022-08-30T13:54:53","slug":"carreau-de-faience-tour-de-lancienne-eglise-daubange","status":"publish","type":"product","link":"https:\/\/legrenierdelatour.be\/brocante\/produit\/carreau-de-faience-tour-de-lancienne-eglise-daubange\/","title":{"rendered":"Carreau de fa\u00efence \u00ab\u00a0Tour de l&rsquo;ancienne \u00e9glise d&rsquo;Aubange\u00a0\u00bb"},"content":{"rendered":"<p>Petit carreau \u00e9maill\u00e9 (11 cm de c\u00f4t\u00e9) fabriqu\u00e9 en Belgique, avec impression de la tour de l\u2019ancienne \u00e9glise d\u2019Aubange. Cette tour a \u00e9t\u00e9 construite en 1622 et abattue en 1948.<\/p>\n<p>Deux exemplaires disponibles.<\/p>\n<div>R\u00e9f 11.22<\/div>\n","protected":false},"excerpt":{"rendered":"<p>Petit carreau \u00e9maill\u00e9 (11 cm de c\u00f4t\u00e9) fabriqu\u00e9 en Belgique, avec impression de la tour de l\u2019ancienne \u00e9glise d\u2019Aubange. Cette tour a \u00e9t\u00e9 construite en 1622 et abattue en 1948. Deux exemplaires disponibles. R\u00e9f 11.22<\/p>\n","protected":false},"featured_media":1955,"comment_status":"open","ping_status":"closed","template":"","meta":{"neve_meta_sidebar":"","neve_meta_container":"","neve_meta_enable_content_width":"off","neve_meta_content_width":100,"neve_meta_title_alignment":"","neve_meta_author_avatar":"","neve_post_elements_order":"","neve_meta_disable_header":"","neve_meta_disable_footer":"","neve_meta_disable_title":""},"product_brand":[],"product_cat":[16,30,31,34],"product_tag":[40,19,112],"class_list":{"0":"post-1995","1":"product","2":"type-product","3":"status-publish","4":"has-post-thumbnail","6":"product_cat-ceramique","7":"product_cat-luxemburgensia","8":"product_cat-pays-darlon","9":"product_cat-religiosa","10":"product_tag-belgique","11":"product_tag-faience","12":"product_tag-pays-darlon","14":"first","15":"instock","16":"shipping-taxable","17":"purchasable","18":"product-type-simple"},"_links":{"self":[{"href":"https:\/\/legrenierdelatour.be\/brocante\/wp-json\/wp\/v2\/product\/1995","targetHints":{"allow":["GET"]}}],"collection":[{"href":"https:\/\/legrenierdelatour.be\/brocante\/wp-json\/wp\/v2\/product"}],"about":[{"href":"https:\/\/legrenierdelatour.be\/brocante\/wp-json\/wp\/v2\/types\/product"}],"replies":[{"embeddable":true,"href":"https:\/\/legrenierdelatour.be\/brocante\/wp-json\/wp\/v2\/comments?post=1995"}],"wp:featuredmedia":[{"embeddable":true,"href":"https:\/\/legrenierdelatour.be\/brocante\/wp-json\/wp\/v2\/media\/1955"}],"wp:attachment":[{"href":"https:\/\/legrenierdelatour.be\/brocante\/wp-json\/wp\/v2\/media?parent=1995"}],"wp:term":[{"taxonomy":"product_brand","embeddable":true,"href":"https:\/\/legrenierdelatour.be\/brocante\/wp-json\/wp\/v2\/product_brand?post=1995"},{"taxonomy":"product_cat","embeddable":true,"href":"https:\/\/legrenierdelatour.be\/brocante\/wp-json\/wp\/v2\/product_cat?post=1995"},{"taxonomy":"product_tag","embeddable":true,"href":"https:\/\/legrenierdelatour.be\/brocante\/wp-json\/wp\/v2\/product_tag?post=1995"}],"curies":[{"name":"wp","href":"https:\/\/api.w.org\/{rel}","templated":true}]}}