{"id":1992,"date":"2022-04-27T16:29:15","date_gmt":"2022-04-27T14:29:15","guid":{"rendered":"https:\/\/legrenierdelatour.be\/brocante\/?post_type=product&#038;p=1992"},"modified":"2022-05-19T09:09:40","modified_gmt":"2022-05-19T07:09:40","slug":"assiette-esch-neiduerf-villeroy-boch","status":"publish","type":"product","link":"https:\/\/legrenierdelatour.be\/brocante\/produit\/assiette-esch-neiduerf-villeroy-boch\/","title":{"rendered":"Assiette Esch-Neiduerf Villeroy &#038; Boch"},"content":{"rendered":"<p>Assiette \u00e9dit\u00e9e pour les \u00ab\u00a020 Joer Interessever\u00e4in Esch Neiduerf\u00a0\u00bb, d\u2019apr\u00e8s un dessin de Rob. Roeltgen en 1977, produite par Villeroy &amp; Boch. Elle est num\u00e9rot\u00e9e 202 et est en parfait \u00e9tat.<\/p>\n<div>R\u00e9f 11.20<\/div>\n","protected":false},"excerpt":{"rendered":"<p>Assiette \u00e9dit\u00e9e pour les \u00ab\u00a020 Joer Interessever\u00e4in Esch Neiduerf\u00a0\u00bb, d\u2019apr\u00e8s un dessin de Rob. Roeltgen en 1977, produite par Villeroy &amp; Boch. Elle est num\u00e9rot\u00e9e 202 et est en parfait \u00e9tat. R\u00e9f 11.20<\/p>\n","protected":false},"featured_media":1964,"comment_status":"open","ping_status":"closed","template":"","meta":{"neve_meta_sidebar":"","neve_meta_container":"","neve_meta_enable_content_width":"off","neve_meta_content_width":100,"neve_meta_title_alignment":"","neve_meta_author_avatar":"","neve_post_elements_order":"","neve_meta_disable_header":"","neve_meta_disable_footer":"","neve_meta_disable_title":""},"product_brand":[],"product_cat":[16,165,30,166,29],"product_tag":[19,83,32],"class_list":{"0":"post-1992","1":"product","2":"type-product","3":"status-publish","4":"has-post-thumbnail","6":"product_cat-ceramique","7":"product_cat-luxembourg","8":"product_cat-luxemburgensia","9":"product_cat-luxemburgensia-luxemburgensia","10":"product_cat-villeroy-boch","11":"product_tag-faience","12":"product_tag-luxemburgensia","13":"product_tag-villeroy-et-boch","15":"first","16":"instock","17":"shipping-taxable","18":"purchasable","19":"product-type-simple"},"_links":{"self":[{"href":"https:\/\/legrenierdelatour.be\/brocante\/wp-json\/wp\/v2\/product\/1992","targetHints":{"allow":["GET"]}}],"collection":[{"href":"https:\/\/legrenierdelatour.be\/brocante\/wp-json\/wp\/v2\/product"}],"about":[{"href":"https:\/\/legrenierdelatour.be\/brocante\/wp-json\/wp\/v2\/types\/product"}],"replies":[{"embeddable":true,"href":"https:\/\/legrenierdelatour.be\/brocante\/wp-json\/wp\/v2\/comments?post=1992"}],"wp:featuredmedia":[{"embeddable":true,"href":"https:\/\/legrenierdelatour.be\/brocante\/wp-json\/wp\/v2\/media\/1964"}],"wp:attachment":[{"href":"https:\/\/legrenierdelatour.be\/brocante\/wp-json\/wp\/v2\/media?parent=1992"}],"wp:term":[{"taxonomy":"product_brand","embeddable":true,"href":"https:\/\/legrenierdelatour.be\/brocante\/wp-json\/wp\/v2\/product_brand?post=1992"},{"taxonomy":"product_cat","embeddable":true,"href":"https:\/\/legrenierdelatour.be\/brocante\/wp-json\/wp\/v2\/product_cat?post=1992"},{"taxonomy":"product_tag","embeddable":true,"href":"https:\/\/legrenierdelatour.be\/brocante\/wp-json\/wp\/v2\/product_tag?post=1992"}],"curies":[{"name":"wp","href":"https:\/\/api.w.org\/{rel}","templated":true}]}}