{"id":1918,"date":"2022-04-21T19:30:58","date_gmt":"2022-04-21T17:30:58","guid":{"rendered":"https:\/\/legrenierdelatour.be\/brocante\/?post_type=product&#038;p=1918"},"modified":"2022-05-19T09:30:20","modified_gmt":"2022-05-19T07:30:20","slug":"vase-dumler-breiden-fat-lava","status":"publish","type":"product","link":"https:\/\/legrenierdelatour.be\/brocante\/produit\/vase-dumler-breiden-fat-lava\/","title":{"rendered":"Vase D\u00fcmler &#038; Breiden Fat Lava"},"content":{"rendered":"<p>Petit vase (13 cm de haut) de style Fat Lava et dorures, produit par Dumler &amp; Breiden sans doute dans les ann\u00e9es 1950. En tr\u00e8s bon \u00e9tat, il n\u2019est pas possible de lire les chiffres de forme. Dorure sans doute peintes \u00e0 la main.<\/p>\n<div>R\u00e9f 11.6<\/div>\n","protected":false},"excerpt":{"rendered":"<p>Petit vase (13 cm de haut) de style Fat Lava et dorures, produit par Dumler &amp; Breiden sans doute dans les ann\u00e9es 1950. En tr\u00e8s bon \u00e9tat, il n\u2019est pas possible de lire les chiffres de forme. Dorure sans doute peintes \u00e0 la main. R\u00e9f 11.6<\/p>\n","protected":false},"featured_media":1901,"comment_status":"open","ping_status":"closed","template":"","meta":{"neve_meta_sidebar":"","neve_meta_container":"","neve_meta_enable_content_width":"off","neve_meta_content_width":100,"neve_meta_title_alignment":"","neve_meta_author_avatar":"","neve_post_elements_order":"","neve_meta_disable_header":"","neve_meta_disable_footer":"","neve_meta_disable_title":""},"product_brand":[],"product_cat":[48,169,16,47],"product_tag":[56,19,50,113,49],"class_list":{"0":"post-1918","1":"product","2":"type-product","3":"status-publish","4":"has-post-thumbnail","6":"product_cat-allemagne","7":"product_cat-dummler-breiden","8":"product_cat-ceramique","9":"product_cat-west-germany","10":"product_tag-dummler-breiden","11":"product_tag-faience","12":"product_tag-fat-lava","13":"product_tag-gres","14":"product_tag-west-germany","16":"first","17":"instock","18":"shipping-taxable","19":"purchasable","20":"product-type-simple"},"_links":{"self":[{"href":"https:\/\/legrenierdelatour.be\/brocante\/wp-json\/wp\/v2\/product\/1918","targetHints":{"allow":["GET"]}}],"collection":[{"href":"https:\/\/legrenierdelatour.be\/brocante\/wp-json\/wp\/v2\/product"}],"about":[{"href":"https:\/\/legrenierdelatour.be\/brocante\/wp-json\/wp\/v2\/types\/product"}],"replies":[{"embeddable":true,"href":"https:\/\/legrenierdelatour.be\/brocante\/wp-json\/wp\/v2\/comments?post=1918"}],"wp:featuredmedia":[{"embeddable":true,"href":"https:\/\/legrenierdelatour.be\/brocante\/wp-json\/wp\/v2\/media\/1901"}],"wp:attachment":[{"href":"https:\/\/legrenierdelatour.be\/brocante\/wp-json\/wp\/v2\/media?parent=1918"}],"wp:term":[{"taxonomy":"product_brand","embeddable":true,"href":"https:\/\/legrenierdelatour.be\/brocante\/wp-json\/wp\/v2\/product_brand?post=1918"},{"taxonomy":"product_cat","embeddable":true,"href":"https:\/\/legrenierdelatour.be\/brocante\/wp-json\/wp\/v2\/product_cat?post=1918"},{"taxonomy":"product_tag","embeddable":true,"href":"https:\/\/legrenierdelatour.be\/brocante\/wp-json\/wp\/v2\/product_tag?post=1918"}],"curies":[{"name":"wp","href":"https:\/\/api.w.org\/{rel}","templated":true}]}}