{"id":1839,"date":"2022-04-19T21:04:41","date_gmt":"2022-04-19T19:04:41","guid":{"rendered":"https:\/\/legrenierdelatour.be\/brocante\/?post_type=product&#038;p=1839"},"modified":"2022-05-19T12:23:43","modified_gmt":"2022-05-19T10:23:43","slug":"assiette-paysage-boch-la-louviere","status":"publish","type":"product","link":"https:\/\/legrenierdelatour.be\/brocante\/produit\/assiette-paysage-boch-la-louviere\/","title":{"rendered":"Assiette \u00ab\u00a0Paysage\u00a0\u00bb Boch La Louvi\u00e8re"},"content":{"rendered":"<p>Assiette (26 cm de diam\u00e8tre) avec gravure 19\u00e8 si\u00e8cle repr\u00e9sentant un paysage rural avec barque et chapelle. D\u00e9cor floral sur le pourtout et marque classique Boch La Louvi\u00e8re au dos, ainsi que en creux AUK. Il s\u2019agit d\u2019une assiette du service \u00ab\u00a0Paysage\u00a0\u00bb. Elle date sans doute des ann\u00e9es 1929-1940. Syst\u00e8me ancien de suspension. Un petit coup sur le bord, sinon \u00e9tat normal pour l\u2019\u00e2ge.<\/p>\n<div>R\u00e9f 10.86<\/div>\n","protected":false},"excerpt":{"rendered":"<p>Assiette (26 cm de diam\u00e8tre) avec gravure 19\u00e8 si\u00e8cle repr\u00e9sentant un paysage rural avec barque et chapelle. D\u00e9cor floral sur le pourtout et marque classique Boch La Louvi\u00e8re au dos, ainsi que en creux AUK. Il s\u2019agit d\u2019une assiette du service \u00ab\u00a0Paysage\u00a0\u00bb. Elle date sans doute des ann\u00e9es 1929-1940. Syst\u00e8me ancien de suspension. Un petit&hellip;&nbsp;<a href=\"https:\/\/legrenierdelatour.be\/brocante\/produit\/assiette-paysage-boch-la-louviere\/\" class=\"\" rel=\"bookmark\">Lire la suite &raquo;<span class=\"screen-reader-text\">Assiette \u00ab\u00a0Paysage\u00a0\u00bb Boch La Louvi\u00e8re<\/span><\/a><\/p>\n","protected":false},"featured_media":1817,"comment_status":"open","ping_status":"closed","template":"","meta":{"neve_meta_sidebar":"","neve_meta_container":"","neve_meta_enable_content_width":"off","neve_meta_content_width":100,"neve_meta_title_alignment":"","neve_meta_author_avatar":"","neve_post_elements_order":"","neve_meta_disable_header":"","neve_meta_disable_footer":"","neve_meta_disable_title":""},"product_brand":[],"product_cat":[37,175,16],"product_tag":[21,40,20,19],"class_list":{"0":"post-1839","1":"product","2":"type-product","3":"status-publish","4":"has-post-thumbnail","6":"product_cat-belgique","7":"product_cat-boch","8":"product_cat-ceramique","9":"product_tag-art-deco","10":"product_tag-belgique","11":"product_tag-boch","12":"product_tag-faience","14":"first","15":"instock","16":"shipping-taxable","17":"purchasable","18":"product-type-simple"},"_links":{"self":[{"href":"https:\/\/legrenierdelatour.be\/brocante\/wp-json\/wp\/v2\/product\/1839","targetHints":{"allow":["GET"]}}],"collection":[{"href":"https:\/\/legrenierdelatour.be\/brocante\/wp-json\/wp\/v2\/product"}],"about":[{"href":"https:\/\/legrenierdelatour.be\/brocante\/wp-json\/wp\/v2\/types\/product"}],"replies":[{"embeddable":true,"href":"https:\/\/legrenierdelatour.be\/brocante\/wp-json\/wp\/v2\/comments?post=1839"}],"wp:featuredmedia":[{"embeddable":true,"href":"https:\/\/legrenierdelatour.be\/brocante\/wp-json\/wp\/v2\/media\/1817"}],"wp:attachment":[{"href":"https:\/\/legrenierdelatour.be\/brocante\/wp-json\/wp\/v2\/media?parent=1839"}],"wp:term":[{"taxonomy":"product_brand","embeddable":true,"href":"https:\/\/legrenierdelatour.be\/brocante\/wp-json\/wp\/v2\/product_brand?post=1839"},{"taxonomy":"product_cat","embeddable":true,"href":"https:\/\/legrenierdelatour.be\/brocante\/wp-json\/wp\/v2\/product_cat?post=1839"},{"taxonomy":"product_tag","embeddable":true,"href":"https:\/\/legrenierdelatour.be\/brocante\/wp-json\/wp\/v2\/product_tag?post=1839"}],"curies":[{"name":"wp","href":"https:\/\/api.w.org\/{rel}","templated":true}]}}