{"id":1648,"date":"2022-04-13T14:04:55","date_gmt":"2022-04-13T12:04:55","guid":{"rendered":"https:\/\/legrenierdelatour.be\/brocante\/?post_type=product&#038;p=1648"},"modified":"2022-05-19T12:57:13","modified_gmt":"2022-05-19T10:57:13","slug":"trophee-de-chasse-bois-de-cerf","status":"publish","type":"product","link":"https:\/\/legrenierdelatour.be\/brocante\/produit\/trophee-de-chasse-bois-de-cerf\/","title":{"rendered":"Troph\u00e9e de chasse Bois de cerf"},"content":{"rendered":"<p>Troph\u00e9e de chasse d&rsquo;un bois de cerf 6 cors, sur une planche de bois vernie (46 cm de long). Ce troph\u00e9e en tr\u00e8s bon \u00e9tat \u00e9tait destin\u00e9 \u00e0 \u00eatre pos\u00e9, et date sans doute des ann\u00e9es 1940-50.<\/p>\n<p>R\u00e9f 1.92<\/p>\n","protected":false},"excerpt":{"rendered":"<p>Troph\u00e9e de chasse d&rsquo;un bois de cerf 6 cors, sur une planche de bois vernie (46 cm de long). Ce troph\u00e9e en tr\u00e8s bon \u00e9tat \u00e9tait destin\u00e9 \u00e0 \u00eatre pos\u00e9, et date sans doute des ann\u00e9es 1940-50. R\u00e9f 1.92<\/p>\n","protected":false},"featured_media":1509,"comment_status":"open","ping_status":"closed","template":"","meta":{"neve_meta_sidebar":"","neve_meta_container":"","neve_meta_enable_content_width":"off","neve_meta_content_width":100,"neve_meta_title_alignment":"","neve_meta_author_avatar":"","neve_post_elements_order":"","neve_meta_disable_header":"","neve_meta_disable_footer":"","neve_meta_disable_title":""},"product_brand":[],"product_cat":[23,182],"product_tag":[137,121],"class_list":{"0":"post-1648","1":"product","2":"type-product","3":"status-publish","4":"has-post-thumbnail","6":"product_cat-mobilier","7":"product_cat-trophee-de-chasse","8":"product_tag-chasse","9":"product_tag-fumoir","11":"first","12":"instock","13":"shipping-taxable","14":"purchasable","15":"product-type-simple"},"_links":{"self":[{"href":"https:\/\/legrenierdelatour.be\/brocante\/wp-json\/wp\/v2\/product\/1648","targetHints":{"allow":["GET"]}}],"collection":[{"href":"https:\/\/legrenierdelatour.be\/brocante\/wp-json\/wp\/v2\/product"}],"about":[{"href":"https:\/\/legrenierdelatour.be\/brocante\/wp-json\/wp\/v2\/types\/product"}],"replies":[{"embeddable":true,"href":"https:\/\/legrenierdelatour.be\/brocante\/wp-json\/wp\/v2\/comments?post=1648"}],"wp:featuredmedia":[{"embeddable":true,"href":"https:\/\/legrenierdelatour.be\/brocante\/wp-json\/wp\/v2\/media\/1509"}],"wp:attachment":[{"href":"https:\/\/legrenierdelatour.be\/brocante\/wp-json\/wp\/v2\/media?parent=1648"}],"wp:term":[{"taxonomy":"product_brand","embeddable":true,"href":"https:\/\/legrenierdelatour.be\/brocante\/wp-json\/wp\/v2\/product_brand?post=1648"},{"taxonomy":"product_cat","embeddable":true,"href":"https:\/\/legrenierdelatour.be\/brocante\/wp-json\/wp\/v2\/product_cat?post=1648"},{"taxonomy":"product_tag","embeddable":true,"href":"https:\/\/legrenierdelatour.be\/brocante\/wp-json\/wp\/v2\/product_tag?post=1648"}],"curies":[{"name":"wp","href":"https:\/\/api.w.org\/{rel}","templated":true}]}}