{"id":1633,"date":"2022-04-13T11:50:50","date_gmt":"2022-04-13T09:50:50","guid":{"rendered":"https:\/\/legrenierdelatour.be\/brocante\/?post_type=product&#038;p=1633"},"modified":"2022-04-13T11:50:51","modified_gmt":"2022-04-13T09:50:51","slug":"vestiaire-porte-manteau-ancien","status":"publish","type":"product","link":"https:\/\/legrenierdelatour.be\/brocante\/produit\/vestiaire-porte-manteau-ancien\/","title":{"rendered":"Vestiaire porte-manteau ancien"},"content":{"rendered":"<p>Vestire porte-manteau simple (208 x 75 cm) avec miroir biseaut\u00e9 (assez piqu\u00e9) et 5 crochets d&rsquo;accrochage (dont il en manque 1). Il a une bo\u00eete int\u00e9gr\u00e9e, sans doute pour de menus objets, et un baquet m\u00e9tallique dans le bas (assez rouill\u00e9).<\/p>\n<p>R\u00e9f 4.78<\/p>\n","protected":false},"excerpt":{"rendered":"<p>Vestire porte-manteau simple (208 x 75 cm) avec miroir biseaut\u00e9 (assez piqu\u00e9) et 5 crochets d&rsquo;accrochage (dont il en manque 1). Il a une bo\u00eete int\u00e9gr\u00e9e, sans doute pour de menus objets, et un baquet m\u00e9tallique dans le bas (assez rouill\u00e9). R\u00e9f 4.78<\/p>\n","protected":false},"featured_media":1555,"comment_status":"open","ping_status":"closed","template":"","meta":{"neve_meta_sidebar":"","neve_meta_container":"","neve_meta_enable_content_width":"off","neve_meta_content_width":100,"neve_meta_title_alignment":"","neve_meta_author_avatar":"","neve_post_elements_order":"","neve_meta_disable_header":"","neve_meta_disable_footer":"","neve_meta_disable_title":""},"product_brand":[],"product_cat":[23,85],"product_tag":[86,84],"class_list":{"0":"post-1633","1":"product","2":"type-product","3":"status-publish","4":"has-post-thumbnail","6":"product_cat-mobilier","7":"product_cat-miroir","8":"product_tag-miroir","9":"product_tag-mobilier","11":"first","12":"instock","13":"shipping-taxable","14":"purchasable","15":"product-type-simple"},"_links":{"self":[{"href":"https:\/\/legrenierdelatour.be\/brocante\/wp-json\/wp\/v2\/product\/1633","targetHints":{"allow":["GET"]}}],"collection":[{"href":"https:\/\/legrenierdelatour.be\/brocante\/wp-json\/wp\/v2\/product"}],"about":[{"href":"https:\/\/legrenierdelatour.be\/brocante\/wp-json\/wp\/v2\/types\/product"}],"replies":[{"embeddable":true,"href":"https:\/\/legrenierdelatour.be\/brocante\/wp-json\/wp\/v2\/comments?post=1633"}],"wp:featuredmedia":[{"embeddable":true,"href":"https:\/\/legrenierdelatour.be\/brocante\/wp-json\/wp\/v2\/media\/1555"}],"wp:attachment":[{"href":"https:\/\/legrenierdelatour.be\/brocante\/wp-json\/wp\/v2\/media?parent=1633"}],"wp:term":[{"taxonomy":"product_brand","embeddable":true,"href":"https:\/\/legrenierdelatour.be\/brocante\/wp-json\/wp\/v2\/product_brand?post=1633"},{"taxonomy":"product_cat","embeddable":true,"href":"https:\/\/legrenierdelatour.be\/brocante\/wp-json\/wp\/v2\/product_cat?post=1633"},{"taxonomy":"product_tag","embeddable":true,"href":"https:\/\/legrenierdelatour.be\/brocante\/wp-json\/wp\/v2\/product_tag?post=1633"}],"curies":[{"name":"wp","href":"https:\/\/api.w.org\/{rel}","templated":true}]}}