{"id":1632,"date":"2022-04-13T11:44:09","date_gmt":"2022-04-13T09:44:09","guid":{"rendered":"https:\/\/legrenierdelatour.be\/brocante\/?post_type=product&#038;p=1632"},"modified":"2022-04-13T11:44:09","modified_gmt":"2022-04-13T09:44:09","slug":"coffre-en-chene-sur-pieds","status":"publish","type":"product","link":"https:\/\/legrenierdelatour.be\/brocante\/produit\/coffre-en-chene-sur-pieds\/","title":{"rendered":"Coffre en ch\u00eane, sur pieds"},"content":{"rendered":"<p>Petit coffre en ch\u00eane sur pieds (47x36x47 cm) avec petit compartiment int\u00e9gr\u00e9. Il est en tr\u00e8s bon \u00e9tat g\u00e9n\u00e9ral et date sans doute du d\u00e9but du XX\u00e8 si\u00e8cle.<\/p>\n<p>R\u00e9f 4.79<\/p>\n","protected":false},"excerpt":{"rendered":"<p>Petit coffre en ch\u00eane sur pieds (47x36x47 cm) avec petit compartiment int\u00e9gr\u00e9. Il est en tr\u00e8s bon \u00e9tat g\u00e9n\u00e9ral et date sans doute du d\u00e9but du XX\u00e8 si\u00e8cle. R\u00e9f 4.79<\/p>\n","protected":false},"featured_media":1557,"comment_status":"open","ping_status":"closed","template":"","meta":{"neve_meta_sidebar":"","neve_meta_container":"","neve_meta_enable_content_width":"off","neve_meta_content_width":100,"neve_meta_title_alignment":"","neve_meta_author_avatar":"","neve_post_elements_order":"","neve_meta_disable_header":"","neve_meta_disable_footer":"","neve_meta_disable_title":""},"product_brand":[],"product_cat":[23],"product_tag":[84],"class_list":{"0":"post-1632","1":"product","2":"type-product","3":"status-publish","4":"has-post-thumbnail","6":"product_cat-mobilier","7":"product_tag-mobilier","9":"first","10":"instock","11":"shipping-taxable","12":"purchasable","13":"product-type-simple"},"_links":{"self":[{"href":"https:\/\/legrenierdelatour.be\/brocante\/wp-json\/wp\/v2\/product\/1632","targetHints":{"allow":["GET"]}}],"collection":[{"href":"https:\/\/legrenierdelatour.be\/brocante\/wp-json\/wp\/v2\/product"}],"about":[{"href":"https:\/\/legrenierdelatour.be\/brocante\/wp-json\/wp\/v2\/types\/product"}],"replies":[{"embeddable":true,"href":"https:\/\/legrenierdelatour.be\/brocante\/wp-json\/wp\/v2\/comments?post=1632"}],"wp:featuredmedia":[{"embeddable":true,"href":"https:\/\/legrenierdelatour.be\/brocante\/wp-json\/wp\/v2\/media\/1557"}],"wp:attachment":[{"href":"https:\/\/legrenierdelatour.be\/brocante\/wp-json\/wp\/v2\/media?parent=1632"}],"wp:term":[{"taxonomy":"product_brand","embeddable":true,"href":"https:\/\/legrenierdelatour.be\/brocante\/wp-json\/wp\/v2\/product_brand?post=1632"},{"taxonomy":"product_cat","embeddable":true,"href":"https:\/\/legrenierdelatour.be\/brocante\/wp-json\/wp\/v2\/product_cat?post=1632"},{"taxonomy":"product_tag","embeddable":true,"href":"https:\/\/legrenierdelatour.be\/brocante\/wp-json\/wp\/v2\/product_tag?post=1632"}],"curies":[{"name":"wp","href":"https:\/\/api.w.org\/{rel}","templated":true}]}}