{"id":1453,"date":"2022-04-07T13:38:42","date_gmt":"2022-04-07T11:38:42","guid":{"rendered":"https:\/\/legrenierdelatour.be\/brocante\/?post_type=product&#038;p=1453"},"modified":"2022-05-19T13:12:43","modified_gmt":"2022-05-19T11:12:43","slug":"statuette-dun-agriculteur-en-porcelaine","status":"publish","type":"product","link":"https:\/\/legrenierdelatour.be\/brocante\/produit\/statuette-dun-agriculteur-en-porcelaine\/","title":{"rendered":"Statuette d&rsquo;un agriculteur en porcelaine"},"content":{"rendered":"<p>Statuette d&rsquo;un agriculteur (20&#215;12 cm) au travail avec son cheval. En creux, se trouve le chiffre \u00ab\u00a07727\u00a0\u00bb ainsi que le cachet vert correspondant \u00e0 la manufacture de porcelaine Carl Scheidig \u00e0 Gr\u00e4fenthal en Allemagne et date des ann\u00e9es 1935-1972.<\/p>\n<p>R\u00e9f 7.9<\/p>\n","protected":false},"excerpt":{"rendered":"<p>Statuette d&rsquo;un agriculteur (20&#215;12 cm) au travail avec son cheval. En creux, se trouve le chiffre \u00ab\u00a07727\u00a0\u00bb ainsi que le cachet vert correspondant \u00e0 la manufacture de porcelaine Carl Scheidig \u00e0 Gr\u00e4fenthal en Allemagne et date des ann\u00e9es 1935-1972. R\u00e9f 7.9<\/p>\n","protected":false},"featured_media":1442,"comment_status":"open","ping_status":"closed","template":"","meta":{"neve_meta_sidebar":"","neve_meta_container":"","neve_meta_enable_content_width":"off","neve_meta_content_width":100,"neve_meta_title_alignment":"","neve_meta_author_avatar":"","neve_post_elements_order":"","neve_meta_disable_header":"","neve_meta_disable_footer":"","neve_meta_disable_title":""},"product_brand":[],"product_cat":[48,16,167],"product_tag":[79,74],"class_list":{"0":"post-1453","1":"product","2":"type-product","3":"status-publish","4":"has-post-thumbnail","6":"product_cat-allemagne","7":"product_cat-ceramique","8":"product_cat-peintures-et-sculptures","9":"product_tag-art","10":"product_tag-porcelaine","12":"first","13":"instock","14":"shipping-taxable","15":"purchasable","16":"product-type-simple"},"_links":{"self":[{"href":"https:\/\/legrenierdelatour.be\/brocante\/wp-json\/wp\/v2\/product\/1453","targetHints":{"allow":["GET"]}}],"collection":[{"href":"https:\/\/legrenierdelatour.be\/brocante\/wp-json\/wp\/v2\/product"}],"about":[{"href":"https:\/\/legrenierdelatour.be\/brocante\/wp-json\/wp\/v2\/types\/product"}],"replies":[{"embeddable":true,"href":"https:\/\/legrenierdelatour.be\/brocante\/wp-json\/wp\/v2\/comments?post=1453"}],"wp:featuredmedia":[{"embeddable":true,"href":"https:\/\/legrenierdelatour.be\/brocante\/wp-json\/wp\/v2\/media\/1442"}],"wp:attachment":[{"href":"https:\/\/legrenierdelatour.be\/brocante\/wp-json\/wp\/v2\/media?parent=1453"}],"wp:term":[{"taxonomy":"product_brand","embeddable":true,"href":"https:\/\/legrenierdelatour.be\/brocante\/wp-json\/wp\/v2\/product_brand?post=1453"},{"taxonomy":"product_cat","embeddable":true,"href":"https:\/\/legrenierdelatour.be\/brocante\/wp-json\/wp\/v2\/product_cat?post=1453"},{"taxonomy":"product_tag","embeddable":true,"href":"https:\/\/legrenierdelatour.be\/brocante\/wp-json\/wp\/v2\/product_tag?post=1453"}],"curies":[{"name":"wp","href":"https:\/\/api.w.org\/{rel}","templated":true}]}}