{"id":12391,"date":"2026-03-16T16:50:04","date_gmt":"2026-03-16T15:50:04","guid":{"rendered":"https:\/\/legrenierdelatour.be\/brocante\/?post_type=product&#038;p=12391"},"modified":"2026-03-16T16:50:04","modified_gmt":"2026-03-16T15:50:04","slug":"poupees-souvenirs-de-luxembourg","status":"publish","type":"product","link":"https:\/\/legrenierdelatour.be\/brocante\/produit\/poupees-souvenirs-de-luxembourg\/","title":{"rendered":"Poup\u00e9es souvenirs de Luxembourg"},"content":{"rendered":"<p>Poup\u00e9es souvenirs de Luxembourg (17 et 11 cm de haut) datant sans doute de la deuxi\u00e8me moiti\u00e9 du XX\u00e8 si\u00e8cle.<\/p>\n<div>Elles sont vendues au prix de 15\u20ac la grande rouge et 10\u20ac la petite bleue.<\/div>\n<div>R\u00e9f 49.29<\/div>\n","protected":false},"excerpt":{"rendered":"<p>Poup\u00e9es souvenirs de Luxembourg (17 et 11 cm de haut) datant sans doute de la deuxi\u00e8me moiti\u00e9 du XX\u00e8 si\u00e8cle. Elles sont vendues au prix de 15\u20ac la grande rouge et 10\u20ac la petite bleue. R\u00e9f 49.29<\/p>\n","protected":false},"featured_media":12393,"comment_status":"open","ping_status":"closed","template":"","meta":{"neve_meta_sidebar":"","neve_meta_container":"","neve_meta_enable_content_width":"off","neve_meta_content_width":100,"neve_meta_title_alignment":"","neve_meta_author_avatar":"","neve_post_elements_order":"","neve_meta_disable_header":"","neve_meta_disable_footer":"","neve_meta_disable_title":""},"product_brand":[],"product_cat":[166],"product_tag":[],"class_list":{"0":"post-12391","1":"product","2":"type-product","3":"status-publish","4":"has-post-thumbnail","6":"product_cat-luxemburgensia-luxemburgensia","8":"first","9":"instock","10":"shipping-taxable","11":"purchasable","12":"product-type-simple"},"_links":{"self":[{"href":"https:\/\/legrenierdelatour.be\/brocante\/wp-json\/wp\/v2\/product\/12391","targetHints":{"allow":["GET"]}}],"collection":[{"href":"https:\/\/legrenierdelatour.be\/brocante\/wp-json\/wp\/v2\/product"}],"about":[{"href":"https:\/\/legrenierdelatour.be\/brocante\/wp-json\/wp\/v2\/types\/product"}],"replies":[{"embeddable":true,"href":"https:\/\/legrenierdelatour.be\/brocante\/wp-json\/wp\/v2\/comments?post=12391"}],"wp:featuredmedia":[{"embeddable":true,"href":"https:\/\/legrenierdelatour.be\/brocante\/wp-json\/wp\/v2\/media\/12393"}],"wp:attachment":[{"href":"https:\/\/legrenierdelatour.be\/brocante\/wp-json\/wp\/v2\/media?parent=12391"}],"wp:term":[{"taxonomy":"product_brand","embeddable":true,"href":"https:\/\/legrenierdelatour.be\/brocante\/wp-json\/wp\/v2\/product_brand?post=12391"},{"taxonomy":"product_cat","embeddable":true,"href":"https:\/\/legrenierdelatour.be\/brocante\/wp-json\/wp\/v2\/product_cat?post=12391"},{"taxonomy":"product_tag","embeddable":true,"href":"https:\/\/legrenierdelatour.be\/brocante\/wp-json\/wp\/v2\/product_tag?post=12391"}],"curies":[{"name":"wp","href":"https:\/\/api.w.org\/{rel}","templated":true}]}}