{"id":12207,"date":"2026-02-16T16:04:50","date_gmt":"2026-02-16T15:04:50","guid":{"rendered":"https:\/\/legrenierdelatour.be\/brocante\/?post_type=product&#038;p=12207"},"modified":"2026-02-16T16:04:51","modified_gmt":"2026-02-16T15:04:51","slug":"coffret-religieux-luxembourg-1948","status":"publish","type":"product","link":"https:\/\/legrenierdelatour.be\/brocante\/produit\/coffret-religieux-luxembourg-1948\/","title":{"rendered":"Coffret religieux, Luxembourg 1948"},"content":{"rendered":"<p>Joli coffret recouvert de cuir structur\u00e9 (7&#215;18 cm ferm\u00e9) comprenant une pochette en cuir avec chapelet, un \u00e9tui en cuir contenant \u00e9galement un chapelet, et un livre de messe recouvert de cuir. Il s\u2019agit du \u00ab\u00a0Magnificat\u00a0\u00bb, \u00e9dit\u00e9 au Luxembourg par les imprimeries Sankt Paulus en 1948.<\/p>\n<div>R\u00e9f 48.43<\/div>\n","protected":false},"excerpt":{"rendered":"<p>Joli coffret recouvert de cuir structur\u00e9 (7&#215;18 cm ferm\u00e9) comprenant une pochette en cuir avec chapelet, un \u00e9tui en cuir contenant \u00e9galement un chapelet, et un livre de messe recouvert de cuir. Il s\u2019agit du \u00ab\u00a0Magnificat\u00a0\u00bb, \u00e9dit\u00e9 au Luxembourg par les imprimeries Sankt Paulus en 1948. R\u00e9f 48.43<\/p>\n","protected":false},"featured_media":12208,"comment_status":"open","ping_status":"closed","template":"","meta":{"neve_meta_sidebar":"","neve_meta_container":"","neve_meta_enable_content_width":"off","neve_meta_content_width":100,"neve_meta_title_alignment":"","neve_meta_author_avatar":"","neve_post_elements_order":"","neve_meta_disable_header":"","neve_meta_disable_footer":"","neve_meta_disable_title":""},"product_brand":[],"product_cat":[166,34],"product_tag":[],"class_list":{"0":"post-12207","1":"product","2":"type-product","3":"status-publish","4":"has-post-thumbnail","6":"product_cat-luxemburgensia-luxemburgensia","7":"product_cat-religiosa","9":"first","10":"instock","11":"shipping-taxable","12":"purchasable","13":"product-type-simple"},"_links":{"self":[{"href":"https:\/\/legrenierdelatour.be\/brocante\/wp-json\/wp\/v2\/product\/12207","targetHints":{"allow":["GET"]}}],"collection":[{"href":"https:\/\/legrenierdelatour.be\/brocante\/wp-json\/wp\/v2\/product"}],"about":[{"href":"https:\/\/legrenierdelatour.be\/brocante\/wp-json\/wp\/v2\/types\/product"}],"replies":[{"embeddable":true,"href":"https:\/\/legrenierdelatour.be\/brocante\/wp-json\/wp\/v2\/comments?post=12207"}],"wp:featuredmedia":[{"embeddable":true,"href":"https:\/\/legrenierdelatour.be\/brocante\/wp-json\/wp\/v2\/media\/12208"}],"wp:attachment":[{"href":"https:\/\/legrenierdelatour.be\/brocante\/wp-json\/wp\/v2\/media?parent=12207"}],"wp:term":[{"taxonomy":"product_brand","embeddable":true,"href":"https:\/\/legrenierdelatour.be\/brocante\/wp-json\/wp\/v2\/product_brand?post=12207"},{"taxonomy":"product_cat","embeddable":true,"href":"https:\/\/legrenierdelatour.be\/brocante\/wp-json\/wp\/v2\/product_cat?post=12207"},{"taxonomy":"product_tag","embeddable":true,"href":"https:\/\/legrenierdelatour.be\/brocante\/wp-json\/wp\/v2\/product_tag?post=12207"}],"curies":[{"name":"wp","href":"https:\/\/api.w.org\/{rel}","templated":true}]}}