{"id":12171,"date":"2026-02-09T13:00:30","date_gmt":"2026-02-09T12:00:30","guid":{"rendered":"https:\/\/legrenierdelatour.be\/brocante\/?post_type=product&#038;p=12171"},"modified":"2026-02-09T13:00:31","modified_gmt":"2026-02-09T12:00:31","slug":"assiette-en-faience-fine-boch-luxembourg-brindille-18e-19e-siecle","status":"publish","type":"product","link":"https:\/\/legrenierdelatour.be\/brocante\/produit\/assiette-en-faience-fine-boch-luxembourg-brindille-18e-19e-siecle\/","title":{"rendered":"Assiette en fa\u00efence fine, Boch Luxembourg, brindille, 18\u00e8-19\u00e8 si\u00e8cle"},"content":{"rendered":"<p>Assiette en fa\u00efence fine (25 cm de diam\u00e8tre), \u00e0 bord lisse. La bordure porte un d\u00e9cor en cama\u00efeu bleu. L\u2019assiette n\u2019a pas de talon. Le d\u00e9cor central est un d\u00e9cor \u00e0 la brindille. Cette assiette porte au revers la marque en creux LB datant de 1787-1812 , ainsi que en creux \u00ab 7 \u00bb et le monogramme peint en bleu du peintre d\u00e9corateur \u00ab L \u00bb.<\/p>\n<div>R\u00e9f 48.33<\/div>\n","protected":false},"excerpt":{"rendered":"<p>Assiette en fa\u00efence fine (25 cm de diam\u00e8tre), \u00e0 bord lisse. La bordure porte un d\u00e9cor en cama\u00efeu bleu. L\u2019assiette n\u2019a pas de talon. Le d\u00e9cor central est un d\u00e9cor \u00e0 la brindille. Cette assiette porte au revers la marque en creux LB datant de 1787-1812 , ainsi que en creux \u00ab 7 \u00bb et&hellip;&nbsp;<a href=\"https:\/\/legrenierdelatour.be\/brocante\/produit\/assiette-en-faience-fine-boch-luxembourg-brindille-18e-19e-siecle\/\" class=\"\" rel=\"bookmark\">Lire la suite &raquo;<span class=\"screen-reader-text\">Assiette en fa\u00efence fine, Boch Luxembourg, brindille, 18\u00e8-19\u00e8 si\u00e8cle<\/span><\/a><\/p>\n","protected":false},"featured_media":12163,"comment_status":"open","ping_status":"closed","template":"","meta":{"neve_meta_sidebar":"","neve_meta_container":"","neve_meta_enable_content_width":"off","neve_meta_content_width":100,"neve_meta_title_alignment":"","neve_meta_author_avatar":"","neve_post_elements_order":"","neve_meta_disable_header":"","neve_meta_disable_footer":"","neve_meta_disable_title":""},"product_brand":[],"product_cat":[16,165,29],"product_tag":[],"class_list":{"0":"post-12171","1":"product","2":"type-product","3":"status-publish","4":"has-post-thumbnail","6":"product_cat-ceramique","7":"product_cat-luxembourg","8":"product_cat-villeroy-boch","10":"first","11":"instock","12":"shipping-taxable","13":"purchasable","14":"product-type-simple"},"_links":{"self":[{"href":"https:\/\/legrenierdelatour.be\/brocante\/wp-json\/wp\/v2\/product\/12171","targetHints":{"allow":["GET"]}}],"collection":[{"href":"https:\/\/legrenierdelatour.be\/brocante\/wp-json\/wp\/v2\/product"}],"about":[{"href":"https:\/\/legrenierdelatour.be\/brocante\/wp-json\/wp\/v2\/types\/product"}],"replies":[{"embeddable":true,"href":"https:\/\/legrenierdelatour.be\/brocante\/wp-json\/wp\/v2\/comments?post=12171"}],"wp:featuredmedia":[{"embeddable":true,"href":"https:\/\/legrenierdelatour.be\/brocante\/wp-json\/wp\/v2\/media\/12163"}],"wp:attachment":[{"href":"https:\/\/legrenierdelatour.be\/brocante\/wp-json\/wp\/v2\/media?parent=12171"}],"wp:term":[{"taxonomy":"product_brand","embeddable":true,"href":"https:\/\/legrenierdelatour.be\/brocante\/wp-json\/wp\/v2\/product_brand?post=12171"},{"taxonomy":"product_cat","embeddable":true,"href":"https:\/\/legrenierdelatour.be\/brocante\/wp-json\/wp\/v2\/product_cat?post=12171"},{"taxonomy":"product_tag","embeddable":true,"href":"https:\/\/legrenierdelatour.be\/brocante\/wp-json\/wp\/v2\/product_tag?post=12171"}],"curies":[{"name":"wp","href":"https:\/\/api.w.org\/{rel}","templated":true}]}}