{"id":12122,"date":"2026-01-24T17:28:09","date_gmt":"2026-01-24T16:28:09","guid":{"rendered":"https:\/\/legrenierdelatour.be\/brocante\/?post_type=product&#038;p=12122"},"modified":"2026-01-24T17:28:09","modified_gmt":"2026-01-24T16:28:09","slug":"peinture-le-secretaire-de-la-commune-leopold-desloges","status":"publish","type":"product","link":"https:\/\/legrenierdelatour.be\/brocante\/produit\/peinture-le-secretaire-de-la-commune-leopold-desloges\/","title":{"rendered":"Peinture \u00ab\u00a0Le secr\u00e9taire de la commune\u00a0\u00bb, L\u00e9opold Desloges"},"content":{"rendered":"<p>Peinture acrylique sur toile (59&#215;49 cm cadrecompris) repr\u00e9sentant un homme \u00e0 son bureau. Il s\u2019agit d\u2019une copie de la peinture \u00ab\u00a0Le secr\u00e9taire de commune\u00a0\u00bb de Albert Anker (peintre suisse 1831-1910). Elle est sign\u00e9e en haut \u00e0 gauche \u00ab\u00a0Del\u00e9o\u00a0\u00bb et dat\u00e9e 1961.\u00a0L\u00e9opold Desloge (Popol) est un artiste arlonais qui y a v\u00e9cu, travaill\u00e9 et dessin\u00e9 \u00e0 Arlon (Arlon 1912-Arlon 2020). Il a essentiellement peint et esquiss\u00e9 sa ville d\u2019Arlon.\u00a0L\u00e9opold Desloges \u00e9tait peintre en b\u00e2timent et avait son magasin \u00e0 la Grand Place, il \u00e9tait \u00e9galement artiste. Il a particip\u00e9 \u00e0 une expo r\u00e9trospective en 2006 \u00e0 La Clairi\u00e8re.<\/p>\n<div>R\u00e9f 48.22<\/div>\n","protected":false},"excerpt":{"rendered":"<p>Peinture acrylique sur toile (59&#215;49 cm cadrecompris) repr\u00e9sentant un homme \u00e0 son bureau. Il s\u2019agit d\u2019une copie de la peinture \u00ab\u00a0Le secr\u00e9taire de commune\u00a0\u00bb de Albert Anker (peintre suisse 1831-1910). Elle est sign\u00e9e en haut \u00e0 gauche \u00ab\u00a0Del\u00e9o\u00a0\u00bb et dat\u00e9e 1961.\u00a0L\u00e9opold Desloge (Popol) est un artiste arlonais qui y a v\u00e9cu, travaill\u00e9 et dessin\u00e9 \u00e0&hellip;&nbsp;<a href=\"https:\/\/legrenierdelatour.be\/brocante\/produit\/peinture-le-secretaire-de-la-commune-leopold-desloges\/\" class=\"\" rel=\"bookmark\">Lire la suite &raquo;<span class=\"screen-reader-text\">Peinture \u00ab\u00a0Le secr\u00e9taire de la commune\u00a0\u00bb, L\u00e9opold Desloges<\/span><\/a><\/p>\n","protected":false},"featured_media":12102,"comment_status":"open","ping_status":"closed","template":"","meta":{"neve_meta_sidebar":"","neve_meta_container":"","neve_meta_enable_content_width":"off","neve_meta_content_width":100,"neve_meta_title_alignment":"","neve_meta_author_avatar":"","neve_post_elements_order":"","neve_meta_disable_header":"","neve_meta_disable_footer":"","neve_meta_disable_title":""},"product_brand":[],"product_cat":[30,31,167],"product_tag":[],"class_list":{"0":"post-12122","1":"product","2":"type-product","3":"status-publish","4":"has-post-thumbnail","6":"product_cat-luxemburgensia","7":"product_cat-pays-darlon","8":"product_cat-peintures-et-sculptures","10":"first","11":"instock","12":"shipping-taxable","13":"purchasable","14":"product-type-simple"},"_links":{"self":[{"href":"https:\/\/legrenierdelatour.be\/brocante\/wp-json\/wp\/v2\/product\/12122","targetHints":{"allow":["GET"]}}],"collection":[{"href":"https:\/\/legrenierdelatour.be\/brocante\/wp-json\/wp\/v2\/product"}],"about":[{"href":"https:\/\/legrenierdelatour.be\/brocante\/wp-json\/wp\/v2\/types\/product"}],"replies":[{"embeddable":true,"href":"https:\/\/legrenierdelatour.be\/brocante\/wp-json\/wp\/v2\/comments?post=12122"}],"wp:featuredmedia":[{"embeddable":true,"href":"https:\/\/legrenierdelatour.be\/brocante\/wp-json\/wp\/v2\/media\/12102"}],"wp:attachment":[{"href":"https:\/\/legrenierdelatour.be\/brocante\/wp-json\/wp\/v2\/media?parent=12122"}],"wp:term":[{"taxonomy":"product_brand","embeddable":true,"href":"https:\/\/legrenierdelatour.be\/brocante\/wp-json\/wp\/v2\/product_brand?post=12122"},{"taxonomy":"product_cat","embeddable":true,"href":"https:\/\/legrenierdelatour.be\/brocante\/wp-json\/wp\/v2\/product_cat?post=12122"},{"taxonomy":"product_tag","embeddable":true,"href":"https:\/\/legrenierdelatour.be\/brocante\/wp-json\/wp\/v2\/product_tag?post=12122"}],"curies":[{"name":"wp","href":"https:\/\/api.w.org\/{rel}","templated":true}]}}