{"id":11975,"date":"2025-12-29T08:33:47","date_gmt":"2025-12-29T07:33:47","guid":{"rendered":"https:\/\/legrenierdelatour.be\/brocante\/?post_type=product&#038;p=11975"},"modified":"2025-12-29T08:33:48","modified_gmt":"2025-12-29T07:33:48","slug":"peinture-le-beau-pommier-bouillon-guillaume-edeline","status":"publish","type":"product","link":"https:\/\/legrenierdelatour.be\/brocante\/produit\/peinture-le-beau-pommier-bouillon-guillaume-edeline\/","title":{"rendered":"Peinture \u00ab\u00a0Le beau pommier, Bouillon\u00a0\u00bb, Guillaume Edeline"},"content":{"rendered":"<p>Peinture \u00e0 l\u2019huile sur panneau (49&#215;41 cm cadre compris) intitul\u00e9e \u00ab\u00a0Le beau Pommier, Bouillon\u00a0\u00bb sign\u00e9e en bas \u00e0 gauche \u00ab\u00a0Edeline\u00a0\u00bb et dat&amp;\u00e9e au verso de 1946. Guillaume Edeline (1902-1987) est un peintre de l&rsquo;\u00e9cole de Vresse. Peintre de paysages, de portraits, de natures mortes et de fleurs, aquarelliste, graveur, il a aprris son art \u00e0 l&rsquo;acad\u00e9mie royale des beaux-arts de Bruxelles, entre autres. Professeur de dessin aux ath\u00e9n\u00e9es de Chimay, Ixelles et Bouillon, il rencontre C. Counhaye, H. Wolvens, M. Howet et A. Raty et est membre de l&rsquo;Acad\u00e9mie luxembourgeoise. A partir de 1934, il participe \u00e0 de tr\u00e8s nombreuses expositions personnelles et collectives en Belgique et \u00e0 l&rsquo;\u00e9tranger. L&rsquo;expressionnisme flamand et le cubisme fran\u00e7ais influencent ses paysages (vall\u00e9e de la Meuse, de la Semois&#8230;), ses vues de villes (Bouillon, Neufch\u00e2teau&#8230;), tr\u00e8s architectur\u00e9es; R. Brucher qualifie son art de \u00ab\u00a0constructivisme expressionniste\u00a0\u00bb.<\/p>\n<div>R\u00e9f 47.80<\/div>\n","protected":false},"excerpt":{"rendered":"<p>Peinture \u00e0 l\u2019huile sur panneau (49&#215;41 cm cadre compris) intitul\u00e9e \u00ab\u00a0Le beau Pommier, Bouillon\u00a0\u00bb sign\u00e9e en bas \u00e0 gauche \u00ab\u00a0Edeline\u00a0\u00bb et dat&amp;\u00e9e au verso de 1946. Guillaume Edeline (1902-1987) est un peintre de l&rsquo;\u00e9cole de Vresse. Peintre de paysages, de portraits, de natures mortes et de fleurs, aquarelliste, graveur, il a aprris son art \u00e0&hellip;&nbsp;<a href=\"https:\/\/legrenierdelatour.be\/brocante\/produit\/peinture-le-beau-pommier-bouillon-guillaume-edeline\/\" class=\"\" rel=\"bookmark\">Lire la suite &raquo;<span class=\"screen-reader-text\">Peinture \u00ab\u00a0Le beau pommier, Bouillon\u00a0\u00bb, Guillaume Edeline<\/span><\/a><\/p>\n","protected":false},"featured_media":11961,"comment_status":"open","ping_status":"closed","template":"","meta":{"neve_meta_sidebar":"","neve_meta_container":"","neve_meta_enable_content_width":"off","neve_meta_content_width":100,"neve_meta_title_alignment":"","neve_meta_author_avatar":"","neve_post_elements_order":"","neve_meta_disable_header":"","neve_meta_disable_footer":"","neve_meta_disable_title":""},"product_brand":[],"product_cat":[31,167],"product_tag":[],"class_list":{"0":"post-11975","1":"product","2":"type-product","3":"status-publish","4":"has-post-thumbnail","6":"product_cat-pays-darlon","7":"product_cat-peintures-et-sculptures","9":"first","10":"instock","11":"shipping-taxable","12":"purchasable","13":"product-type-simple"},"_links":{"self":[{"href":"https:\/\/legrenierdelatour.be\/brocante\/wp-json\/wp\/v2\/product\/11975","targetHints":{"allow":["GET"]}}],"collection":[{"href":"https:\/\/legrenierdelatour.be\/brocante\/wp-json\/wp\/v2\/product"}],"about":[{"href":"https:\/\/legrenierdelatour.be\/brocante\/wp-json\/wp\/v2\/types\/product"}],"replies":[{"embeddable":true,"href":"https:\/\/legrenierdelatour.be\/brocante\/wp-json\/wp\/v2\/comments?post=11975"}],"wp:featuredmedia":[{"embeddable":true,"href":"https:\/\/legrenierdelatour.be\/brocante\/wp-json\/wp\/v2\/media\/11961"}],"wp:attachment":[{"href":"https:\/\/legrenierdelatour.be\/brocante\/wp-json\/wp\/v2\/media?parent=11975"}],"wp:term":[{"taxonomy":"product_brand","embeddable":true,"href":"https:\/\/legrenierdelatour.be\/brocante\/wp-json\/wp\/v2\/product_brand?post=11975"},{"taxonomy":"product_cat","embeddable":true,"href":"https:\/\/legrenierdelatour.be\/brocante\/wp-json\/wp\/v2\/product_cat?post=11975"},{"taxonomy":"product_tag","embeddable":true,"href":"https:\/\/legrenierdelatour.be\/brocante\/wp-json\/wp\/v2\/product_tag?post=11975"}],"curies":[{"name":"wp","href":"https:\/\/api.w.org\/{rel}","templated":true}]}}