{"id":11973,"date":"2025-12-28T18:19:27","date_gmt":"2025-12-28T17:19:27","guid":{"rendered":"https:\/\/legrenierdelatour.be\/brocante\/?post_type=product&#038;p=11973"},"modified":"2025-12-28T18:19:27","modified_gmt":"2025-12-28T17:19:27","slug":"penture-a-lhuile-paysage-forestier-duk","status":"publish","type":"product","link":"https:\/\/legrenierdelatour.be\/brocante\/produit\/penture-a-lhuile-paysage-forestier-duk\/","title":{"rendered":"Penture \u00e0 l&rsquo;huile, Paysage forestier, Duk"},"content":{"rendered":"<p>Belle peinture de style post-impressionniste d\u2019un paysage de for\u00eat (41&#215;51 cm cadre compris) sign\u00e9e en bas \u00e0 gauche Duk \u00a0(artiste non identifi\u00e9). Elle est de belle facture ce qui atteste de l\u2019habilit\u00e9 du peintre.Il s\u2019agit sans doute d\u2019un artiste belge, de la r\u00e9gion li\u00e9geoise. La peinture date sans doute de la deuxi\u00e8me moiti\u00e9 du 20\u00e8 si\u00e8cle.<\/p>\n<div>R\u00e9f 47.78<\/div>\n","protected":false},"excerpt":{"rendered":"<p>Belle peinture de style post-impressionniste d\u2019un paysage de for\u00eat (41&#215;51 cm cadre compris) sign\u00e9e en bas \u00e0 gauche Duk \u00a0(artiste non identifi\u00e9). Elle est de belle facture ce qui atteste de l\u2019habilit\u00e9 du peintre.Il s\u2019agit sans doute d\u2019un artiste belge, de la r\u00e9gion li\u00e9geoise. La peinture date sans doute de la deuxi\u00e8me moiti\u00e9 du 20\u00e8&hellip;&nbsp;<a href=\"https:\/\/legrenierdelatour.be\/brocante\/produit\/penture-a-lhuile-paysage-forestier-duk\/\" class=\"\" rel=\"bookmark\">Lire la suite &raquo;<span class=\"screen-reader-text\">Penture \u00e0 l&rsquo;huile, Paysage forestier, Duk<\/span><\/a><\/p>\n","protected":false},"featured_media":11957,"comment_status":"open","ping_status":"closed","template":"","meta":{"neve_meta_sidebar":"","neve_meta_container":"","neve_meta_enable_content_width":"off","neve_meta_content_width":100,"neve_meta_title_alignment":"","neve_meta_author_avatar":"","neve_post_elements_order":"","neve_meta_disable_header":"","neve_meta_disable_footer":"","neve_meta_disable_title":""},"product_brand":[],"product_cat":[167],"product_tag":[],"class_list":{"0":"post-11973","1":"product","2":"type-product","3":"status-publish","4":"has-post-thumbnail","6":"product_cat-peintures-et-sculptures","8":"first","9":"instock","10":"shipping-taxable","11":"purchasable","12":"product-type-simple"},"_links":{"self":[{"href":"https:\/\/legrenierdelatour.be\/brocante\/wp-json\/wp\/v2\/product\/11973","targetHints":{"allow":["GET"]}}],"collection":[{"href":"https:\/\/legrenierdelatour.be\/brocante\/wp-json\/wp\/v2\/product"}],"about":[{"href":"https:\/\/legrenierdelatour.be\/brocante\/wp-json\/wp\/v2\/types\/product"}],"replies":[{"embeddable":true,"href":"https:\/\/legrenierdelatour.be\/brocante\/wp-json\/wp\/v2\/comments?post=11973"}],"wp:featuredmedia":[{"embeddable":true,"href":"https:\/\/legrenierdelatour.be\/brocante\/wp-json\/wp\/v2\/media\/11957"}],"wp:attachment":[{"href":"https:\/\/legrenierdelatour.be\/brocante\/wp-json\/wp\/v2\/media?parent=11973"}],"wp:term":[{"taxonomy":"product_brand","embeddable":true,"href":"https:\/\/legrenierdelatour.be\/brocante\/wp-json\/wp\/v2\/product_brand?post=11973"},{"taxonomy":"product_cat","embeddable":true,"href":"https:\/\/legrenierdelatour.be\/brocante\/wp-json\/wp\/v2\/product_cat?post=11973"},{"taxonomy":"product_tag","embeddable":true,"href":"https:\/\/legrenierdelatour.be\/brocante\/wp-json\/wp\/v2\/product_tag?post=11973"}],"curies":[{"name":"wp","href":"https:\/\/api.w.org\/{rel}","templated":true}]}}