{"id":11923,"date":"2025-11-22T12:37:48","date_gmt":"2025-11-22T11:37:48","guid":{"rendered":"https:\/\/legrenierdelatour.be\/brocante\/?post_type=product&#038;p=11923"},"modified":"2025-11-26T14:11:46","modified_gmt":"2025-11-26T13:11:46","slug":"dessin-camille-tibesar-charles-melikoff-1934","status":"publish","type":"product","link":"https:\/\/legrenierdelatour.be\/brocante\/produit\/dessin-camille-tibesar-charles-melikoff-1934\/","title":{"rendered":"Dessin \u00ab\u00a0Camille Tibesar\u00a0\u00bb, Charles Melikoff 1934"},"content":{"rendered":"<p>Dessin (44&#215;55 cm cadre compris) de Camille Tibesar de Weyler. Le dessin sous verre est sign\u00e9 C. Melikoff et dat\u00e9 1934. Il s\u2019agirait de Camille Tibesar, originaire de Weyler, qui aurait \u00e9t\u00e9 agent de s\u00fbret\u00e9 de l\u2019\u00e9tat. Charles M\u00e9likoff (18.. Odessa en Ukraine actuelle &#8211; 19.. est un peintre russe en exil en Belgique. Son p\u00e8re \u00e9tait peintre \u00e0 la cour du Tsar. Charles Melikoff participa \u00e0 l\u2019exposition \u00ab\u00a0Artistes russes en exil\u00a0\u00bb \u00e0 Paris en 1920.<\/p>\n<div>\n<div>R\u00e9f 47.63<\/div>\n<\/div>\n","protected":false},"excerpt":{"rendered":"<p>Dessin (44&#215;55 cm cadre compris) de Camille Tibesar de Weyler. Le dessin sous verre est sign\u00e9 C. Melikoff et dat\u00e9 1934. Il s\u2019agirait de Camille Tibesar, originaire de Weyler, qui aurait \u00e9t\u00e9 agent de s\u00fbret\u00e9 de l\u2019\u00e9tat. Charles M\u00e9likoff (18.. Odessa en Ukraine actuelle &#8211; 19.. est un peintre russe en exil en Belgique. Son&hellip;&nbsp;<a href=\"https:\/\/legrenierdelatour.be\/brocante\/produit\/dessin-camille-tibesar-charles-melikoff-1934\/\" class=\"\" rel=\"bookmark\">Lire la suite &raquo;<span class=\"screen-reader-text\">Dessin \u00ab\u00a0Camille Tibesar\u00a0\u00bb, Charles Melikoff 1934<\/span><\/a><\/p>\n","protected":false},"featured_media":11916,"comment_status":"open","ping_status":"closed","template":"","meta":{"neve_meta_sidebar":"","neve_meta_container":"","neve_meta_enable_content_width":"off","neve_meta_content_width":100,"neve_meta_title_alignment":"","neve_meta_author_avatar":"","neve_post_elements_order":"","neve_meta_disable_header":"","neve_meta_disable_footer":"","neve_meta_disable_title":""},"product_brand":[],"product_cat":[31,167],"product_tag":[],"class_list":{"0":"post-11923","1":"product","2":"type-product","3":"status-publish","4":"has-post-thumbnail","6":"product_cat-pays-darlon","7":"product_cat-peintures-et-sculptures","9":"first","10":"instock","11":"shipping-taxable","12":"purchasable","13":"product-type-simple"},"_links":{"self":[{"href":"https:\/\/legrenierdelatour.be\/brocante\/wp-json\/wp\/v2\/product\/11923","targetHints":{"allow":["GET"]}}],"collection":[{"href":"https:\/\/legrenierdelatour.be\/brocante\/wp-json\/wp\/v2\/product"}],"about":[{"href":"https:\/\/legrenierdelatour.be\/brocante\/wp-json\/wp\/v2\/types\/product"}],"replies":[{"embeddable":true,"href":"https:\/\/legrenierdelatour.be\/brocante\/wp-json\/wp\/v2\/comments?post=11923"}],"wp:featuredmedia":[{"embeddable":true,"href":"https:\/\/legrenierdelatour.be\/brocante\/wp-json\/wp\/v2\/media\/11916"}],"wp:attachment":[{"href":"https:\/\/legrenierdelatour.be\/brocante\/wp-json\/wp\/v2\/media?parent=11923"}],"wp:term":[{"taxonomy":"product_brand","embeddable":true,"href":"https:\/\/legrenierdelatour.be\/brocante\/wp-json\/wp\/v2\/product_brand?post=11923"},{"taxonomy":"product_cat","embeddable":true,"href":"https:\/\/legrenierdelatour.be\/brocante\/wp-json\/wp\/v2\/product_cat?post=11923"},{"taxonomy":"product_tag","embeddable":true,"href":"https:\/\/legrenierdelatour.be\/brocante\/wp-json\/wp\/v2\/product_tag?post=11923"}],"curies":[{"name":"wp","href":"https:\/\/api.w.org\/{rel}","templated":true}]}}