{"id":11874,"date":"2025-11-20T14:59:20","date_gmt":"2025-11-20T13:59:20","guid":{"rendered":"https:\/\/legrenierdelatour.be\/brocante\/?post_type=product&#038;p=11874"},"modified":"2025-11-20T14:59:21","modified_gmt":"2025-11-20T13:59:21","slug":"aquarelle-fermette-dans-la-neige-pierre-chariot","status":"publish","type":"product","link":"https:\/\/legrenierdelatour.be\/brocante\/produit\/aquarelle-fermette-dans-la-neige-pierre-chariot\/","title":{"rendered":"Aquarelle \u00ab\u00a0Fermette dans la Neige\u00a0\u00bb, Pierre Chariot"},"content":{"rendered":"<p>Belle aquarelle (43&#215;35 cm cadre compris), repr\u00e9sentant une \u00ab\u00a0Fermette dans la Neige\u00a0\u00bb . Elle est sign\u00e9e P. Chariot en bas \u00e0 droite. Elle est \u00e9galement contre-sign\u00e9e. Artiste belge n\u00e9 en 1929 \u00e0 Saint Mard, Pierre Chariot peint des aquarelles l\u00e9g\u00e8res qui ont \u00e9t\u00e9 expos\u00e9es de nombreuses fois. Il a obtenu de nombreux prix et a enseign\u00e9 l\u2019aquarelle dans son atelier de Bruxelles. El\u00e8ve de Nestor Outer, il sera toujours attir\u00e9 par sa Gaume natale.<\/p>\n<div>R\u00e9f 47.45<\/div>\n","protected":false},"excerpt":{"rendered":"<p>Belle aquarelle (43&#215;35 cm cadre compris), repr\u00e9sentant une \u00ab\u00a0Fermette dans la Neige\u00a0\u00bb . Elle est sign\u00e9e P. Chariot en bas \u00e0 droite. Elle est \u00e9galement contre-sign\u00e9e. Artiste belge n\u00e9 en 1929 \u00e0 Saint Mard, Pierre Chariot peint des aquarelles l\u00e9g\u00e8res qui ont \u00e9t\u00e9 expos\u00e9es de nombreuses fois. Il a obtenu de nombreux prix et a&hellip;&nbsp;<a href=\"https:\/\/legrenierdelatour.be\/brocante\/produit\/aquarelle-fermette-dans-la-neige-pierre-chariot\/\" class=\"\" rel=\"bookmark\">Lire la suite &raquo;<span class=\"screen-reader-text\">Aquarelle \u00ab\u00a0Fermette dans la Neige\u00a0\u00bb, Pierre Chariot<\/span><\/a><\/p>\n","protected":false},"featured_media":11875,"comment_status":"open","ping_status":"closed","template":"","meta":{"neve_meta_sidebar":"","neve_meta_container":"","neve_meta_enable_content_width":"off","neve_meta_content_width":100,"neve_meta_title_alignment":"","neve_meta_author_avatar":"","neve_post_elements_order":"","neve_meta_disable_header":"","neve_meta_disable_footer":"","neve_meta_disable_title":""},"product_brand":[],"product_cat":[31,167],"product_tag":[],"class_list":{"0":"post-11874","1":"product","2":"type-product","3":"status-publish","4":"has-post-thumbnail","6":"product_cat-pays-darlon","7":"product_cat-peintures-et-sculptures","9":"first","10":"instock","11":"shipping-taxable","12":"purchasable","13":"product-type-simple"},"_links":{"self":[{"href":"https:\/\/legrenierdelatour.be\/brocante\/wp-json\/wp\/v2\/product\/11874","targetHints":{"allow":["GET"]}}],"collection":[{"href":"https:\/\/legrenierdelatour.be\/brocante\/wp-json\/wp\/v2\/product"}],"about":[{"href":"https:\/\/legrenierdelatour.be\/brocante\/wp-json\/wp\/v2\/types\/product"}],"replies":[{"embeddable":true,"href":"https:\/\/legrenierdelatour.be\/brocante\/wp-json\/wp\/v2\/comments?post=11874"}],"wp:featuredmedia":[{"embeddable":true,"href":"https:\/\/legrenierdelatour.be\/brocante\/wp-json\/wp\/v2\/media\/11875"}],"wp:attachment":[{"href":"https:\/\/legrenierdelatour.be\/brocante\/wp-json\/wp\/v2\/media?parent=11874"}],"wp:term":[{"taxonomy":"product_brand","embeddable":true,"href":"https:\/\/legrenierdelatour.be\/brocante\/wp-json\/wp\/v2\/product_brand?post=11874"},{"taxonomy":"product_cat","embeddable":true,"href":"https:\/\/legrenierdelatour.be\/brocante\/wp-json\/wp\/v2\/product_cat?post=11874"},{"taxonomy":"product_tag","embeddable":true,"href":"https:\/\/legrenierdelatour.be\/brocante\/wp-json\/wp\/v2\/product_tag?post=11874"}],"curies":[{"name":"wp","href":"https:\/\/api.w.org\/{rel}","templated":true}]}}