{"id":11852,"date":"2025-11-18T17:05:11","date_gmt":"2025-11-18T16:05:11","guid":{"rendered":"https:\/\/legrenierdelatour.be\/brocante\/?post_type=product&#038;p=11852"},"modified":"2025-11-18T17:05:11","modified_gmt":"2025-11-18T16:05:11","slug":"grande-fontaine-sirene-vallauris","status":"publish","type":"product","link":"https:\/\/legrenierdelatour.be\/brocante\/produit\/grande-fontaine-sirene-vallauris\/","title":{"rendered":"Grande fontaine \u00ab\u00a0Sir\u00e8ne\u00a0\u00bb, Vallauris"},"content":{"rendered":"<p>Belle grande fontaine (cm de haut) en c\u00e9ramique \u00e9maill\u00e9e polychrome, provenant de Vallauris, haut lieu de la c\u00e9ramique artistique fran\u00e7aise du 20\u00e8 si\u00e8cle. Elle repr\u00e9sente une sir\u00e8ne assise tenant une amphore d\u2019o\u00f9 jaillit l\u2019eau, surmontant un large bassin en forme de coquillage sur un pi\u00e9destal. Elle date des ann\u00e9es 1970 et est en parfait \u00e9tat (si ce n\u2019est un d\u00e9p\u00f4t de calcaire dans la cuvette).<\/p>\n<div>R\u00e9f 47.22<\/div>\n<div><\/div>\n<div>Photo d&rsquo;ensemble de Momo Dut<\/div>\n","protected":false},"excerpt":{"rendered":"<p>Belle grande fontaine (cm de haut) en c\u00e9ramique \u00e9maill\u00e9e polychrome, provenant de Vallauris, haut lieu de la c\u00e9ramique artistique fran\u00e7aise du 20\u00e8 si\u00e8cle. Elle repr\u00e9sente une sir\u00e8ne assise tenant une amphore d\u2019o\u00f9 jaillit l\u2019eau, surmontant un large bassin en forme de coquillage sur un pi\u00e9destal. Elle date des ann\u00e9es 1970 et est en parfait \u00e9tat&hellip;&nbsp;<a href=\"https:\/\/legrenierdelatour.be\/brocante\/produit\/grande-fontaine-sirene-vallauris\/\" class=\"\" rel=\"bookmark\">Lire la suite &raquo;<span class=\"screen-reader-text\">Grande fontaine \u00ab\u00a0Sir\u00e8ne\u00a0\u00bb, Vallauris<\/span><\/a><\/p>\n","protected":false},"featured_media":11854,"comment_status":"open","ping_status":"closed","template":"","meta":{"neve_meta_sidebar":"","neve_meta_container":"","neve_meta_enable_content_width":"off","neve_meta_content_width":100,"neve_meta_title_alignment":"","neve_meta_author_avatar":"","neve_post_elements_order":"","neve_meta_disable_header":"","neve_meta_disable_footer":"","neve_meta_disable_title":""},"product_brand":[],"product_cat":[16,59,171,94],"product_tag":[],"class_list":{"0":"post-11852","1":"product","2":"type-product","3":"status-publish","4":"has-post-thumbnail","6":"product_cat-ceramique","7":"product_cat-france","8":"product_cat-jeux-et-jardin","9":"product_cat-vallauris","11":"first","12":"instock","13":"shipping-taxable","14":"purchasable","15":"product-type-simple"},"_links":{"self":[{"href":"https:\/\/legrenierdelatour.be\/brocante\/wp-json\/wp\/v2\/product\/11852","targetHints":{"allow":["GET"]}}],"collection":[{"href":"https:\/\/legrenierdelatour.be\/brocante\/wp-json\/wp\/v2\/product"}],"about":[{"href":"https:\/\/legrenierdelatour.be\/brocante\/wp-json\/wp\/v2\/types\/product"}],"replies":[{"embeddable":true,"href":"https:\/\/legrenierdelatour.be\/brocante\/wp-json\/wp\/v2\/comments?post=11852"}],"wp:featuredmedia":[{"embeddable":true,"href":"https:\/\/legrenierdelatour.be\/brocante\/wp-json\/wp\/v2\/media\/11854"}],"wp:attachment":[{"href":"https:\/\/legrenierdelatour.be\/brocante\/wp-json\/wp\/v2\/media?parent=11852"}],"wp:term":[{"taxonomy":"product_brand","embeddable":true,"href":"https:\/\/legrenierdelatour.be\/brocante\/wp-json\/wp\/v2\/product_brand?post=11852"},{"taxonomy":"product_cat","embeddable":true,"href":"https:\/\/legrenierdelatour.be\/brocante\/wp-json\/wp\/v2\/product_cat?post=11852"},{"taxonomy":"product_tag","embeddable":true,"href":"https:\/\/legrenierdelatour.be\/brocante\/wp-json\/wp\/v2\/product_tag?post=11852"}],"curies":[{"name":"wp","href":"https:\/\/api.w.org\/{rel}","templated":true}]}}